{"id":15965,"date":"2022-06-10T21:58:05","date_gmt":"2022-06-10T21:58:05","guid":{"rendered":"https:\/\/gifex.com\/fr\/?post_type=ficha&#038;p=15965"},"modified":"2024-10-19T22:39:34","modified_gmt":"2024-10-19T22:39:34","slug":"carte-physique-du-departement-du-tarn","status":"publish","type":"ficha","link":"https:\/\/gifex.com\/fr\/fichier\/carte-physique-du-departement-du-tarn\/","title":{"rendered":"Carte physique du d\u00e9partement du Tarn"},"content":{"rendered":"<p style=\"text-align: center;\"><label style=\"font-size: 15px;\">Carte physique du d\u00e9partement du Tarn <a href=\"https:\/\/gifex.com\/fr\/wp-content\/uploads\/15965\/Carte-physique-du-departement-du-Tarn.pdf\" target=\"_blank\" rel=\"noopener\">(format pdf)<\/a>.<\/label><\/p>\n<p><strong>G\u00e9ographie du Tarn<\/strong><\/p>\n<p>La topographie du d\u00e9partement prend la forme d&#8217;un amphith\u00e9\u00e2tre ouvert vers l&#8217;ouest. Le Puech de Montgrand, avec 1 270 m, est le point culminant sur la commune de Lacaune et la partie la plus basse est sur la commune de Saint-Sulpice, \u00e0 95 m.<\/p>\n<figure id=\"attachment_15966\" aria-describedby=\"caption-attachment-15966\" style=\"width: 360px\" class=\"wp-caption alignright\"><a href=\"https:\/\/gifex.com\/fr\/wp-content\/uploads\/15965\/Carte-topographique-du-Tarn.png\" target=\"_blank\" rel=\"noopener\"><img fetchpriority=\"high\" decoding=\"async\" class=\"wp-image-15966\" title=\"Carte topographique du Tarn.\" src=\"https:\/\/gifex.com\/fr\/wp-content\/uploads\/15965\/Carte-topographique-du-Tarn-300x231.png\" alt=\"Carte topographique du Tarn.\" width=\"360\" height=\"278\" srcset=\"https:\/\/gifex.com\/fr\/wp-content\/uploads\/15965\/Carte-topographique-du-Tarn-300x231.png 300w, https:\/\/gifex.com\/fr\/wp-content\/uploads\/15965\/Carte-topographique-du-Tarn-1024x790.png 1024w, https:\/\/gifex.com\/fr\/wp-content\/uploads\/15965\/Carte-topographique-du-Tarn-768x592.png 768w, https:\/\/gifex.com\/fr\/wp-content\/uploads\/15965\/Carte-topographique-du-Tarn-1536x1184.png 1536w, https:\/\/gifex.com\/fr\/wp-content\/uploads\/15965\/Carte-topographique-du-Tarn-2048x1579.png 2048w, https:\/\/gifex.com\/fr\/wp-content\/uploads\/15965\/Carte-topographique-du-Tarn-1600x1234.png 1600w\" sizes=\"(max-width: 360px) 100vw, 360px\" \/><\/a><figcaption id=\"caption-attachment-15966\" class=\"wp-caption-text\"><label style=\"font-size: 15px;\">Carte topographique du Tarn.<\/label><\/figcaption><\/figure>\n<p>La partie sud-est du d\u00e9partement est la plus \u00e9lev\u00e9e. Au sud, la montagne Noire pr\u00e9sente une ligne continue abrupte qui s\u00e9pare le Tarn de l&#8217;Aude. Elle atteint 1 211 m au pic de Nore. \u00c0 l&#8217;est, le relief descend r\u00e9guli\u00e8rement des monts de Lacaune, plateau montagnard vers le S\u00e9gala, zone vallonn\u00e9e et la rivi\u00e8re Viaur qui le coupe du S\u00e9gala aveyronnais. Au nord-ouest, la for\u00eat de Gr\u00e9signe occupe un point haut \u00e0 523 m\u00e8tres \u00e0 l&#8217;arbre de la Plane, proche d&#8217;un plateau calcaire qui constitue la pointe sud-est des causses du Quercy.<\/p>\n<p>Au centre, \u00e0 l&#8217;ouest et au sud-ouest, le relief est moins marqu\u00e9 : les pentes se succ\u00e8dent entre des cuestas et falaises abruptes ou des collines au relief plus doux, dans une roche tendre model\u00e9e par l&#8217;\u00e9rosion. Ce paysage est creus\u00e9 de larges plaines alluviales de part et d&#8217;autre des rivi\u00e8res Tarn, Agout et Dadou. La largeur de la vall\u00e9e du Tarn atteint 10 kilom\u00e8tres pr\u00e8s de Gaillac.<\/p>\n","protected":false},"excerpt":{"rendered":"<p>G\u00e9ographie du Tarn. La topographie du d\u00e9partement prend la forme d&#8217;un amphith\u00e9\u00e2tre ouvert vers l&#8217;ouest. Le Puech de Montgrand, avec 1 270 m, est le point &#8230;<\/p>\n","protected":false},"author":1,"featured_media":52642,"template":"","categoria_ficha":[1864],"class_list":["post-15965","ficha","type-ficha","status-publish","has-post-thumbnail","hentry","categoria_ficha-cartes-du-departement-du-tarn"],"acf":[],"_links":{"self":[{"href":"https:\/\/gifex.com\/fr\/wp-json\/wp\/v2\/ficha\/15965","targetHints":{"allow":["GET"]}}],"collection":[{"href":"https:\/\/gifex.com\/fr\/wp-json\/wp\/v2\/ficha"}],"about":[{"href":"https:\/\/gifex.com\/fr\/wp-json\/wp\/v2\/types\/ficha"}],"author":[{"embeddable":true,"href":"https:\/\/gifex.com\/fr\/wp-json\/wp\/v2\/users\/1"}],"version-history":[{"count":4,"href":"https:\/\/gifex.com\/fr\/wp-json\/wp\/v2\/ficha\/15965\/revisions"}],"predecessor-version":[{"id":52643,"href":"https:\/\/gifex.com\/fr\/wp-json\/wp\/v2\/ficha\/15965\/revisions\/52643"}],"wp:featuredmedia":[{"embeddable":true,"href":"https:\/\/gifex.com\/fr\/wp-json\/wp\/v2\/media\/52642"}],"wp:attachment":[{"href":"https:\/\/gifex.com\/fr\/wp-json\/wp\/v2\/media?parent=15965"}],"wp:term":[{"taxonomy":"categoria_ficha","embeddable":true,"href":"https:\/\/gifex.com\/fr\/wp-json\/wp\/v2\/categoria_ficha?post=15965"}],"curies":[{"name":"wp","href":"https:\/\/api.w.org\/{rel}","templated":true}]}}

Carte physique du département du Tarn

<p style="text-align: center;"><label style="font-size: 15px;">Carte physique du département du Tarn <a href="https://gifex.com/fr/wp-content/uploads/15965/Carte-physique-du-departement-du-Tarn.pdf" target="_blank" rel="noopener">(format pdf)</a>.</label></p>
<p><strong>Géographie du Tarn</strong></p>
<p>La topographie du département prend la forme d&#8217;un amphithéâtre ouvert vers l&#8217;ouest. Le Puech de Montgrand, avec 1 270 m, est le point culminant sur la commune de Lacaune et la partie la plus basse est sur la commune de Saint-Sulpice, à 95 m.</p>
<figure id="attachment_15966" aria-describedby="caption-attachment-15966" style="width: 360px" class="wp-caption alignright"><a href="https://gifex.com/fr/wp-content/uploads/15965/Carte-topographique-du-Tarn.png" target="_blank" rel="noopener"><img fetchpriority="high" decoding="async" class="wp-image-15966" title="Carte topographique du Tarn." src="https://gifex.com/fr/wp-content/uploads/15965/Carte-topographique-du-Tarn-300x231.png" alt="Carte topographique du Tarn." width="360" height="278" srcset="https://gifex.com/fr/wp-content/uploads/15965/Carte-topographique-du-Tarn-300x231.png 300w, https://gifex.com/fr/wp-content/uploads/15965/Carte-topographique-du-Tarn-1024x790.png 1024w, https://gifex.com/fr/wp-content/uploads/15965/Carte-topographique-du-Tarn-768x592.png 768w, https://gifex.com/fr/wp-content/uploads/15965/Carte-topographique-du-Tarn-1536x1184.png 1536w, https://gifex.com/fr/wp-content/uploads/15965/Carte-topographique-du-Tarn-2048x1579.png 2048w, https://gifex.com/fr/wp-content/uploads/15965/Carte-topographique-du-Tarn-1600x1234.png 1600w" sizes="(max-width: 360px) 100vw, 360px" /></a><figcaption id="caption-attachment-15966" class="wp-caption-text"><label style="font-size: 15px;">Carte topographique du Tarn.</label></figcaption></figure>
<p>La partie sud-est du département est la plus élevée. Au sud, la montagne Noire présente une ligne continue abrupte qui sépare le Tarn de l&#8217;Aude. Elle atteint 1 211 m au pic de Nore. À l&#8217;est, le relief descend régulièrement des monts de Lacaune, plateau montagnard vers le Ségala, zone vallonnée et la rivière Viaur qui le coupe du Ségala aveyronnais. Au nord-ouest, la forêt de Grésigne occupe un point haut à 523 mètres à l&#8217;arbre de la Plane, proche d&#8217;un plateau calcaire qui constitue la pointe sud-est des causses du Quercy.</p>
<p>Au centre, à l&#8217;ouest et au sud-ouest, le relief est moins marqué : les pentes se succèdent entre des cuestas et falaises abruptes ou des collines au relief plus doux, dans une roche tendre modelée par l&#8217;érosion. Ce paysage est creusé de larges plaines alluviales de part et d&#8217;autre des rivières Tarn, Agout et Dadou. La largeur de la vallée du Tarn atteint 10 kilomètres près de Gaillac.</p>

<p>Géographie du Tarn. La topographie du département prend la forme d&#8217;un amphithéâtre ouvert vers l&#8217;ouest. Le Puech de Montgrand, avec 1 270 m, est le point &#8230;</p>
