{"id":15724,"date":"2022-06-09T18:20:33","date_gmt":"2022-06-09T18:20:33","guid":{"rendered":"https:\/\/gifex.com\/fr\/?post_type=ficha&#038;p=15724"},"modified":"2023-03-25T14:22:56","modified_gmt":"2023-03-25T14:22:56","slug":"carte-des-cantons-du-departement-du-gers","status":"publish","type":"ficha","link":"https:\/\/gifex.com\/fr\/fichier\/carte-des-cantons-du-departement-du-gers\/","title":{"rendered":"Carte des cantons du d\u00e9partement du Gers"},"content":{"rendered":"<p style=\"text-align: center;\"><label style=\"font-size: 15px;\">Carte des cantons du d\u00e9partement du Gers.<\/label><\/p>\n<p>Voici les 17 cantons du d\u00e9partement du Gers, en France, suite \u00e0 la r\u00e9organisation cantonale fran\u00e7aise entr\u00e9e en vigueur en mars 2015 :<\/p>\n<div class=\"boxscrl\">\n<table width=\"371\">\n<tbody>\n<tr>\n<td width=\"185\">Adour-Gersoise ;<\/td>\n<td width=\"186\">Gascogne-Auscitaine ;<\/td>\n<\/tr>\n<tr>\n<td>Armagnac-T\u00e9nar\u00e8ze ;<\/td>\n<td>Gimone-Arrats ;<\/td>\n<\/tr>\n<tr>\n<td>Astarac-Gimone ;<\/td>\n<td>Grand-Bas-Armagnac ;<\/td>\n<\/tr>\n<tr>\n<td>Auch-1 ;<\/td>\n<td>L&#8217;Isle-Jourdain ;<\/td>\n<\/tr>\n<tr>\n<td>Auch-2 ;<\/td>\n<td>Lectoure-Lomagne ;<\/td>\n<\/tr>\n<tr>\n<td>Auch-3 ;<\/td>\n<td>Mirande-Astarac ;<\/td>\n<\/tr>\n<tr>\n<td>Ba\u00efse-Armagnac ;<\/td>\n<td>Pardiac-Rivi\u00e8re-Basse ;<\/td>\n<\/tr>\n<tr>\n<td>Fezensac ;<\/td>\n<td>Val de Save<\/td>\n<\/tr>\n<tr>\n<td>Fleurance-Lomagne ;<\/td>\n<td><\/td>\n<\/tr>\n<\/tbody>\n<\/table>\n<\/div>\n","protected":false},"excerpt":{"rendered":"<p>Voici les 17 cantons du d\u00e9partement du Gers, en France, suite \u00e0 la r\u00e9organisation cantonale fran\u00e7aise entr\u00e9e en vigueur en mars 2<\/p>\n","protected":false},"author":1,"featured_media":15725,"template":"","categoria_ficha":[1819],"class_list":["post-15724","ficha","type-ficha","status-publish","has-post-thumbnail","hentry","categoria_ficha-cartes-du-departement-du-gers"],"acf":[],"_links":{"self":[{"href":"https:\/\/gifex.com\/fr\/wp-json\/wp\/v2\/ficha\/15724","targetHints":{"allow":["GET"]}}],"collection":[{"href":"https:\/\/gifex.com\/fr\/wp-json\/wp\/v2\/ficha"}],"about":[{"href":"https:\/\/gifex.com\/fr\/wp-json\/wp\/v2\/types\/ficha"}],"author":[{"embeddable":true,"href":"https:\/\/gifex.com\/fr\/wp-json\/wp\/v2\/users\/1"}],"version-history":[{"count":4,"href":"https:\/\/gifex.com\/fr\/wp-json\/wp\/v2\/ficha\/15724\/revisions"}],"predecessor-version":[{"id":36698,"href":"https:\/\/gifex.com\/fr\/wp-json\/wp\/v2\/ficha\/15724\/revisions\/36698"}],"wp:featuredmedia":[{"embeddable":true,"href":"https:\/\/gifex.com\/fr\/wp-json\/wp\/v2\/media\/15725"}],"wp:attachment":[{"href":"https:\/\/gifex.com\/fr\/wp-json\/wp\/v2\/media?parent=15724"}],"wp:term":[{"taxonomy":"categoria_ficha","embeddable":true,"href":"https:\/\/gifex.com\/fr\/wp-json\/wp\/v2\/categoria_ficha?post=15724"}],"curies":[{"name":"wp","href":"https:\/\/api.w.org\/{rel}","templated":true}]}}

Carte des cantons du département du Gers

<p style="text-align: center;"><label style="font-size: 15px;">Carte des cantons du département du Gers.</label></p>
<p>Voici les 17 cantons du département du Gers, en France, suite à la réorganisation cantonale française entrée en vigueur en mars 2015 :</p>
<div class="boxscrl">
<table width="371">
<tbody>
<tr>
<td width="185">Adour-Gersoise ;</td>
<td width="186">Gascogne-Auscitaine ;</td>
</tr>
<tr>
<td>Armagnac-Ténarèze ;</td>
<td>Gimone-Arrats ;</td>
</tr>
<tr>
<td>Astarac-Gimone ;</td>
<td>Grand-Bas-Armagnac ;</td>
</tr>
<tr>
<td>Auch-1 ;</td>
<td>L&#8217;Isle-Jourdain ;</td>
</tr>
<tr>
<td>Auch-2 ;</td>
<td>Lectoure-Lomagne ;</td>
</tr>
<tr>
<td>Auch-3 ;</td>
<td>Mirande-Astarac ;</td>
</tr>
<tr>
<td>Baïse-Armagnac ;</td>
<td>Pardiac-Rivière-Basse ;</td>
</tr>
<tr>
<td>Fezensac ;</td>
<td>Val de Save</td>
</tr>
<tr>
<td>Fleurance-Lomagne ;</td>
<td></td>
</tr>
</tbody>
</table>
</div>

<p>Voici les 17 cantons du département du Gers, en France, suite à la réorganisation cantonale française entrée en vigueur en mars 2</p>
