{"id":15693,"date":"2022-06-09T15:49:26","date_gmt":"2022-06-09T15:49:26","guid":{"rendered":"https:\/\/gifex.com\/fr\/?post_type=ficha&#038;p=15693"},"modified":"2022-08-19T15:55:44","modified_gmt":"2022-08-19T15:55:44","slug":"carte-hydrographique-du-finistere","status":"publish","type":"ficha","link":"https:\/\/gifex.com\/fr\/fichier\/carte-hydrographique-du-finistere\/","title":{"rendered":"Carte hydrographique du Finist\u00e8re"},"content":{"rendered":"<p style=\"text-align: center;\"><label style=\"font-size: 15px;\">Carte hydrographique du Finist\u00e8re.<\/label><\/p>\n<figure id=\"attachment_15695\" aria-describedby=\"caption-attachment-15695\" style=\"width: 360px\" class=\"wp-caption alignright\"><a href=\"https:\/\/gifex.com\/fr\/wp-content\/uploads\/15693\/L-Aulne-vue-des-hauteurs-de-Landevennec-en-amont-du-cimetiere-de-navires-2009.jpg\" target=\"_blank\" rel=\"noopener\"><img fetchpriority=\"high\" decoding=\"async\" class=\"wp-image-15695\" title=\"L'Aulne vue des hauteurs de Land\u00e9vennec, en amont du cimeti\u00e8re de navires.\" src=\"https:\/\/gifex.com\/fr\/wp-content\/uploads\/15693\/L-Aulne-vue-des-hauteurs-de-Landevennec-en-amont-du-cimetiere-de-navires-2009-300x136.jpg\" alt=\"L'Aulne vue des hauteurs de Land\u00e9vennec, en amont du cimeti\u00e8re de navires.\" width=\"360\" height=\"163\" srcset=\"https:\/\/gifex.com\/fr\/wp-content\/uploads\/15693\/L-Aulne-vue-des-hauteurs-de-Landevennec-en-amont-du-cimetiere-de-navires-2009-300x136.jpg 300w, https:\/\/gifex.com\/fr\/wp-content\/uploads\/15693\/L-Aulne-vue-des-hauteurs-de-Landevennec-en-amont-du-cimetiere-de-navires-2009-1024x464.jpg 1024w, https:\/\/gifex.com\/fr\/wp-content\/uploads\/15693\/L-Aulne-vue-des-hauteurs-de-Landevennec-en-amont-du-cimetiere-de-navires-2009-768x348.jpg 768w, https:\/\/gifex.com\/fr\/wp-content\/uploads\/15693\/L-Aulne-vue-des-hauteurs-de-Landevennec-en-amont-du-cimetiere-de-navires-2009-1536x695.jpg 1536w, https:\/\/gifex.com\/fr\/wp-content\/uploads\/15693\/L-Aulne-vue-des-hauteurs-de-Landevennec-en-amont-du-cimetiere-de-navires-2009-2048x927.jpg 2048w, https:\/\/gifex.com\/fr\/wp-content\/uploads\/15693\/L-Aulne-vue-des-hauteurs-de-Landevennec-en-amont-du-cimetiere-de-navires-2009-1600x724.jpg 1600w\" sizes=\"(max-width: 360px) 100vw, 360px\" \/><\/a><figcaption id=\"caption-attachment-15695\" class=\"wp-caption-text\"><label style=\"font-size: 15px;\">L&#8217;Aulne vue des hauteurs de Land\u00e9vennec, en amont du cimeti\u00e8re de navires.<\/label><\/figcaption><\/figure>\n<p>Le d\u00e9partement du Finist\u00e8re est drain\u00e9 par de nombreux fleuves c\u00f4tiers qu&#8217;alimente un r\u00e9seau dense de petites rivi\u00e8res et de ruisseaux. L&#8217;Aulne, le plus important d&#8217;entre eux, draine une large zone centrale du d\u00e9partement enserr\u00e9e entre les monts d&#8217;Arr\u00e9e au nord et les montagnes Noires au sud, et formant une d\u00e9pression appel\u00e9e commun\u00e9ment le bassin de Ch\u00e2teaulin. Le sud du d\u00e9partement est drain\u00e9 par l&#8217;Ell\u00e9, l&#8217;Aven, le B\u00e9lon, le Moros, l&#8217;Odet, la rivi\u00e8re de Pont-l&#8217;Abb\u00e9 et le Goyen. Le nord du d\u00e9partement est drain\u00e9 par l&#8217;\u00c9lorn, l&#8217;Aber-Beno\u00eet, la Penz\u00e9, le Douron. Ces cours d&#8217;eau, bien que de taille modeste, ont creus\u00e9 de profondes vall\u00e9es. Celles-ci ont \u00e9t\u00e9 envahies dans leur partie basse par la mer \u00e0 la suite de la transgression marine survenue \u00e0 la fin du pl\u00e9istoc\u00e8ne et forment de pittoresques vall\u00e9es maritimes s&#8217;enfon\u00e7ant profond\u00e9ment dans les terres. Dans la r\u00e9gion l\u00e9onarde, on emploie commun\u00e9ment le terme local \u00ab aber \u00bb pour les d\u00e9signer : aber Wrac&#8217;h, aber Beno\u00eet. Il en r\u00e9sulte que la c\u00f4te finist\u00e9rienne est tr\u00e8s d\u00e9coup\u00e9e. La tranche d&#8217;eau \u00e9coul\u00e9e annuellement par les cours d&#8217;eau finist\u00e9riens pr\u00e9sente toujours une valeur \u00e9lev\u00e9e (758 mm par an pour l&#8217;Odet \u00e0 Quimper et 679 mm par an pour l&#8217;\u00c9lorn \u00e0 Plou\u00e9dern) en raison de l&#8217;abondance des pr\u00e9cipitations et de la vigueur des pentes moyennes.<\/p>\n","protected":false},"excerpt":{"rendered":"<p>Le d\u00e9partement du Finist\u00e8re est drain\u00e9 par de nombreux fleuves c\u00f4tiers qu&#8217;alimente un r\u00e9seau dense de pet<\/p>\n","protected":false},"author":1,"featured_media":15696,"template":"","categoria_ficha":[1816],"class_list":["post-15693","ficha","type-ficha","status-publish","has-post-thumbnail","hentry","categoria_ficha-cartes-du-departement-du-finistere"],"acf":[],"_links":{"self":[{"href":"https:\/\/gifex.com\/fr\/wp-json\/wp\/v2\/ficha\/15693","targetHints":{"allow":["GET"]}}],"collection":[{"href":"https:\/\/gifex.com\/fr\/wp-json\/wp\/v2\/ficha"}],"about":[{"href":"https:\/\/gifex.com\/fr\/wp-json\/wp\/v2\/types\/ficha"}],"author":[{"embeddable":true,"href":"https:\/\/gifex.com\/fr\/wp-json\/wp\/v2\/users\/1"}],"version-history":[{"count":4,"href":"https:\/\/gifex.com\/fr\/wp-json\/wp\/v2\/ficha\/15693\/revisions"}],"predecessor-version":[{"id":22311,"href":"https:\/\/gifex.com\/fr\/wp-json\/wp\/v2\/ficha\/15693\/revisions\/22311"}],"wp:featuredmedia":[{"embeddable":true,"href":"https:\/\/gifex.com\/fr\/wp-json\/wp\/v2\/media\/15696"}],"wp:attachment":[{"href":"https:\/\/gifex.com\/fr\/wp-json\/wp\/v2\/media?parent=15693"}],"wp:term":[{"taxonomy":"categoria_ficha","embeddable":true,"href":"https:\/\/gifex.com\/fr\/wp-json\/wp\/v2\/categoria_ficha?post=15693"}],"curies":[{"name":"wp","href":"https:\/\/api.w.org\/{rel}","templated":true}]}}

Carte hydrographique du Finistère

<p style="text-align: center;"><label style="font-size: 15px;">Carte hydrographique du Finistère.</label></p>
<figure id="attachment_15695" aria-describedby="caption-attachment-15695" style="width: 360px" class="wp-caption alignright"><a href="https://gifex.com/fr/wp-content/uploads/15693/L-Aulne-vue-des-hauteurs-de-Landevennec-en-amont-du-cimetiere-de-navires-2009.jpg" target="_blank" rel="noopener"><img fetchpriority="high" decoding="async" class="wp-image-15695" title="L'Aulne vue des hauteurs de Landévennec, en amont du cimetière de navires." src="https://gifex.com/fr/wp-content/uploads/15693/L-Aulne-vue-des-hauteurs-de-Landevennec-en-amont-du-cimetiere-de-navires-2009-300x136.jpg" alt="L'Aulne vue des hauteurs de Landévennec, en amont du cimetière de navires." width="360" height="163" srcset="https://gifex.com/fr/wp-content/uploads/15693/L-Aulne-vue-des-hauteurs-de-Landevennec-en-amont-du-cimetiere-de-navires-2009-300x136.jpg 300w, https://gifex.com/fr/wp-content/uploads/15693/L-Aulne-vue-des-hauteurs-de-Landevennec-en-amont-du-cimetiere-de-navires-2009-1024x464.jpg 1024w, https://gifex.com/fr/wp-content/uploads/15693/L-Aulne-vue-des-hauteurs-de-Landevennec-en-amont-du-cimetiere-de-navires-2009-768x348.jpg 768w, https://gifex.com/fr/wp-content/uploads/15693/L-Aulne-vue-des-hauteurs-de-Landevennec-en-amont-du-cimetiere-de-navires-2009-1536x695.jpg 1536w, https://gifex.com/fr/wp-content/uploads/15693/L-Aulne-vue-des-hauteurs-de-Landevennec-en-amont-du-cimetiere-de-navires-2009-2048x927.jpg 2048w, https://gifex.com/fr/wp-content/uploads/15693/L-Aulne-vue-des-hauteurs-de-Landevennec-en-amont-du-cimetiere-de-navires-2009-1600x724.jpg 1600w" sizes="(max-width: 360px) 100vw, 360px" /></a><figcaption id="caption-attachment-15695" class="wp-caption-text"><label style="font-size: 15px;">L&#8217;Aulne vue des hauteurs de Landévennec, en amont du cimetière de navires.</label></figcaption></figure>
<p>Le département du Finistère est drainé par de nombreux fleuves côtiers qu&#8217;alimente un réseau dense de petites rivières et de ruisseaux. L&#8217;Aulne, le plus important d&#8217;entre eux, draine une large zone centrale du département enserrée entre les monts d&#8217;Arrée au nord et les montagnes Noires au sud, et formant une dépression appelée communément le bassin de Châteaulin. Le sud du département est drainé par l&#8217;Ellé, l&#8217;Aven, le Bélon, le Moros, l&#8217;Odet, la rivière de Pont-l&#8217;Abbé et le Goyen. Le nord du département est drainé par l&#8217;Élorn, l&#8217;Aber-Benoît, la Penzé, le Douron. Ces cours d&#8217;eau, bien que de taille modeste, ont creusé de profondes vallées. Celles-ci ont été envahies dans leur partie basse par la mer à la suite de la transgression marine survenue à la fin du pléistocène et forment de pittoresques vallées maritimes s&#8217;enfonçant profondément dans les terres. Dans la région léonarde, on emploie communément le terme local « aber » pour les désigner : aber Wrac&#8217;h, aber Benoît. Il en résulte que la côte finistérienne est très découpée. La tranche d&#8217;eau écoulée annuellement par les cours d&#8217;eau finistériens présente toujours une valeur élevée (758 mm par an pour l&#8217;Odet à Quimper et 679 mm par an pour l&#8217;Élorn à Plouédern) en raison de l&#8217;abondance des précipitations et de la vigueur des pentes moyennes.</p>

<p>Le département du Finistère est drainé par de nombreux fleuves côtiers qu&#8217;alimente un réseau dense de pet</p>
