{"id":15654,"date":"2022-06-09T12:47:59","date_gmt":"2022-06-09T12:47:59","guid":{"rendered":"https:\/\/gifex.com\/fr\/?post_type=ficha&#038;p=15654"},"modified":"2023-03-25T14:24:19","modified_gmt":"2023-03-25T14:24:19","slug":"carte-des-cantons-du-departement-du-doubs","status":"publish","type":"ficha","link":"https:\/\/gifex.com\/fr\/fichier\/carte-des-cantons-du-departement-du-doubs\/","title":{"rendered":"Carte des cantons du d\u00e9partement du Doubs"},"content":{"rendered":"<p style=\"text-align: center;\"><label style=\"font-size: 15px;\">Carte des cantons du d\u00e9partement du Doubs.<\/label><\/p>\n<p>Voici les 19 cantons du d\u00e9partement du Doubs, en France, suite \u00e0 la r\u00e9organisation cantonale fran\u00e7aise entr\u00e9e en vigueur en mars 2015 :<\/p>\n<div class=\"boxscrl\">\n<table width=\"258\">\n<tbody>\n<tr>\n<td width=\"149\">Audincourt ;<\/td>\n<td width=\"109\">Frasne ;<\/td>\n<\/tr>\n<tr>\n<td>Baume-les-Dames ;<\/td>\n<td>Ma\u00eeche ;<\/td>\n<\/tr>\n<tr>\n<td>Bavans ;<\/td>\n<td>Montb\u00e9liard ;<\/td>\n<\/tr>\n<tr>\n<td>Besan\u00e7on-1 ;<\/td>\n<td>Morteau ;<\/td>\n<\/tr>\n<tr>\n<td>Besan\u00e7on-2 ;<\/td>\n<td>Ornans ;<\/td>\n<\/tr>\n<tr>\n<td>Besan\u00e7on-3 ;<\/td>\n<td>Pontarlier ;<\/td>\n<\/tr>\n<tr>\n<td>Besan\u00e7on-4 ;<\/td>\n<td>Saint-Vit ;<\/td>\n<\/tr>\n<tr>\n<td>Besan\u00e7on-5 ;<\/td>\n<td>Valdahon ;<\/td>\n<\/tr>\n<tr>\n<td>Besan\u00e7on-6 ;<\/td>\n<td>Valentigney<\/td>\n<\/tr>\n<tr>\n<td>Bethoncourt ;<\/td>\n<td><\/td>\n<\/tr>\n<\/tbody>\n<\/table>\n<\/div>\n","protected":false},"excerpt":{"rendered":"<p>Voici les 19 cantons du d\u00e9partement du Doubs, en France, suite \u00e0 la r\u00e9organisation cantonale fran\u00e7aise entr\u00e9e en vigueur en mars 2015 :<\/p>\n","protected":false},"author":1,"featured_media":15655,"template":"","categoria_ficha":[1812],"class_list":["post-15654","ficha","type-ficha","status-publish","has-post-thumbnail","hentry","categoria_ficha-cartes-du-departement-du-doubs"],"acf":[],"_links":{"self":[{"href":"https:\/\/gifex.com\/fr\/wp-json\/wp\/v2\/ficha\/15654","targetHints":{"allow":["GET"]}}],"collection":[{"href":"https:\/\/gifex.com\/fr\/wp-json\/wp\/v2\/ficha"}],"about":[{"href":"https:\/\/gifex.com\/fr\/wp-json\/wp\/v2\/types\/ficha"}],"author":[{"embeddable":true,"href":"https:\/\/gifex.com\/fr\/wp-json\/wp\/v2\/users\/1"}],"version-history":[{"count":4,"href":"https:\/\/gifex.com\/fr\/wp-json\/wp\/v2\/ficha\/15654\/revisions"}],"predecessor-version":[{"id":36708,"href":"https:\/\/gifex.com\/fr\/wp-json\/wp\/v2\/ficha\/15654\/revisions\/36708"}],"wp:featuredmedia":[{"embeddable":true,"href":"https:\/\/gifex.com\/fr\/wp-json\/wp\/v2\/media\/15655"}],"wp:attachment":[{"href":"https:\/\/gifex.com\/fr\/wp-json\/wp\/v2\/media?parent=15654"}],"wp:term":[{"taxonomy":"categoria_ficha","embeddable":true,"href":"https:\/\/gifex.com\/fr\/wp-json\/wp\/v2\/categoria_ficha?post=15654"}],"curies":[{"name":"wp","href":"https:\/\/api.w.org\/{rel}","templated":true}]}}

Carte des cantons du département du Doubs

<p style="text-align: center;"><label style="font-size: 15px;">Carte des cantons du département du Doubs.</label></p>
<p>Voici les 19 cantons du département du Doubs, en France, suite à la réorganisation cantonale française entrée en vigueur en mars 2015 :</p>
<div class="boxscrl">
<table width="258">
<tbody>
<tr>
<td width="149">Audincourt ;</td>
<td width="109">Frasne ;</td>
</tr>
<tr>
<td>Baume-les-Dames ;</td>
<td>Maîche ;</td>
</tr>
<tr>
<td>Bavans ;</td>
<td>Montbéliard ;</td>
</tr>
<tr>
<td>Besançon-1 ;</td>
<td>Morteau ;</td>
</tr>
<tr>
<td>Besançon-2 ;</td>
<td>Ornans ;</td>
</tr>
<tr>
<td>Besançon-3 ;</td>
<td>Pontarlier ;</td>
</tr>
<tr>
<td>Besançon-4 ;</td>
<td>Saint-Vit ;</td>
</tr>
<tr>
<td>Besançon-5 ;</td>
<td>Valdahon ;</td>
</tr>
<tr>
<td>Besançon-6 ;</td>
<td>Valentigney</td>
</tr>
<tr>
<td>Bethoncourt ;</td>
<td></td>
</tr>
</tbody>
</table>
</div>

<p>Voici les 19 cantons du département du Doubs, en France, suite à la réorganisation cantonale française entrée en vigueur en mars 2015 :</p>
