{"id":15520,"date":"2022-06-08T12:06:41","date_gmt":"2022-06-08T12:06:41","guid":{"rendered":"https:\/\/gifex.com\/fr\/?post_type=ficha&#038;p=15520"},"modified":"2023-03-25T14:27:38","modified_gmt":"2023-03-25T14:27:38","slug":"carte-des-cantons-du-departement-des-vosges","status":"publish","type":"ficha","link":"https:\/\/gifex.com\/fr\/fichier\/carte-des-cantons-du-departement-des-vosges\/","title":{"rendered":"Carte des cantons du d\u00e9partement des Vosges"},"content":{"rendered":"<p style=\"text-align: center;\"><label style=\"font-size: 15px;\">Carte des cantons du d\u00e9partement des Vosges.<\/label><\/p>\n<p>Voici les 17 cantons du d\u00e9partement des Vosges, en France, suite \u00e0 la r\u00e9organisation cantonale fran\u00e7aise entr\u00e9e en vigueur en mars 2015 :<\/p>\n<div class=\"boxscrl\">\n<table width=\"358\">\n<tbody>\n<tr>\n<td width=\"175\">La Bresse ;<\/td>\n<td width=\"183\">Neufch\u00e2teau ;<\/td>\n<\/tr>\n<tr>\n<td>Bruy\u00e8res ;<\/td>\n<td>Raon-l&#8217;\u00c9tape ;<\/td>\n<\/tr>\n<tr>\n<td>Charmes ;<\/td>\n<td>Remiremont ;<\/td>\n<\/tr>\n<tr>\n<td>Darney ;<\/td>\n<td>Saint-Di\u00e9-des-Vosges-1 ;<\/td>\n<\/tr>\n<tr>\n<td>\u00c9pinal-1 ;<\/td>\n<td>Saint-Di\u00e9-des-Vosges-2 ;<\/td>\n<\/tr>\n<tr>\n<td>\u00c9pinal-2 ;<\/td>\n<td>Le Thillot ;<\/td>\n<\/tr>\n<tr>\n<td>G\u00e9rardmer ;<\/td>\n<td>Le Val-d&#8217;Ajol ;<\/td>\n<\/tr>\n<tr>\n<td>Golbey ;<\/td>\n<td>Vittel<\/td>\n<\/tr>\n<tr>\n<td>Mirecourt ;<\/td>\n<td><\/td>\n<\/tr>\n<\/tbody>\n<\/table>\n<\/div>\n","protected":false},"excerpt":{"rendered":"<p>Voici les 17 cantons du d\u00e9partement des Vosges, en France, suite \u00e0 la r\u00e9organisation cantonale fran\u00e7aise entr\u00e9e en vigueur en mars 2015 :<\/p>\n","protected":false},"author":1,"featured_media":15521,"template":"","categoria_ficha":[1869],"class_list":["post-15520","ficha","type-ficha","status-publish","has-post-thumbnail","hentry","categoria_ficha-cartes-du-departement-des-vosges"],"acf":[],"_links":{"self":[{"href":"https:\/\/gifex.com\/fr\/wp-json\/wp\/v2\/ficha\/15520","targetHints":{"allow":["GET"]}}],"collection":[{"href":"https:\/\/gifex.com\/fr\/wp-json\/wp\/v2\/ficha"}],"about":[{"href":"https:\/\/gifex.com\/fr\/wp-json\/wp\/v2\/types\/ficha"}],"author":[{"embeddable":true,"href":"https:\/\/gifex.com\/fr\/wp-json\/wp\/v2\/users\/1"}],"version-history":[{"count":4,"href":"https:\/\/gifex.com\/fr\/wp-json\/wp\/v2\/ficha\/15520\/revisions"}],"predecessor-version":[{"id":36720,"href":"https:\/\/gifex.com\/fr\/wp-json\/wp\/v2\/ficha\/15520\/revisions\/36720"}],"wp:featuredmedia":[{"embeddable":true,"href":"https:\/\/gifex.com\/fr\/wp-json\/wp\/v2\/media\/15521"}],"wp:attachment":[{"href":"https:\/\/gifex.com\/fr\/wp-json\/wp\/v2\/media?parent=15520"}],"wp:term":[{"taxonomy":"categoria_ficha","embeddable":true,"href":"https:\/\/gifex.com\/fr\/wp-json\/wp\/v2\/categoria_ficha?post=15520"}],"curies":[{"name":"wp","href":"https:\/\/api.w.org\/{rel}","templated":true}]}}

Carte des cantons du département des Vosges

<p style="text-align: center;"><label style="font-size: 15px;">Carte des cantons du département des Vosges.</label></p>
<p>Voici les 17 cantons du département des Vosges, en France, suite à la réorganisation cantonale française entrée en vigueur en mars 2015 :</p>
<div class="boxscrl">
<table width="358">
<tbody>
<tr>
<td width="175">La Bresse ;</td>
<td width="183">Neufchâteau ;</td>
</tr>
<tr>
<td>Bruyères ;</td>
<td>Raon-l&#8217;Étape ;</td>
</tr>
<tr>
<td>Charmes ;</td>
<td>Remiremont ;</td>
</tr>
<tr>
<td>Darney ;</td>
<td>Saint-Dié-des-Vosges-1 ;</td>
</tr>
<tr>
<td>Épinal-1 ;</td>
<td>Saint-Dié-des-Vosges-2 ;</td>
</tr>
<tr>
<td>Épinal-2 ;</td>
<td>Le Thillot ;</td>
</tr>
<tr>
<td>Gérardmer ;</td>
<td>Le Val-d&#8217;Ajol ;</td>
</tr>
<tr>
<td>Golbey ;</td>
<td>Vittel</td>
</tr>
<tr>
<td>Mirecourt ;</td>
<td></td>
</tr>
</tbody>
</table>
</div>

<p>Voici les 17 cantons du département des Vosges, en France, suite à la réorganisation cantonale française entrée en vigueur en mars 2015 :</p>
