{"id":15501,"date":"2022-06-08T01:12:52","date_gmt":"2022-06-08T01:12:52","guid":{"rendered":"https:\/\/gifex.com\/fr\/?post_type=ficha&#038;p=15501"},"modified":"2023-03-25T14:28:09","modified_gmt":"2023-03-25T14:28:09","slug":"carte-des-cantons-du-departement-des-pyrenees-orientales","status":"publish","type":"ficha","link":"https:\/\/gifex.com\/fr\/fichier\/carte-des-cantons-du-departement-des-pyrenees-orientales\/","title":{"rendered":"Carte des cantons du d\u00e9partement des Pyr\u00e9n\u00e9es-Orientales"},"content":{"rendered":"<p style=\"text-align: center;\"><label style=\"font-size: 15px;\">Carte des cantons du d\u00e9partement des Pyr\u00e9n\u00e9es-Orientales.<\/label><\/p>\n<p>Voici les 17 cantons du d\u00e9partement des Pyr\u00e9n\u00e9es-Orientales, en France, suite \u00e0 la r\u00e9organisation cantonale fran\u00e7aise entr\u00e9e en vigueur en mars 2015 :<\/p>\n<div class=\"boxscrl\">\n<table width=\"338\">\n<tbody>\n<tr>\n<td width=\"157\">Les Aspres ;<\/td>\n<td width=\"181\">Perpignan-5 ;<\/td>\n<\/tr>\n<tr>\n<td>Le Canigou ;<\/td>\n<td>Perpignan-6 ;<\/td>\n<\/tr>\n<tr>\n<td>La C\u00f4te Sableuse ;<\/td>\n<td>La Plaine d&#8217;Illib\u00e9ris ;<\/td>\n<\/tr>\n<tr>\n<td>La C\u00f4te Salanquaise ;<\/td>\n<td>Les Pyr\u00e9n\u00e9es catalanes ;<\/td>\n<\/tr>\n<tr>\n<td>La C\u00f4te Vermeille ;<\/td>\n<td>Le Rib\u00e9ral ;<\/td>\n<\/tr>\n<tr>\n<td>Perpignan-1 ;<\/td>\n<td>La Vall\u00e9e de l&#8217;Agly ;<\/td>\n<\/tr>\n<tr>\n<td>Perpignan-2 ;<\/td>\n<td>La Vall\u00e9e de la T\u00eat ;<\/td>\n<\/tr>\n<tr>\n<td>Perpignan-3 ;<\/td>\n<td>Vallespir-Alb\u00e8res<\/td>\n<\/tr>\n<tr>\n<td>Perpignan-4 ;<\/td>\n<td><\/td>\n<\/tr>\n<\/tbody>\n<\/table>\n<\/div>\n","protected":false},"excerpt":{"rendered":"<p>Voici les 17 cantons du d\u00e9partement des Pyr\u00e9n\u00e9es-Orientales, en France, suite \u00e0 la r\u00e9organisation cantonale fran\u00e7aise entr\u00e9e en vigueur en mars 2015 :<\/p>\n","protected":false},"author":1,"featured_media":15502,"template":"","categoria_ficha":[1853],"class_list":["post-15501","ficha","type-ficha","status-publish","has-post-thumbnail","hentry","categoria_ficha-cartes-du-departement-des-pyrenees-orientales"],"acf":[],"_links":{"self":[{"href":"https:\/\/gifex.com\/fr\/wp-json\/wp\/v2\/ficha\/15501","targetHints":{"allow":["GET"]}}],"collection":[{"href":"https:\/\/gifex.com\/fr\/wp-json\/wp\/v2\/ficha"}],"about":[{"href":"https:\/\/gifex.com\/fr\/wp-json\/wp\/v2\/types\/ficha"}],"author":[{"embeddable":true,"href":"https:\/\/gifex.com\/fr\/wp-json\/wp\/v2\/users\/1"}],"version-history":[{"count":4,"href":"https:\/\/gifex.com\/fr\/wp-json\/wp\/v2\/ficha\/15501\/revisions"}],"predecessor-version":[{"id":36723,"href":"https:\/\/gifex.com\/fr\/wp-json\/wp\/v2\/ficha\/15501\/revisions\/36723"}],"wp:featuredmedia":[{"embeddable":true,"href":"https:\/\/gifex.com\/fr\/wp-json\/wp\/v2\/media\/15502"}],"wp:attachment":[{"href":"https:\/\/gifex.com\/fr\/wp-json\/wp\/v2\/media?parent=15501"}],"wp:term":[{"taxonomy":"categoria_ficha","embeddable":true,"href":"https:\/\/gifex.com\/fr\/wp-json\/wp\/v2\/categoria_ficha?post=15501"}],"curies":[{"name":"wp","href":"https:\/\/api.w.org\/{rel}","templated":true}]}}

Carte des cantons du département des Pyrénées-Orientales

<p style="text-align: center;"><label style="font-size: 15px;">Carte des cantons du département des Pyrénées-Orientales.</label></p>
<p>Voici les 17 cantons du département des Pyrénées-Orientales, en France, suite à la réorganisation cantonale française entrée en vigueur en mars 2015 :</p>
<div class="boxscrl">
<table width="338">
<tbody>
<tr>
<td width="157">Les Aspres ;</td>
<td width="181">Perpignan-5 ;</td>
</tr>
<tr>
<td>Le Canigou ;</td>
<td>Perpignan-6 ;</td>
</tr>
<tr>
<td>La Côte Sableuse ;</td>
<td>La Plaine d&#8217;Illibéris ;</td>
</tr>
<tr>
<td>La Côte Salanquaise ;</td>
<td>Les Pyrénées catalanes ;</td>
</tr>
<tr>
<td>La Côte Vermeille ;</td>
<td>Le Ribéral ;</td>
</tr>
<tr>
<td>Perpignan-1 ;</td>
<td>La Vallée de l&#8217;Agly ;</td>
</tr>
<tr>
<td>Perpignan-2 ;</td>
<td>La Vallée de la Têt ;</td>
</tr>
<tr>
<td>Perpignan-3 ;</td>
<td>Vallespir-Albères</td>
</tr>
<tr>
<td>Perpignan-4 ;</td>
<td></td>
</tr>
</tbody>
</table>
</div>

<p>Voici les 17 cantons du département des Pyrénées-Orientales, en France, suite à la réorganisation cantonale française entrée en vigueur en mars 2015 :</p>
