{"id":15472,"date":"2022-06-07T22:22:54","date_gmt":"2022-06-07T22:22:54","guid":{"rendered":"https:\/\/gifex.com\/fr\/?post_type=ficha&#038;p=15472"},"modified":"2023-03-25T14:30:55","modified_gmt":"2023-03-25T14:30:55","slug":"la-langue-basque-dans-les-pyrenees-atlantiques","status":"publish","type":"ficha","link":"https:\/\/gifex.com\/fr\/fichier\/la-langue-basque-dans-les-pyrenees-atlantiques\/","title":{"rendered":"La langue basque dans les Pyr\u00e9n\u00e9es-Atlantiques"},"content":{"rendered":"<p style=\"text-align: center;\"><label style=\"font-size: 15px;\">Carte montrant la langue basque dans les Pyr\u00e9n\u00e9es-Atlantiques au cours de l&#8217;histoire.<\/label><\/p>\n<p>La langue basque est parl\u00e9e dans les Pyr\u00e9n\u00e9es-Atlantiques dans ses variantes dialectales navarro-labourdine et souletine.<\/p>\n<p>On la retrouve principalement dans les trois provinces basques de France que sont le Labourd, la Basse-Navarre et la Soule, ainsi que dans la commune d&#8217;Esquiule rattach\u00e9e \u00e0 la communaut\u00e9 de communes du pi\u00e9mont oloronais ainsi qu&#8217;au B\u00e9arn.<\/p>\n<p>La langue basque est enseign\u00e9e \u00e0 ce jour dans l&#8217;enseignement public et l&#8217;enseignement catholique priv\u00e9 sous contrat d&#8217;association via les syst\u00e8mes bilingue et immersif. Des \u00e9coles priv\u00e9es associatives, les ikastolas, proposent quant \u00e0 elles un enseignement immersif total.<\/p>\n","protected":false},"excerpt":{"rendered":"<p>Carte montrant la langue basque dans les Pyr\u00e9n\u00e9es-Atlantiques au cours de l&#8217;histoire. La langue basque est parl\u00e9e dans les Pyr\u00e9n\u00e9es-Atlantiques dans ses variantes dialectales navarro-labourdine et souletine. On la retrouve principalement dans les trois provinces basques de France que sont le Labourd, la Basse-Navarre et la Soule, ainsi que dans la commune d&#8217;Esquiule rattach\u00e9e \u00e0 [&hellip;]<\/p>\n","protected":false},"author":1,"featured_media":15474,"template":"","categoria_ficha":[1852],"class_list":["post-15472","ficha","type-ficha","status-publish","has-post-thumbnail","hentry","categoria_ficha-cartes-du-departement-des-pyrenees-atlantiques"],"acf":[],"_links":{"self":[{"href":"https:\/\/gifex.com\/fr\/wp-json\/wp\/v2\/ficha\/15472","targetHints":{"allow":["GET"]}}],"collection":[{"href":"https:\/\/gifex.com\/fr\/wp-json\/wp\/v2\/ficha"}],"about":[{"href":"https:\/\/gifex.com\/fr\/wp-json\/wp\/v2\/types\/ficha"}],"author":[{"embeddable":true,"href":"https:\/\/gifex.com\/fr\/wp-json\/wp\/v2\/users\/1"}],"version-history":[{"count":4,"href":"https:\/\/gifex.com\/fr\/wp-json\/wp\/v2\/ficha\/15472\/revisions"}],"predecessor-version":[{"id":36725,"href":"https:\/\/gifex.com\/fr\/wp-json\/wp\/v2\/ficha\/15472\/revisions\/36725"}],"wp:featuredmedia":[{"embeddable":true,"href":"https:\/\/gifex.com\/fr\/wp-json\/wp\/v2\/media\/15474"}],"wp:attachment":[{"href":"https:\/\/gifex.com\/fr\/wp-json\/wp\/v2\/media?parent=15472"}],"wp:term":[{"taxonomy":"categoria_ficha","embeddable":true,"href":"https:\/\/gifex.com\/fr\/wp-json\/wp\/v2\/categoria_ficha?post=15472"}],"curies":[{"name":"wp","href":"https:\/\/api.w.org\/{rel}","templated":true}]}}

La langue basque dans les Pyrénées-Atlantiques

<p style="text-align: center;"><label style="font-size: 15px;">Carte montrant la langue basque dans les Pyrénées-Atlantiques au cours de l&#8217;histoire.</label></p>
<p>La langue basque est parlée dans les Pyrénées-Atlantiques dans ses variantes dialectales navarro-labourdine et souletine.</p>
<p>On la retrouve principalement dans les trois provinces basques de France que sont le Labourd, la Basse-Navarre et la Soule, ainsi que dans la commune d&#8217;Esquiule rattachée à la communauté de communes du piémont oloronais ainsi qu&#8217;au Béarn.</p>
<p>La langue basque est enseignée à ce jour dans l&#8217;enseignement public et l&#8217;enseignement catholique privé sous contrat d&#8217;association via les systèmes bilingue et immersif. Des écoles privées associatives, les ikastolas, proposent quant à elles un enseignement immersif total.</p>

<p>Carte montrant la langue basque dans les Pyrénées-Atlantiques au cours de l&#8217;histoire. La langue basque est parlée dans les Pyrénées-Atlantiques dans ses variantes dialectales navarro-labourdine et souletine. On la retrouve principalement dans les trois provinces basques de France que sont le Labourd, la Basse-Navarre et la Soule, ainsi que dans la commune d&#8217;Esquiule rattachée à [&hellip;]</p>
