{"id":15316,"date":"2022-06-06T20:04:52","date_gmt":"2022-06-06T20:04:52","guid":{"rendered":"https:\/\/gifex.com\/fr\/?post_type=ficha&#038;p=15316"},"modified":"2023-03-25T14:35:23","modified_gmt":"2023-03-25T14:35:23","slug":"densite-de-population-par-commune-des-cotes-d-armor","status":"publish","type":"ficha","link":"https:\/\/gifex.com\/fr\/fichier\/densite-de-population-par-commune-des-cotes-d-armor\/","title":{"rendered":"Densit\u00e9 de population par commune des C\u00f4tes-d&#8217;Armor"},"content":{"rendered":"<p><img fetchpriority=\"high\" decoding=\"async\" class=\"alignleft wp-image-15318 size-full\" src=\"https:\/\/gifex.com\/fr\/wp-content\/uploads\/15316\/Carte-de-densite-de-population-par-commune-des-Cotes-d-Armor-en-2007-1.jpg\" alt=\"\" width=\"360\" height=\"182\" srcset=\"https:\/\/gifex.com\/fr\/wp-content\/uploads\/15316\/Carte-de-densite-de-population-par-commune-des-Cotes-d-Armor-en-2007-1.jpg 360w, https:\/\/gifex.com\/fr\/wp-content\/uploads\/15316\/Carte-de-densite-de-population-par-commune-des-Cotes-d-Armor-en-2007-1-300x152.jpg 300w\" sizes=\"(max-width: 360px) 100vw, 360px\" \/><\/p>\n<p style=\"text-align: center;\"><label style=\"font-size: 15px;\">Carte de densit\u00e9 de population par commune des C\u00f4tes-d&#8217;Armor en 2007.<\/label><\/p>\n<p>La densit\u00e9 de population est en augmentation depuis 1968, en coh\u00e9rence avec l&#8217;augmentation de la population. En 2019, la densit\u00e9 \u00e9tait de 87,2 habitants par kilom\u00e8tre carr\u00e9, et est inf\u00e9rieure \u00e0 celle de la France enti\u00e8re qui est de 105,9 hab.\/km\u00b2 pour la m\u00eame ann\u00e9e.<\/p>\n","protected":false},"excerpt":{"rendered":"<p>La densit\u00e9 de population des C\u00f4tes-d&#8217;Armor est en augmentation depuis 1968, en coh\u00e9rence avec l&#8217;augme<\/p>\n","protected":false},"author":1,"featured_media":15319,"template":"","categoria_ficha":[1809],"class_list":["post-15316","ficha","type-ficha","status-publish","has-post-thumbnail","hentry","categoria_ficha-cartes-du-departement-des-cotes-d-armor"],"acf":[],"_links":{"self":[{"href":"https:\/\/gifex.com\/fr\/wp-json\/wp\/v2\/ficha\/15316","targetHints":{"allow":["GET"]}}],"collection":[{"href":"https:\/\/gifex.com\/fr\/wp-json\/wp\/v2\/ficha"}],"about":[{"href":"https:\/\/gifex.com\/fr\/wp-json\/wp\/v2\/types\/ficha"}],"author":[{"embeddable":true,"href":"https:\/\/gifex.com\/fr\/wp-json\/wp\/v2\/users\/1"}],"version-history":[{"count":5,"href":"https:\/\/gifex.com\/fr\/wp-json\/wp\/v2\/ficha\/15316\/revisions"}],"predecessor-version":[{"id":36743,"href":"https:\/\/gifex.com\/fr\/wp-json\/wp\/v2\/ficha\/15316\/revisions\/36743"}],"wp:featuredmedia":[{"embeddable":true,"href":"https:\/\/gifex.com\/fr\/wp-json\/wp\/v2\/media\/15319"}],"wp:attachment":[{"href":"https:\/\/gifex.com\/fr\/wp-json\/wp\/v2\/media?parent=15316"}],"wp:term":[{"taxonomy":"categoria_ficha","embeddable":true,"href":"https:\/\/gifex.com\/fr\/wp-json\/wp\/v2\/categoria_ficha?post=15316"}],"curies":[{"name":"wp","href":"https:\/\/api.w.org\/{rel}","templated":true}]}}

Densité de population par commune des Côtes-d&#8217;Armor

<p><img fetchpriority="high" decoding="async" class="alignleft wp-image-15318 size-full" src="https://gifex.com/fr/wp-content/uploads/15316/Carte-de-densite-de-population-par-commune-des-Cotes-d-Armor-en-2007-1.jpg" alt="" width="360" height="182" srcset="https://gifex.com/fr/wp-content/uploads/15316/Carte-de-densite-de-population-par-commune-des-Cotes-d-Armor-en-2007-1.jpg 360w, https://gifex.com/fr/wp-content/uploads/15316/Carte-de-densite-de-population-par-commune-des-Cotes-d-Armor-en-2007-1-300x152.jpg 300w" sizes="(max-width: 360px) 100vw, 360px" /></p>
<p style="text-align: center;"><label style="font-size: 15px;">Carte de densité de population par commune des Côtes-d&#8217;Armor en 2007.</label></p>
<p>La densité de population est en augmentation depuis 1968, en cohérence avec l&#8217;augmentation de la population. En 2019, la densité était de 87,2 habitants par kilomètre carré, et est inférieure à celle de la France entière qui est de 105,9 hab./km² pour la même année.</p>

<p>La densité de population des Côtes-d&#8217;Armor est en augmentation depuis 1968, en cohérence avec l&#8217;augme</p>
