{"id":15224,"date":"2022-06-06T00:45:32","date_gmt":"2022-06-06T00:45:32","guid":{"rendered":"https:\/\/gifex.com\/fr\/?post_type=ficha&#038;p=15224"},"modified":"2024-11-10T22:43:45","modified_gmt":"2024-11-10T22:43:45","slug":"carte-physique-du-departement-des-alpes-de-haute-provence","status":"publish","type":"ficha","link":"https:\/\/gifex.com\/fr\/fichier\/carte-physique-du-departement-des-alpes-de-haute-provence\/","title":{"rendered":"Carte physique du d\u00e9partement des Alpes-de-Haute-Provence"},"content":{"rendered":"<p style=\"text-align: center;\"><label style=\"font-size: 15px;\">Carte physique du d\u00e9partement des Alpes-de-Haute-Provence <a href=\"https:\/\/gifex.com\/fr\/wp-content\/uploads\/15224\/Carte-physique-du-departement-des-Alpes-de-Haute-Provence.pdf\" target=\"_blank\" rel=\"noopener\">(format pdf)<\/a>.<\/label><\/p>\n<p><strong>G\u00e9ographie des Alpes-de-Haute-Provence<\/strong><\/p>\n<figure id=\"attachment_15225\" aria-describedby=\"caption-attachment-15225\" style=\"width: 360px\" class=\"wp-caption alignright\"><a href=\"https:\/\/gifex.com\/fr\/wp-content\/uploads\/15224\/Carte-topographique-des-Alpes-de-Haute-Provence.png\" target=\"_blank\" rel=\"noopener\"><img fetchpriority=\"high\" decoding=\"async\" class=\"wp-image-15225\" title=\"Carte topographique des Alpes-de-Haute-Provence.\" src=\"https:\/\/gifex.com\/fr\/wp-content\/uploads\/15224\/Carte-topographique-des-Alpes-de-Haute-Provence-300x233.png\" alt=\"Carte topographique des Alpes-de-Haute-Provence.\" width=\"360\" height=\"280\" srcset=\"https:\/\/gifex.com\/fr\/wp-content\/uploads\/15224\/Carte-topographique-des-Alpes-de-Haute-Provence-300x233.png 300w, https:\/\/gifex.com\/fr\/wp-content\/uploads\/15224\/Carte-topographique-des-Alpes-de-Haute-Provence-1024x797.png 1024w, https:\/\/gifex.com\/fr\/wp-content\/uploads\/15224\/Carte-topographique-des-Alpes-de-Haute-Provence-768x598.png 768w, https:\/\/gifex.com\/fr\/wp-content\/uploads\/15224\/Carte-topographique-des-Alpes-de-Haute-Provence-1536x1195.png 1536w, https:\/\/gifex.com\/fr\/wp-content\/uploads\/15224\/Carte-topographique-des-Alpes-de-Haute-Provence-2048x1594.png 2048w, https:\/\/gifex.com\/fr\/wp-content\/uploads\/15224\/Carte-topographique-des-Alpes-de-Haute-Provence-1600x1245.png 1600w\" sizes=\"(max-width: 360px) 100vw, 360px\" \/><\/a><figcaption id=\"caption-attachment-15225\" class=\"wp-caption-text\"><label style=\"font-size: 15px;\">Carte topographique des Alpes-de-Haute-Provence.<\/label><\/figcaption><\/figure>\n<p>Le territoire des Alpes-de-Haute-Provence englobe une aire de plus de 6 920 km\u00b2, ce qui en fait un d\u00e9partement relativement \u00e9tendu. Cette impression d&#8217;\u00e9tendue spatiale est renforc\u00e9e par l&#8217;\u00e9tirement de ce territoire (plus de 140 km dans sa plus grande longueur NE-SW) et par une topographie \u00e0 la configuration chaotique, ce qui place les deux communes les plus \u00e9loign\u00e9es \u00e0 pr\u00e8s de 200 km de distance routi\u00e8re et plus de 3 heures de route. Ce territoire s&#8217;\u00e9tend sur ;<\/p>\n<ul>\n<li>une zone de plateaux calcaires et molassiques dans laquelle la Durance et quelques-uns de ses affluents ont creus\u00e9 des vall\u00e9es ;<\/li>\n<li>l&#8217;extr\u00e9mit\u00e9 sud-est des Baronnies et la montagne de Lure ;<\/li>\n<li>les Pr\u00e9alpes de Sisteron (massif des Monges), de Digne et du Verdon, ainsi qu&#8217;une partie de la vall\u00e9e du Var (ex. Entrevaux).<\/li>\n<li>le massif de la Blanche ;<\/li>\n<li>la haute vall\u00e9e du Verdon ;<\/li>\n<li>toute la vall\u00e9e de l&#8217;Ubaye.<\/li>\n<\/ul>\n","protected":false},"excerpt":{"rendered":"<p>G\u00e9ographie des Alpes-de-Haute-Provence. Le territoire des Alpes-de-Haute-Provence englobe une aire de plus de 6 920 km\u00b2, ce qui en fait un d\u00e9partement &#8230;<\/p>\n","protected":false},"author":1,"featured_media":53979,"template":"","categoria_ficha":[1792],"class_list":["post-15224","ficha","type-ficha","status-publish","has-post-thumbnail","hentry","categoria_ficha-cartes-du-departement-des-alpes-de-haute-provence"],"acf":[],"_links":{"self":[{"href":"https:\/\/gifex.com\/fr\/wp-json\/wp\/v2\/ficha\/15224","targetHints":{"allow":["GET"]}}],"collection":[{"href":"https:\/\/gifex.com\/fr\/wp-json\/wp\/v2\/ficha"}],"about":[{"href":"https:\/\/gifex.com\/fr\/wp-json\/wp\/v2\/types\/ficha"}],"author":[{"embeddable":true,"href":"https:\/\/gifex.com\/fr\/wp-json\/wp\/v2\/users\/1"}],"version-history":[{"count":4,"href":"https:\/\/gifex.com\/fr\/wp-json\/wp\/v2\/ficha\/15224\/revisions"}],"predecessor-version":[{"id":53981,"href":"https:\/\/gifex.com\/fr\/wp-json\/wp\/v2\/ficha\/15224\/revisions\/53981"}],"wp:featuredmedia":[{"embeddable":true,"href":"https:\/\/gifex.com\/fr\/wp-json\/wp\/v2\/media\/53979"}],"wp:attachment":[{"href":"https:\/\/gifex.com\/fr\/wp-json\/wp\/v2\/media?parent=15224"}],"wp:term":[{"taxonomy":"categoria_ficha","embeddable":true,"href":"https:\/\/gifex.com\/fr\/wp-json\/wp\/v2\/categoria_ficha?post=15224"}],"curies":[{"name":"wp","href":"https:\/\/api.w.org\/{rel}","templated":true}]}}

Carte physique du département des Alpes-de-Haute-Provence

<p style="text-align: center;"><label style="font-size: 15px;">Carte physique du département des Alpes-de-Haute-Provence <a href="https://gifex.com/fr/wp-content/uploads/15224/Carte-physique-du-departement-des-Alpes-de-Haute-Provence.pdf" target="_blank" rel="noopener">(format pdf)</a>.</label></p>
<p><strong>Géographie des Alpes-de-Haute-Provence</strong></p>
<figure id="attachment_15225" aria-describedby="caption-attachment-15225" style="width: 360px" class="wp-caption alignright"><a href="https://gifex.com/fr/wp-content/uploads/15224/Carte-topographique-des-Alpes-de-Haute-Provence.png" target="_blank" rel="noopener"><img fetchpriority="high" decoding="async" class="wp-image-15225" title="Carte topographique des Alpes-de-Haute-Provence." src="https://gifex.com/fr/wp-content/uploads/15224/Carte-topographique-des-Alpes-de-Haute-Provence-300x233.png" alt="Carte topographique des Alpes-de-Haute-Provence." width="360" height="280" srcset="https://gifex.com/fr/wp-content/uploads/15224/Carte-topographique-des-Alpes-de-Haute-Provence-300x233.png 300w, https://gifex.com/fr/wp-content/uploads/15224/Carte-topographique-des-Alpes-de-Haute-Provence-1024x797.png 1024w, https://gifex.com/fr/wp-content/uploads/15224/Carte-topographique-des-Alpes-de-Haute-Provence-768x598.png 768w, https://gifex.com/fr/wp-content/uploads/15224/Carte-topographique-des-Alpes-de-Haute-Provence-1536x1195.png 1536w, https://gifex.com/fr/wp-content/uploads/15224/Carte-topographique-des-Alpes-de-Haute-Provence-2048x1594.png 2048w, https://gifex.com/fr/wp-content/uploads/15224/Carte-topographique-des-Alpes-de-Haute-Provence-1600x1245.png 1600w" sizes="(max-width: 360px) 100vw, 360px" /></a><figcaption id="caption-attachment-15225" class="wp-caption-text"><label style="font-size: 15px;">Carte topographique des Alpes-de-Haute-Provence.</label></figcaption></figure>
<p>Le territoire des Alpes-de-Haute-Provence englobe une aire de plus de 6 920 km², ce qui en fait un département relativement étendu. Cette impression d&#8217;étendue spatiale est renforcée par l&#8217;étirement de ce territoire (plus de 140 km dans sa plus grande longueur NE-SW) et par une topographie à la configuration chaotique, ce qui place les deux communes les plus éloignées à près de 200 km de distance routière et plus de 3 heures de route. Ce territoire s&#8217;étend sur ;</p>
<ul>
<li>une zone de plateaux calcaires et molassiques dans laquelle la Durance et quelques-uns de ses affluents ont creusé des vallées ;</li>
<li>l&#8217;extrémité sud-est des Baronnies et la montagne de Lure ;</li>
<li>les Préalpes de Sisteron (massif des Monges), de Digne et du Verdon, ainsi qu&#8217;une partie de la vallée du Var (ex. Entrevaux).</li>
<li>le massif de la Blanche ;</li>
<li>la haute vallée du Verdon ;</li>
<li>toute la vallée de l&#8217;Ubaye.</li>
</ul>

<p>Géographie des Alpes-de-Haute-Provence. Le territoire des Alpes-de-Haute-Provence englobe une aire de plus de 6 920 km², ce qui en fait un département &#8230;</p>
