{"id":14961,"date":"2022-06-03T22:21:24","date_gmt":"2022-06-03T22:21:24","guid":{"rendered":"https:\/\/gifex.com\/fr\/?post_type=ficha&#038;p=14961"},"modified":"2023-03-25T14:45:39","modified_gmt":"2023-03-25T14:45:39","slug":"carte-des-cantons-du-departement-de-la-somme","status":"publish","type":"ficha","link":"https:\/\/gifex.com\/fr\/fichier\/carte-des-cantons-du-departement-de-la-somme\/","title":{"rendered":"Carte des cantons du d\u00e9partement de la Somme"},"content":{"rendered":"<p style=\"text-align: center;\"><label style=\"font-size: 15px;\">Carte des cantons du d\u00e9partement de la Somme.<\/label><\/p>\n<p>Voici les 23 cantons du d\u00e9partement de la Somme, en France, suite \u00e0 la r\u00e9organisation cantonale fran\u00e7aise entr\u00e9e en vigueur en mars 2015 :<\/p>\n<div class=\"boxscrl\">\n<table width=\"364\">\n<tbody>\n<tr>\n<td width=\"179\">Abbeville-1 ;<\/td>\n<td width=\"185\">Corbie ;<\/td>\n<\/tr>\n<tr>\n<td>Abbeville-2 ;<\/td>\n<td>Doullens ;<\/td>\n<\/tr>\n<tr>\n<td>Ailly-sur-Noye ;<\/td>\n<td>Flixecourt ;<\/td>\n<\/tr>\n<tr>\n<td>Ailly-sur-Somme ;<\/td>\n<td>Friville-Escarbotin ;<\/td>\n<\/tr>\n<tr>\n<td>Albert ;<\/td>\n<td>Gamaches ;<\/td>\n<\/tr>\n<tr>\n<td>Amiens-1 ;<\/td>\n<td>Ham ;<\/td>\n<\/tr>\n<tr>\n<td>Amiens-2 ;<\/td>\n<td>Moreuil ;<\/td>\n<\/tr>\n<tr>\n<td>Amiens-3 ;<\/td>\n<td>P\u00e9ronne ;<\/td>\n<\/tr>\n<tr>\n<td>Amiens-4 ;<\/td>\n<td>Poix-de-Picardie ;<\/td>\n<\/tr>\n<tr>\n<td>Amiens-5 ;<\/td>\n<td>Roye ;<\/td>\n<\/tr>\n<tr>\n<td>Amiens-6 ;<\/td>\n<td>Rue<\/td>\n<\/tr>\n<tr>\n<td>Amiens-7 ;<\/td>\n<td><\/td>\n<\/tr>\n<\/tbody>\n<\/table>\n<\/div>\n","protected":false},"excerpt":{"rendered":"<p>Voici les 23 cantons du d\u00e9partement de la Somme, en France, suite \u00e0 la r\u00e9organisation cantonale fran\u00e7aise entr\u00e9e en vigueur en mars 2015 :<\/p>\n","protected":false},"author":1,"featured_media":14963,"template":"","categoria_ficha":[1863],"class_list":["post-14961","ficha","type-ficha","status-publish","has-post-thumbnail","hentry","categoria_ficha-cartes-du-departement-de-la-somme"],"acf":[],"_links":{"self":[{"href":"https:\/\/gifex.com\/fr\/wp-json\/wp\/v2\/ficha\/14961","targetHints":{"allow":["GET"]}}],"collection":[{"href":"https:\/\/gifex.com\/fr\/wp-json\/wp\/v2\/ficha"}],"about":[{"href":"https:\/\/gifex.com\/fr\/wp-json\/wp\/v2\/types\/ficha"}],"author":[{"embeddable":true,"href":"https:\/\/gifex.com\/fr\/wp-json\/wp\/v2\/users\/1"}],"version-history":[{"count":4,"href":"https:\/\/gifex.com\/fr\/wp-json\/wp\/v2\/ficha\/14961\/revisions"}],"predecessor-version":[{"id":36781,"href":"https:\/\/gifex.com\/fr\/wp-json\/wp\/v2\/ficha\/14961\/revisions\/36781"}],"wp:featuredmedia":[{"embeddable":true,"href":"https:\/\/gifex.com\/fr\/wp-json\/wp\/v2\/media\/14963"}],"wp:attachment":[{"href":"https:\/\/gifex.com\/fr\/wp-json\/wp\/v2\/media?parent=14961"}],"wp:term":[{"taxonomy":"categoria_ficha","embeddable":true,"href":"https:\/\/gifex.com\/fr\/wp-json\/wp\/v2\/categoria_ficha?post=14961"}],"curies":[{"name":"wp","href":"https:\/\/api.w.org\/{rel}","templated":true}]}}

Carte des cantons du département de la Somme

<p style="text-align: center;"><label style="font-size: 15px;">Carte des cantons du département de la Somme.</label></p>
<p>Voici les 23 cantons du département de la Somme, en France, suite à la réorganisation cantonale française entrée en vigueur en mars 2015 :</p>
<div class="boxscrl">
<table width="364">
<tbody>
<tr>
<td width="179">Abbeville-1 ;</td>
<td width="185">Corbie ;</td>
</tr>
<tr>
<td>Abbeville-2 ;</td>
<td>Doullens ;</td>
</tr>
<tr>
<td>Ailly-sur-Noye ;</td>
<td>Flixecourt ;</td>
</tr>
<tr>
<td>Ailly-sur-Somme ;</td>
<td>Friville-Escarbotin ;</td>
</tr>
<tr>
<td>Albert ;</td>
<td>Gamaches ;</td>
</tr>
<tr>
<td>Amiens-1 ;</td>
<td>Ham ;</td>
</tr>
<tr>
<td>Amiens-2 ;</td>
<td>Moreuil ;</td>
</tr>
<tr>
<td>Amiens-3 ;</td>
<td>Péronne ;</td>
</tr>
<tr>
<td>Amiens-4 ;</td>
<td>Poix-de-Picardie ;</td>
</tr>
<tr>
<td>Amiens-5 ;</td>
<td>Roye ;</td>
</tr>
<tr>
<td>Amiens-6 ;</td>
<td>Rue</td>
</tr>
<tr>
<td>Amiens-7 ;</td>
<td></td>
</tr>
</tbody>
</table>
</div>

<p>Voici les 23 cantons du département de la Somme, en France, suite à la réorganisation cantonale française entrée en vigueur en mars 2015 :</p>
