{"id":1469,"date":"2022-02-04T00:21:07","date_gmt":"2022-02-04T00:21:07","guid":{"rendered":"https:\/\/gifex.com\/fr\/?post_type=ficha&#038;p=1469"},"modified":"2022-08-08T15:19:22","modified_gmt":"2022-08-08T15:19:22","slug":"image-satellite-du-mont-ararat","status":"publish","type":"ficha","link":"https:\/\/gifex.com\/fr\/fichier\/image-satellite-du-mont-ararat\/","title":{"rendered":"Image satellite du mont Ararat"},"content":{"rendered":"<p>Le <strong>mont Ararat<\/strong> (5 166 m) est le plus grand volcan de Turquie, mais n&#8217;est actuellement pas actif. Il est situ\u00e9 \u00e0 l&#8217;extr\u00eame nord-est de la Turquie, pr\u00e8s des fronti\u00e8res avec l&#8217;Iran et l&#8217;Arm\u00e9nie. Au sud-ouest du pic principal se trouve le Petit Ararat (3\u00a0896 m). Sur le flanc nord-est du Grand Ararat s&#8217;ouvre le gouffre d&#8217;Ahora, une gorge inclin\u00e9e profonde de 1 825 m\u00e8tres par rapport au sommet, o\u00f9 se situait autrefois le village d&#8217;Arguri (pr\u00e9cemment Akori, d\u00e9sormais Ahora) et le couvent de Saint-Jacob, ainsi qu&#8217;une des deux seules sources du massif. Les affirmations de diff\u00e9rents explorateurs d&#8217;avoir trouv\u00e9 des vestiges de l&#8217;arche de No\u00e9 sur le mont Ararat ont conduit \u00e0 la poursuite des exp\u00e9ditions dans la montagne, beaucoup concentrant leurs recherches sur la r\u00e9gion de la gorge. Image satellite du mont Ararat gracieuset\u00e9 de la NASA.<\/p>\n","protected":false},"excerpt":{"rendered":"<p>Le mont Ararat (5 166 m) est le plus grand volcan de Turquie, mais n&#8217;est actuellement pas actif. Il est situ\u00e9 \u00e0 l&#8217;extr\u00eame nord-est de la Turquie, pr\u00e8s des fronti\u00e8res avec l&#8217;Iran et l&#8217;Arm\u00e9nie. Au sud-ouest du pic principal se trouve le Petit Ararat (3&nbsp;896 m). Sur le flanc nord-est du Grand Arara<\/p>\n","protected":false},"author":1,"featured_media":6281,"template":"","categoria_ficha":[187],"class_list":["post-1469","ficha","type-ficha","status-publish","has-post-thumbnail","hentry","categoria_ficha-cartes-de-la-turquie"],"acf":[],"_links":{"self":[{"href":"https:\/\/gifex.com\/fr\/wp-json\/wp\/v2\/ficha\/1469","targetHints":{"allow":["GET"]}}],"collection":[{"href":"https:\/\/gifex.com\/fr\/wp-json\/wp\/v2\/ficha"}],"about":[{"href":"https:\/\/gifex.com\/fr\/wp-json\/wp\/v2\/types\/ficha"}],"author":[{"embeddable":true,"href":"https:\/\/gifex.com\/fr\/wp-json\/wp\/v2\/users\/1"}],"version-history":[{"count":3,"href":"https:\/\/gifex.com\/fr\/wp-json\/wp\/v2\/ficha\/1469\/revisions"}],"predecessor-version":[{"id":19685,"href":"https:\/\/gifex.com\/fr\/wp-json\/wp\/v2\/ficha\/1469\/revisions\/19685"}],"wp:featuredmedia":[{"embeddable":true,"href":"https:\/\/gifex.com\/fr\/wp-json\/wp\/v2\/media\/6281"}],"wp:attachment":[{"href":"https:\/\/gifex.com\/fr\/wp-json\/wp\/v2\/media?parent=1469"}],"wp:term":[{"taxonomy":"categoria_ficha","embeddable":true,"href":"https:\/\/gifex.com\/fr\/wp-json\/wp\/v2\/categoria_ficha?post=1469"}],"curies":[{"name":"wp","href":"https:\/\/api.w.org\/{rel}","templated":true}]}}

<p>Le <strong>mont Ararat</strong> (5 166 m) est le plus grand volcan de Turquie, mais n&#8217;est actuellement pas actif. Il est situé à l&#8217;extrême nord-est de la Turquie, près des frontières avec l&#8217;Iran et l&#8217;Arménie. Au sud-ouest du pic principal se trouve le Petit Ararat (3 896 m). Sur le flanc nord-est du Grand Ararat s&#8217;ouvre le gouffre d&#8217;Ahora, une gorge inclinée profonde de 1 825 mètres par rapport au sommet, où se situait autrefois le village d&#8217;Arguri (précemment Akori, désormais Ahora) et le couvent de Saint-Jacob, ainsi qu&#8217;une des deux seules sources du massif. Les affirmations de différents explorateurs d&#8217;avoir trouvé des vestiges de l&#8217;arche de Noé sur le mont Ararat ont conduit à la poursuite des expéditions dans la montagne, beaucoup concentrant leurs recherches sur la région de la gorge. Image satellite du mont Ararat gracieuseté de la NASA.</p>

<p>Le mont Ararat (5 166 m) est le plus grand volcan de Turquie, mais n&#8217;est actuellement pas actif. Il est situé à l&#8217;extrême nord-est de la Turquie, près des frontières avec l&#8217;Iran et l&#8217;Arménie. Au sud-ouest du pic principal se trouve le Petit Ararat (3&nbsp;896 m). Sur le flanc nord-est du Grand Arara</p>
