{"id":13799,"date":"2022-05-24T01:36:48","date_gmt":"2022-05-24T01:36:48","guid":{"rendered":"https:\/\/gifex.com\/fr\/?post_type=ficha&#038;p=13799"},"modified":"2023-03-25T15:14:54","modified_gmt":"2023-03-25T15:14:54","slug":"carte-des-cantons-du-departement-de-l-ardeche","status":"publish","type":"ficha","link":"https:\/\/gifex.com\/fr\/fichier\/carte-des-cantons-du-departement-de-l-ardeche\/","title":{"rendered":"Carte des cantons du d\u00e9partement de l&#8217;Ard\u00e8che"},"content":{"rendered":"<p style=\"text-align: center;\"><label style=\"font-size: 15px;\">Carte des cantons du d\u00e9partement de l&#8217;Ard\u00e8che.<\/label><\/p>\n<p>Voici les 17 cantons du d\u00e9partement de l&#8217;Ard\u00e8che, en France, suite \u00e0 la r\u00e9organisation cantonale fran\u00e7aise entr\u00e9e en vigueur en mars 2015 :<\/p>\n<div class=\"boxscrl\">\n<table width=\"438\">\n<tbody>\n<tr>\n<td width=\"226\">Annonay-1 ;<\/td>\n<td width=\"212\">Haut-Eyrieux ;<\/td>\n<\/tr>\n<tr>\n<td>Annonay-2 ;<\/td>\n<td>Haut-Vivarais ;<\/td>\n<\/tr>\n<tr>\n<td>Aubenas-1 ;<\/td>\n<td>Le Pouzin ;<\/td>\n<\/tr>\n<tr>\n<td>Aubenas-2 ;<\/td>\n<td>Privas ;<\/td>\n<\/tr>\n<tr>\n<td>Berg-Helvie ;<\/td>\n<td>Rh\u00f4ne-Eyrieux ;<\/td>\n<\/tr>\n<tr>\n<td>Bourg-Saint-And\u00e9ol ;<\/td>\n<td>Sarras ;<\/td>\n<\/tr>\n<tr>\n<td>Les C\u00e9vennes ard\u00e9choises ;<\/td>\n<td>Tournon-sur-Rh\u00f4ne ;<\/td>\n<\/tr>\n<tr>\n<td>Guilherand-Granges ;<\/td>\n<td>Vallon-Pont-d&#8217;Arc<\/td>\n<\/tr>\n<tr>\n<td>Haute-Ard\u00e8che ;<\/td>\n<td><\/td>\n<\/tr>\n<\/tbody>\n<\/table>\n<\/div>\n","protected":false},"excerpt":{"rendered":"<p>Voici les 17 cantons du d\u00e9partement de l&#8217;Ard\u00e8che, en France, suite \u00e0 la r\u00e9organisation cantonale fran\u00e7aise entr\u00e9e en vigueur en mars 2015<\/p>\n","protected":false},"author":1,"featured_media":13800,"template":"","categoria_ficha":[1793],"class_list":["post-13799","ficha","type-ficha","status-publish","has-post-thumbnail","hentry","categoria_ficha-cartes-du-departement-de-l-ardeche"],"acf":[],"_links":{"self":[{"href":"https:\/\/gifex.com\/fr\/wp-json\/wp\/v2\/ficha\/13799","targetHints":{"allow":["GET"]}}],"collection":[{"href":"https:\/\/gifex.com\/fr\/wp-json\/wp\/v2\/ficha"}],"about":[{"href":"https:\/\/gifex.com\/fr\/wp-json\/wp\/v2\/types\/ficha"}],"author":[{"embeddable":true,"href":"https:\/\/gifex.com\/fr\/wp-json\/wp\/v2\/users\/1"}],"version-history":[{"count":4,"href":"https:\/\/gifex.com\/fr\/wp-json\/wp\/v2\/ficha\/13799\/revisions"}],"predecessor-version":[{"id":36879,"href":"https:\/\/gifex.com\/fr\/wp-json\/wp\/v2\/ficha\/13799\/revisions\/36879"}],"wp:featuredmedia":[{"embeddable":true,"href":"https:\/\/gifex.com\/fr\/wp-json\/wp\/v2\/media\/13800"}],"wp:attachment":[{"href":"https:\/\/gifex.com\/fr\/wp-json\/wp\/v2\/media?parent=13799"}],"wp:term":[{"taxonomy":"categoria_ficha","embeddable":true,"href":"https:\/\/gifex.com\/fr\/wp-json\/wp\/v2\/categoria_ficha?post=13799"}],"curies":[{"name":"wp","href":"https:\/\/api.w.org\/{rel}","templated":true}]}}

Carte des cantons du département de l&#8217;Ardèche

<p style="text-align: center;"><label style="font-size: 15px;">Carte des cantons du département de l&#8217;Ardèche.</label></p>
<p>Voici les 17 cantons du département de l&#8217;Ardèche, en France, suite à la réorganisation cantonale française entrée en vigueur en mars 2015 :</p>
<div class="boxscrl">
<table width="438">
<tbody>
<tr>
<td width="226">Annonay-1 ;</td>
<td width="212">Haut-Eyrieux ;</td>
</tr>
<tr>
<td>Annonay-2 ;</td>
<td>Haut-Vivarais ;</td>
</tr>
<tr>
<td>Aubenas-1 ;</td>
<td>Le Pouzin ;</td>
</tr>
<tr>
<td>Aubenas-2 ;</td>
<td>Privas ;</td>
</tr>
<tr>
<td>Berg-Helvie ;</td>
<td>Rhône-Eyrieux ;</td>
</tr>
<tr>
<td>Bourg-Saint-Andéol ;</td>
<td>Sarras ;</td>
</tr>
<tr>
<td>Les Cévennes ardéchoises ;</td>
<td>Tournon-sur-Rhône ;</td>
</tr>
<tr>
<td>Guilherand-Granges ;</td>
<td>Vallon-Pont-d&#8217;Arc</td>
</tr>
<tr>
<td>Haute-Ardèche ;</td>
<td></td>
</tr>
</tbody>
</table>
</div>

<p>Voici les 17 cantons du département de l&#8217;Ardèche, en France, suite à la réorganisation cantonale française entrée en vigueur en mars 2015</p>
