{"id":13785,"date":"2022-05-23T22:43:05","date_gmt":"2022-05-23T22:43:05","guid":{"rendered":"https:\/\/gifex.com\/fr\/?post_type=ficha&#038;p=13785"},"modified":"2023-03-25T15:15:06","modified_gmt":"2023-03-25T15:15:06","slug":"carte-du-departement-de-l-allier-1852","status":"publish","type":"ficha","link":"https:\/\/gifex.com\/fr\/fichier\/carte-du-departement-de-l-allier-1852\/","title":{"rendered":"Carte du d\u00e9partement de l&#8217;Allier 1852"},"content":{"rendered":"<p style=\"text-align: center;\"><label style=\"font-size: 15px;\">Carte du d\u00e9partement de l&#8217;Allier 1852.<\/label><\/p>\n<p>Il s&#8217;agit d&#8217;une fascinante carte de 1852 du d\u00e9partement fran\u00e7ais de l&#8217;Allier, en France. Cette r\u00e9gion de France est connue pour sa production de vin de Saint-Pour\u00e7ain. C&#8217;est aussi l&#8217;un des rares endroits du sud de l&#8217;Europe o\u00f9 l&#8217;ombre des rivi\u00e8res d&#8217;eau douce, connue en fran\u00e7ais sous le nom d&#8217;ombre des rivi\u00e8res, se trouve dans un habitat naturel. L&#8217;ensemble cartographique est entour\u00e9 de gravures d\u00e9coratives \u00e9labor\u00e9es con\u00e7ues pour illustrer \u00e0 la fois la beaut\u00e9 naturelle et la richesse commerciale du territoire. Il y a un bref historique textuel des r\u00e9gions repr\u00e9sent\u00e9es sur les c\u00f4t\u00e9s gauche et droit de la carte.<\/p>\n<p>Atlas National Illustr\u00e9 des 86 Departements et des possessions de la France, des 86 Departements et des Possessions de la France divis\u00e9 par Arrondissements, Cantons et Communes avec la trace de toutes les routes, chemins de fer et canaux, \u00e9dition 1852, Victor Levasseur.<\/p>\n","protected":false},"excerpt":{"rendered":"<p>Il s&#8217;agit d&#8217;une fascinante carte de 1852 du d\u00e9partement fran\u00e7ais de l&#8217;Allier, en France.<\/p>\n","protected":false},"author":1,"featured_media":13786,"template":"","categoria_ficha":[1790],"class_list":["post-13785","ficha","type-ficha","status-publish","has-post-thumbnail","hentry","categoria_ficha-cartes-du-departement-de-l-allier"],"acf":[],"_links":{"self":[{"href":"https:\/\/gifex.com\/fr\/wp-json\/wp\/v2\/ficha\/13785","targetHints":{"allow":["GET"]}}],"collection":[{"href":"https:\/\/gifex.com\/fr\/wp-json\/wp\/v2\/ficha"}],"about":[{"href":"https:\/\/gifex.com\/fr\/wp-json\/wp\/v2\/types\/ficha"}],"author":[{"embeddable":true,"href":"https:\/\/gifex.com\/fr\/wp-json\/wp\/v2\/users\/1"}],"version-history":[{"count":7,"href":"https:\/\/gifex.com\/fr\/wp-json\/wp\/v2\/ficha\/13785\/revisions"}],"predecessor-version":[{"id":36880,"href":"https:\/\/gifex.com\/fr\/wp-json\/wp\/v2\/ficha\/13785\/revisions\/36880"}],"wp:featuredmedia":[{"embeddable":true,"href":"https:\/\/gifex.com\/fr\/wp-json\/wp\/v2\/media\/13786"}],"wp:attachment":[{"href":"https:\/\/gifex.com\/fr\/wp-json\/wp\/v2\/media?parent=13785"}],"wp:term":[{"taxonomy":"categoria_ficha","embeddable":true,"href":"https:\/\/gifex.com\/fr\/wp-json\/wp\/v2\/categoria_ficha?post=13785"}],"curies":[{"name":"wp","href":"https:\/\/api.w.org\/{rel}","templated":true}]}}

Carte du département de l&#8217;Allier 1852

<p style="text-align: center;"><label style="font-size: 15px;">Carte du département de l&#8217;Allier 1852.</label></p>
<p>Il s&#8217;agit d&#8217;une fascinante carte de 1852 du département français de l&#8217;Allier, en France. Cette région de France est connue pour sa production de vin de Saint-Pourçain. C&#8217;est aussi l&#8217;un des rares endroits du sud de l&#8217;Europe où l&#8217;ombre des rivières d&#8217;eau douce, connue en français sous le nom d&#8217;ombre des rivières, se trouve dans un habitat naturel. L&#8217;ensemble cartographique est entouré de gravures décoratives élaborées conçues pour illustrer à la fois la beauté naturelle et la richesse commerciale du territoire. Il y a un bref historique textuel des régions représentées sur les côtés gauche et droit de la carte.</p>
<p>Atlas National Illustré des 86 Departements et des possessions de la France, des 86 Departements et des Possessions de la France divisé par Arrondissements, Cantons et Communes avec la trace de toutes les routes, chemins de fer et canaux, édition 1852, Victor Levasseur.</p>

<p>Il s&#8217;agit d&#8217;une fascinante carte de 1852 du département français de l&#8217;Allier, en France.</p>
