{"id":13772,"date":"2022-05-23T22:04:40","date_gmt":"2022-05-23T22:04:40","guid":{"rendered":"https:\/\/gifex.com\/fr\/?post_type=ficha&#038;p=13772"},"modified":"2023-03-25T15:15:13","modified_gmt":"2023-03-25T15:15:13","slug":"carte-des-cantons-du-departement-de-l-allier","status":"publish","type":"ficha","link":"https:\/\/gifex.com\/fr\/fichier\/carte-des-cantons-du-departement-de-l-allier\/","title":{"rendered":"Carte des cantons du d\u00e9partement de l&#8217;Allier"},"content":{"rendered":"<p style=\"text-align: center;\"><label style=\"font-size: 15px;\">Carte des cantons du d\u00e9partement de l&#8217;Allier.<\/label><\/p>\n<p>Voici les 19 cantons du d\u00e9partement de l&#8217;Allier, en France, suite \u00e0 la r\u00e9organisation cantonale fran\u00e7aise entr\u00e9e en vigueur en mars 2015 :<\/p>\n<div class=\"boxscrl\">\n<table width=\"438\">\n<tbody>\n<tr>\n<td width=\"226\">Bellerive-sur-Allier ;<\/td>\n<td width=\"212\">Montlu\u00e7on-3 ;<\/td>\n<\/tr>\n<tr>\n<td>Bourbon-l&#8217;Archambault ;<\/td>\n<td>Montlu\u00e7on-4 ;<\/td>\n<\/tr>\n<tr>\n<td>Commentry ;<\/td>\n<td>Moulins-1 ;<\/td>\n<\/tr>\n<tr>\n<td>Cusset ;<\/td>\n<td>Moulins-2 ;<\/td>\n<\/tr>\n<tr>\n<td>Dompierre-sur-Besbre ;<\/td>\n<td>Saint-Pour\u00e7ain-sur-Sioule ;<\/td>\n<\/tr>\n<tr>\n<td>Gannat ;<\/td>\n<td>Souvigny ;<\/td>\n<\/tr>\n<tr>\n<td>Huriel ;<\/td>\n<td>Vichy-1 ;<\/td>\n<\/tr>\n<tr>\n<td>Lapalisse ;<\/td>\n<td>Vichy-2 ;<\/td>\n<\/tr>\n<tr>\n<td>Montlu\u00e7on-1 ;<\/td>\n<td>Yzeur<\/td>\n<\/tr>\n<tr>\n<td>Montlu\u00e7on-2 ;<\/td>\n<td><\/td>\n<\/tr>\n<\/tbody>\n<\/table>\n<\/div>\n","protected":false},"excerpt":{"rendered":"<p>Voici les 19 cantons du d\u00e9partement de l&#8217;Allier, en France, suite \u00e0 la r\u00e9organisation cantonale f<\/p>\n","protected":false},"author":1,"featured_media":13773,"template":"","categoria_ficha":[1790],"class_list":["post-13772","ficha","type-ficha","status-publish","has-post-thumbnail","hentry","categoria_ficha-cartes-du-departement-de-l-allier"],"acf":[],"_links":{"self":[{"href":"https:\/\/gifex.com\/fr\/wp-json\/wp\/v2\/ficha\/13772","targetHints":{"allow":["GET"]}}],"collection":[{"href":"https:\/\/gifex.com\/fr\/wp-json\/wp\/v2\/ficha"}],"about":[{"href":"https:\/\/gifex.com\/fr\/wp-json\/wp\/v2\/types\/ficha"}],"author":[{"embeddable":true,"href":"https:\/\/gifex.com\/fr\/wp-json\/wp\/v2\/users\/1"}],"version-history":[{"count":4,"href":"https:\/\/gifex.com\/fr\/wp-json\/wp\/v2\/ficha\/13772\/revisions"}],"predecessor-version":[{"id":36881,"href":"https:\/\/gifex.com\/fr\/wp-json\/wp\/v2\/ficha\/13772\/revisions\/36881"}],"wp:featuredmedia":[{"embeddable":true,"href":"https:\/\/gifex.com\/fr\/wp-json\/wp\/v2\/media\/13773"}],"wp:attachment":[{"href":"https:\/\/gifex.com\/fr\/wp-json\/wp\/v2\/media?parent=13772"}],"wp:term":[{"taxonomy":"categoria_ficha","embeddable":true,"href":"https:\/\/gifex.com\/fr\/wp-json\/wp\/v2\/categoria_ficha?post=13772"}],"curies":[{"name":"wp","href":"https:\/\/api.w.org\/{rel}","templated":true}]}}

Carte des cantons du département de l&#8217;Allier

<p style="text-align: center;"><label style="font-size: 15px;">Carte des cantons du département de l&#8217;Allier.</label></p>
<p>Voici les 19 cantons du département de l&#8217;Allier, en France, suite à la réorganisation cantonale française entrée en vigueur en mars 2015 :</p>
<div class="boxscrl">
<table width="438">
<tbody>
<tr>
<td width="226">Bellerive-sur-Allier ;</td>
<td width="212">Montluçon-3 ;</td>
</tr>
<tr>
<td>Bourbon-l&#8217;Archambault ;</td>
<td>Montluçon-4 ;</td>
</tr>
<tr>
<td>Commentry ;</td>
<td>Moulins-1 ;</td>
</tr>
<tr>
<td>Cusset ;</td>
<td>Moulins-2 ;</td>
</tr>
<tr>
<td>Dompierre-sur-Besbre ;</td>
<td>Saint-Pourçain-sur-Sioule ;</td>
</tr>
<tr>
<td>Gannat ;</td>
<td>Souvigny ;</td>
</tr>
<tr>
<td>Huriel ;</td>
<td>Vichy-1 ;</td>
</tr>
<tr>
<td>Lapalisse ;</td>
<td>Vichy-2 ;</td>
</tr>
<tr>
<td>Montluçon-1 ;</td>
<td>Yzeur</td>
</tr>
<tr>
<td>Montluçon-2 ;</td>
<td></td>
</tr>
</tbody>
</table>
</div>

<p>Voici les 19 cantons du département de l&#8217;Allier, en France, suite à la réorganisation cantonale f</p>
