{"id":13650,"date":"2022-05-22T22:17:47","date_gmt":"2022-05-22T22:17:47","guid":{"rendered":"https:\/\/gifex.com\/fr\/?post_type=ficha&#038;p=13650"},"modified":"2023-03-25T15:19:16","modified_gmt":"2023-03-25T15:19:16","slug":"cantons-du-departement-d-ille-et-vilaine","status":"publish","type":"ficha","link":"https:\/\/gifex.com\/fr\/fichier\/cantons-du-departement-d-ille-et-vilaine\/","title":{"rendered":"Cantons du d\u00e9partement d&#8217;Ille-et-Vilaine"},"content":{"rendered":"<p style=\"text-align: center;\"><label style=\"font-size: 15px;\">Carte des cantons du d\u00e9partement d&#8217;Ille-et-Vilaine.<\/label><\/p>\n<p>Voici les 27 cantons du d\u00e9partement d&#8217;Ille-et-Vilaine, en France, suite \u00e0 la r\u00e9organisation cantonale fran\u00e7aise entr\u00e9e en vigueur en mars 2015 :<\/p>\n<div class=\"boxscrl\">\n<table width=\"343\">\n<tbody>\n<tr>\n<td width=\"196\">\n<ul>\n<li>Bain-de-Bretagne<\/li>\n<\/ul>\n<\/td>\n<td width=\"147\">\n<ul>\n<li>Montfort-sur-Meu<\/li>\n<\/ul>\n<\/td>\n<\/tr>\n<tr>\n<td>\n<ul>\n<li>Betton<\/li>\n<\/ul>\n<\/td>\n<td>\n<ul>\n<li>Redon<\/li>\n<\/ul>\n<\/td>\n<\/tr>\n<tr>\n<td>\n<ul>\n<li>Bruz<\/li>\n<\/ul>\n<\/td>\n<td>\n<ul>\n<li>Rennes-1<\/li>\n<\/ul>\n<\/td>\n<\/tr>\n<tr>\n<td>\n<ul>\n<li>Ch\u00e2teaugiron<\/li>\n<\/ul>\n<\/td>\n<td>\n<ul>\n<li>Rennes-2<\/li>\n<\/ul>\n<\/td>\n<\/tr>\n<tr>\n<td>\n<ul>\n<li>Combourg<\/li>\n<\/ul>\n<\/td>\n<td>\n<ul>\n<li>Rennes-3<\/li>\n<\/ul>\n<\/td>\n<\/tr>\n<tr>\n<td>\n<ul>\n<li>Dol-de-Bretagne<\/li>\n<\/ul>\n<\/td>\n<td>\n<ul>\n<li>Rennes-4<\/li>\n<\/ul>\n<\/td>\n<\/tr>\n<tr>\n<td>\n<ul>\n<li>Foug\u00e8res-1<\/li>\n<\/ul>\n<\/td>\n<td>\n<ul>\n<li>Rennes-5<\/li>\n<\/ul>\n<\/td>\n<\/tr>\n<tr>\n<td>\n<ul>\n<li>Foug\u00e8res-2<\/li>\n<\/ul>\n<\/td>\n<td>\n<ul>\n<li>Rennes-6<\/li>\n<\/ul>\n<\/td>\n<\/tr>\n<tr>\n<td>\n<ul>\n<li>La Guerche-de-Bretagne<\/li>\n<\/ul>\n<\/td>\n<td>\n<ul>\n<li>Le Rheu<\/li>\n<\/ul>\n<\/td>\n<\/tr>\n<tr>\n<td>\n<ul>\n<li>Guichen<\/li>\n<\/ul>\n<\/td>\n<td>\n<ul>\n<li>Saint-Malo-1<\/li>\n<\/ul>\n<\/td>\n<\/tr>\n<tr>\n<td>\n<ul>\n<li>Janz\u00e9<\/li>\n<\/ul>\n<\/td>\n<td>\n<ul>\n<li>Saint-Malo-2<\/li>\n<\/ul>\n<\/td>\n<\/tr>\n<tr>\n<td>\n<ul>\n<li>Liffr\u00e9<\/li>\n<\/ul>\n<\/td>\n<td>\n<ul>\n<li>Val-Couesnon<\/li>\n<\/ul>\n<\/td>\n<\/tr>\n<tr>\n<td>\n<ul>\n<li>Melesse<\/li>\n<\/ul>\n<\/td>\n<td>\n<ul>\n<li>Vitr\u00e9<\/li>\n<\/ul>\n<\/td>\n<\/tr>\n<tr>\n<td>\n<ul>\n<li>Montauban-de-Bretagne<\/li>\n<\/ul>\n<\/td>\n<td><\/td>\n<\/tr>\n<\/tbody>\n<\/table>\n<\/div>\n","protected":false},"excerpt":{"rendered":"<p>Carte des cantons du d\u00e9partement d&#8217;Ille-et-Vilaine. Voici les 27 cantons du d\u00e9partement d&#8217;Ille-et-Vilaine, en France, suite \u00e0 la r\u00e9organisation cantonale fran\u00e7aise entr\u00e9e en vigueur en mars 2015 : Bain-de-Bretagne Montfort-sur-Meu Betton Redon Bruz Rennes-1 Ch\u00e2teaugiron Rennes-2 Combourg Rennes-3 Dol-de-Bretagne Rennes-4 Foug\u00e8res-1 Rennes-5 Foug\u00e8res-2 Rennes-6 La Guerche-de-Bretagne Le Rheu Guichen Saint-Malo-1 Janz\u00e9 Saint-Malo-2 Liffr\u00e9 Val-Couesnon Melesse [&hellip;]<\/p>\n","protected":false},"author":1,"featured_media":13651,"template":"","categoria_ficha":[1822],"class_list":["post-13650","ficha","type-ficha","status-publish","has-post-thumbnail","hentry","categoria_ficha-cartes-du-departement-d-ille-et-vilaine"],"acf":[],"_links":{"self":[{"href":"https:\/\/gifex.com\/fr\/wp-json\/wp\/v2\/ficha\/13650","targetHints":{"allow":["GET"]}}],"collection":[{"href":"https:\/\/gifex.com\/fr\/wp-json\/wp\/v2\/ficha"}],"about":[{"href":"https:\/\/gifex.com\/fr\/wp-json\/wp\/v2\/types\/ficha"}],"author":[{"embeddable":true,"href":"https:\/\/gifex.com\/fr\/wp-json\/wp\/v2\/users\/1"}],"version-history":[{"count":5,"href":"https:\/\/gifex.com\/fr\/wp-json\/wp\/v2\/ficha\/13650\/revisions"}],"predecessor-version":[{"id":36889,"href":"https:\/\/gifex.com\/fr\/wp-json\/wp\/v2\/ficha\/13650\/revisions\/36889"}],"wp:featuredmedia":[{"embeddable":true,"href":"https:\/\/gifex.com\/fr\/wp-json\/wp\/v2\/media\/13651"}],"wp:attachment":[{"href":"https:\/\/gifex.com\/fr\/wp-json\/wp\/v2\/media?parent=13650"}],"wp:term":[{"taxonomy":"categoria_ficha","embeddable":true,"href":"https:\/\/gifex.com\/fr\/wp-json\/wp\/v2\/categoria_ficha?post=13650"}],"curies":[{"name":"wp","href":"https:\/\/api.w.org\/{rel}","templated":true}]}}

Cantons du département d&#8217;Ille-et-Vilaine

<p style="text-align: center;"><label style="font-size: 15px;">Carte des cantons du département d&#8217;Ille-et-Vilaine.</label></p>
<p>Voici les 27 cantons du département d&#8217;Ille-et-Vilaine, en France, suite à la réorganisation cantonale française entrée en vigueur en mars 2015 :</p>
<div class="boxscrl">
<table width="343">
<tbody>
<tr>
<td width="196">
<ul>
<li>Bain-de-Bretagne</li>
</ul>
</td>
<td width="147">
<ul>
<li>Montfort-sur-Meu</li>
</ul>
</td>
</tr>
<tr>
<td>
<ul>
<li>Betton</li>
</ul>
</td>
<td>
<ul>
<li>Redon</li>
</ul>
</td>
</tr>
<tr>
<td>
<ul>
<li>Bruz</li>
</ul>
</td>
<td>
<ul>
<li>Rennes-1</li>
</ul>
</td>
</tr>
<tr>
<td>
<ul>
<li>Châteaugiron</li>
</ul>
</td>
<td>
<ul>
<li>Rennes-2</li>
</ul>
</td>
</tr>
<tr>
<td>
<ul>
<li>Combourg</li>
</ul>
</td>
<td>
<ul>
<li>Rennes-3</li>
</ul>
</td>
</tr>
<tr>
<td>
<ul>
<li>Dol-de-Bretagne</li>
</ul>
</td>
<td>
<ul>
<li>Rennes-4</li>
</ul>
</td>
</tr>
<tr>
<td>
<ul>
<li>Fougères-1</li>
</ul>
</td>
<td>
<ul>
<li>Rennes-5</li>
</ul>
</td>
</tr>
<tr>
<td>
<ul>
<li>Fougères-2</li>
</ul>
</td>
<td>
<ul>
<li>Rennes-6</li>
</ul>
</td>
</tr>
<tr>
<td>
<ul>
<li>La Guerche-de-Bretagne</li>
</ul>
</td>
<td>
<ul>
<li>Le Rheu</li>
</ul>
</td>
</tr>
<tr>
<td>
<ul>
<li>Guichen</li>
</ul>
</td>
<td>
<ul>
<li>Saint-Malo-1</li>
</ul>
</td>
</tr>
<tr>
<td>
<ul>
<li>Janzé</li>
</ul>
</td>
<td>
<ul>
<li>Saint-Malo-2</li>
</ul>
</td>
</tr>
<tr>
<td>
<ul>
<li>Liffré</li>
</ul>
</td>
<td>
<ul>
<li>Val-Couesnon</li>
</ul>
</td>
</tr>
<tr>
<td>
<ul>
<li>Melesse</li>
</ul>
</td>
<td>
<ul>
<li>Vitré</li>
</ul>
</td>
</tr>
<tr>
<td>
<ul>
<li>Montauban-de-Bretagne</li>
</ul>
</td>
<td></td>
</tr>
</tbody>
</table>
</div>

<p>Carte des cantons du département d&#8217;Ille-et-Vilaine. Voici les 27 cantons du département d&#8217;Ille-et-Vilaine, en France, suite à la réorganisation cantonale française entrée en vigueur en mars 2015 : Bain-de-Bretagne Montfort-sur-Meu Betton Redon Bruz Rennes-1 Châteaugiron Rennes-2 Combourg Rennes-3 Dol-de-Bretagne Rennes-4 Fougères-1 Rennes-5 Fougères-2 Rennes-6 La Guerche-de-Bretagne Le Rheu Guichen Saint-Malo-1 Janzé Saint-Malo-2 Liffré Val-Couesnon Melesse [&hellip;]</p>
