{"id":12910,"date":"2022-05-14T12:45:15","date_gmt":"2022-05-14T12:45:15","guid":{"rendered":"https:\/\/gifex.com\/fr\/?post_type=ficha&#038;p=12910"},"modified":"2024-11-12T00:11:20","modified_gmt":"2024-11-12T00:11:20","slug":"ou-se-trouve-le-departement-du-var","status":"publish","type":"ficha","link":"https:\/\/gifex.com\/fr\/fichier\/ou-se-trouve-le-departement-du-var\/","title":{"rendered":"O\u00f9 se trouve le d\u00e9partement du Var ?"},"content":{"rendered":"<p style=\"text-align: center;\"><label style=\"font-size: 15px;\">Carte de localisation du Var en France.<\/label><\/p>\n<p>Le d\u00e9partement du Var (repr\u00e9sent\u00e9 en couleur olive sur les cartes ci-dessus et ci-dessous) se situe au sud de la r\u00e9gion Provence-Alpes-C\u00f4te d&#8217;Azur, au sud-est de la France.<\/p>\n<p>Le Var est limitrophe des d\u00e9partements des Bouches-du-Rh\u00f4ne \u00e0 l&#8217;ouest, de Vaucluse (sur quelques centaines de m\u00e8tres \u00e0 peine), des Alpes-de-Haute-Provence au nord, des Alpes-Maritimes \u00e0 l&#8217;est, et est baign\u00e9 par la mer M\u00e9diterran\u00e9e au sud.<\/p>\n<p>Le d\u00e9partement du Var est centr\u00e9 aux coordonn\u00e9es : 43\u00b0 30\u2032 nord, 6\u00b0 20\u2032 est.<\/p>\n<figure id=\"attachment_54066\" aria-describedby=\"caption-attachment-54066\" style=\"width: 400px\" class=\"wp-caption aligncenter\"><a href=\"https:\/\/gifex.com\/fr\/wp-content\/uploads\/12910\/Carte-de-localisation-du-Var-dans-la-region-Provence-Alpes-Cote-d-Azur.png\" target=\"_blank\" rel=\"noopener\"><img fetchpriority=\"high\" decoding=\"async\" class=\"wp-image-54066\" title=\"Carte de localisation du Var dans la r\u00e9gion Provence-Alpes-C\u00f4te d'Azur.\" src=\"https:\/\/gifex.com\/fr\/wp-content\/uploads\/12910\/Carte-de-localisation-du-Var-dans-la-region-Provence-Alpes-Cote-d-Azur-300x266.png\" alt=\"Carte de localisation du Var dans la r\u00e9gion Provence-Alpes-C\u00f4te d'Azur.\" width=\"400\" height=\"355\" srcset=\"https:\/\/gifex.com\/fr\/wp-content\/uploads\/12910\/Carte-de-localisation-du-Var-dans-la-region-Provence-Alpes-Cote-d-Azur-300x266.png 300w, https:\/\/gifex.com\/fr\/wp-content\/uploads\/12910\/Carte-de-localisation-du-Var-dans-la-region-Provence-Alpes-Cote-d-Azur-1024x909.png 1024w, https:\/\/gifex.com\/fr\/wp-content\/uploads\/12910\/Carte-de-localisation-du-Var-dans-la-region-Provence-Alpes-Cote-d-Azur-768x682.png 768w, https:\/\/gifex.com\/fr\/wp-content\/uploads\/12910\/Carte-de-localisation-du-Var-dans-la-region-Provence-Alpes-Cote-d-Azur-1536x1363.png 1536w, https:\/\/gifex.com\/fr\/wp-content\/uploads\/12910\/Carte-de-localisation-du-Var-dans-la-region-Provence-Alpes-Cote-d-Azur-2048x1817.png 2048w, https:\/\/gifex.com\/fr\/wp-content\/uploads\/12910\/Carte-de-localisation-du-Var-dans-la-region-Provence-Alpes-Cote-d-Azur-1600x1420.png 1600w\" sizes=\"(max-width: 400px) 100vw, 400px\" \/><\/a><figcaption id=\"caption-attachment-54066\" class=\"wp-caption-text\"><label style=\"font-size: 15px;\">Carte de localisation du Var dans la r\u00e9gion Provence-Alpes-C\u00f4te d&#8217;Azur.<\/label><\/figcaption><\/figure>\n","protected":false},"excerpt":{"rendered":"<p>Le d\u00e9partement du Var (repr\u00e9sent\u00e9 en couleur olive sur les cartes ci-dessus et ci-dessous) se situe au sud de la r\u00e9gion Provence-Alpes-C\u00f4te d&#8217;Azur, au sud-est <\/p>\n","protected":false},"author":1,"featured_media":54067,"template":"","categoria_ficha":[1865],"class_list":["post-12910","ficha","type-ficha","status-publish","has-post-thumbnail","hentry","categoria_ficha-cartes-du-departement-du-var"],"acf":[],"_links":{"self":[{"href":"https:\/\/gifex.com\/fr\/wp-json\/wp\/v2\/ficha\/12910","targetHints":{"allow":["GET"]}}],"collection":[{"href":"https:\/\/gifex.com\/fr\/wp-json\/wp\/v2\/ficha"}],"about":[{"href":"https:\/\/gifex.com\/fr\/wp-json\/wp\/v2\/types\/ficha"}],"author":[{"embeddable":true,"href":"https:\/\/gifex.com\/fr\/wp-json\/wp\/v2\/users\/1"}],"version-history":[{"count":6,"href":"https:\/\/gifex.com\/fr\/wp-json\/wp\/v2\/ficha\/12910\/revisions"}],"predecessor-version":[{"id":54068,"href":"https:\/\/gifex.com\/fr\/wp-json\/wp\/v2\/ficha\/12910\/revisions\/54068"}],"wp:featuredmedia":[{"embeddable":true,"href":"https:\/\/gifex.com\/fr\/wp-json\/wp\/v2\/media\/54067"}],"wp:attachment":[{"href":"https:\/\/gifex.com\/fr\/wp-json\/wp\/v2\/media?parent=12910"}],"wp:term":[{"taxonomy":"categoria_ficha","embeddable":true,"href":"https:\/\/gifex.com\/fr\/wp-json\/wp\/v2\/categoria_ficha?post=12910"}],"curies":[{"name":"wp","href":"https:\/\/api.w.org\/{rel}","templated":true}]}}

Où se trouve le département du Var ?

<p style="text-align: center;"><label style="font-size: 15px;">Carte de localisation du Var en France.</label></p>
<p>Le département du Var (représenté en couleur olive sur les cartes ci-dessus et ci-dessous) se situe au sud de la région Provence-Alpes-Côte d&#8217;Azur, au sud-est de la France.</p>
<p>Le Var est limitrophe des départements des Bouches-du-Rhône à l&#8217;ouest, de Vaucluse (sur quelques centaines de mètres à peine), des Alpes-de-Haute-Provence au nord, des Alpes-Maritimes à l&#8217;est, et est baigné par la mer Méditerranée au sud.</p>
<p>Le département du Var est centré aux coordonnées : 43° 30′ nord, 6° 20′ est.</p>
<figure id="attachment_54066" aria-describedby="caption-attachment-54066" style="width: 400px" class="wp-caption aligncenter"><a href="https://gifex.com/fr/wp-content/uploads/12910/Carte-de-localisation-du-Var-dans-la-region-Provence-Alpes-Cote-d-Azur.png" target="_blank" rel="noopener"><img fetchpriority="high" decoding="async" class="wp-image-54066" title="Carte de localisation du Var dans la région Provence-Alpes-Côte d'Azur." src="https://gifex.com/fr/wp-content/uploads/12910/Carte-de-localisation-du-Var-dans-la-region-Provence-Alpes-Cote-d-Azur-300x266.png" alt="Carte de localisation du Var dans la région Provence-Alpes-Côte d'Azur." width="400" height="355" srcset="https://gifex.com/fr/wp-content/uploads/12910/Carte-de-localisation-du-Var-dans-la-region-Provence-Alpes-Cote-d-Azur-300x266.png 300w, https://gifex.com/fr/wp-content/uploads/12910/Carte-de-localisation-du-Var-dans-la-region-Provence-Alpes-Cote-d-Azur-1024x909.png 1024w, https://gifex.com/fr/wp-content/uploads/12910/Carte-de-localisation-du-Var-dans-la-region-Provence-Alpes-Cote-d-Azur-768x682.png 768w, https://gifex.com/fr/wp-content/uploads/12910/Carte-de-localisation-du-Var-dans-la-region-Provence-Alpes-Cote-d-Azur-1536x1363.png 1536w, https://gifex.com/fr/wp-content/uploads/12910/Carte-de-localisation-du-Var-dans-la-region-Provence-Alpes-Cote-d-Azur-2048x1817.png 2048w, https://gifex.com/fr/wp-content/uploads/12910/Carte-de-localisation-du-Var-dans-la-region-Provence-Alpes-Cote-d-Azur-1600x1420.png 1600w" sizes="(max-width: 400px) 100vw, 400px" /></a><figcaption id="caption-attachment-54066" class="wp-caption-text"><label style="font-size: 15px;">Carte de localisation du Var dans la région Provence-Alpes-Côte d&#8217;Azur.</label></figcaption></figure>

<p>Le département du Var (représenté en couleur olive sur les cartes ci-dessus et ci-dessous) se situe au sud de la région Provence-Alpes-Côte d&#8217;Azur, au sud-est </p>
