{"id":12890,"date":"2022-05-14T11:59:40","date_gmt":"2022-05-14T11:59:40","guid":{"rendered":"https:\/\/gifex.com\/fr\/?post_type=ficha&#038;p=12890"},"modified":"2024-10-19T23:03:28","modified_gmt":"2024-10-19T23:03:28","slug":"ou-se-trouve-le-departement-du-tarn","status":"publish","type":"ficha","link":"https:\/\/gifex.com\/fr\/fichier\/ou-se-trouve-le-departement-du-tarn\/","title":{"rendered":"O\u00f9 se trouve le d\u00e9partement du Tarn ?"},"content":{"rendered":"<p style=\"text-align: center;\"><label style=\"font-size: 15px;\">Carte de localisation du d\u00e9partement du Tarn en France.<\/label><\/p>\n<p>Le d\u00e9partement du Tarn (repr\u00e9sent\u00e9 en couleur olive sur les cartes ci-dessus et ci-dessous) se situe au centre de la r\u00e9gion Occitanie, dans le sud de la France.<\/p>\n<p>Le d\u00e9partement du Tarn est entour\u00e9 de 5 d\u00e9partements, tous appartenant \u00e0 la r\u00e9gion Occitanie : l&#8217;H\u00e9rault au sud-est, l&#8217;Aude au sud, l&#8217;Aveyron au nord et \u00e0 l&#8217;est, la Haute-Garonne au sud-ouest et \u00e0 l&#8217;ouest, ainsi que le Tarn-et-Garonne \u00e0 le nord-ouest.<\/p>\n<p>Le d\u00e9partement du Tarn est centr\u00e9 aux coordonn\u00e9es : 43\u00b0 49\u2032 nord, 2\u00b0 12\u2032 est.<\/p>\n<figure id=\"attachment_52649\" aria-describedby=\"caption-attachment-52649\" style=\"width: 400px\" class=\"wp-caption aligncenter\"><a href=\"https:\/\/gifex.com\/fr\/wp-content\/uploads\/12890\/Carte-de-localisation-du-Tarn-dans-la-region-Occitanie.png\" target=\"_blank\" rel=\"noopener\"><img fetchpriority=\"high\" decoding=\"async\" class=\"wp-image-52649\" title=\"Carte de localisation du Tarn dans la r\u00e9gion Occitanie.\" src=\"https:\/\/gifex.com\/fr\/wp-content\/uploads\/12890\/Carte-de-localisation-du-Tarn-dans-la-region-Occitanie-300x232.png\" alt=\"Carte de localisation du Tarn dans la r\u00e9gion Occitanie.\" width=\"400\" height=\"310\" srcset=\"https:\/\/gifex.com\/fr\/wp-content\/uploads\/12890\/Carte-de-localisation-du-Tarn-dans-la-region-Occitanie-300x232.png 300w, https:\/\/gifex.com\/fr\/wp-content\/uploads\/12890\/Carte-de-localisation-du-Tarn-dans-la-region-Occitanie-1024x793.png 1024w, https:\/\/gifex.com\/fr\/wp-content\/uploads\/12890\/Carte-de-localisation-du-Tarn-dans-la-region-Occitanie-768x595.png 768w, https:\/\/gifex.com\/fr\/wp-content\/uploads\/12890\/Carte-de-localisation-du-Tarn-dans-la-region-Occitanie-1536x1190.png 1536w, https:\/\/gifex.com\/fr\/wp-content\/uploads\/12890\/Carte-de-localisation-du-Tarn-dans-la-region-Occitanie-2048x1586.png 2048w, https:\/\/gifex.com\/fr\/wp-content\/uploads\/12890\/Carte-de-localisation-du-Tarn-dans-la-region-Occitanie-1600x1239.png 1600w\" sizes=\"(max-width: 400px) 100vw, 400px\" \/><\/a><figcaption id=\"caption-attachment-52649\" class=\"wp-caption-text\"><label style=\"font-size: 15px;\">Carte de localisation du Tarn dans la r\u00e9gion Occitanie.<\/label><\/figcaption><\/figure>\n","protected":false},"excerpt":{"rendered":"<p>Le d\u00e9partement du Tarn (repr\u00e9sent\u00e9 en couleur olive sur les cartes ci-dessus et ci-dessous) se situe au centre de la r\u00e9gion Occitanie, dans le sud de la France.<\/p>\n","protected":false},"author":1,"featured_media":52650,"template":"","categoria_ficha":[1864],"class_list":["post-12890","ficha","type-ficha","status-publish","has-post-thumbnail","hentry","categoria_ficha-cartes-du-departement-du-tarn"],"acf":[],"_links":{"self":[{"href":"https:\/\/gifex.com\/fr\/wp-json\/wp\/v2\/ficha\/12890","targetHints":{"allow":["GET"]}}],"collection":[{"href":"https:\/\/gifex.com\/fr\/wp-json\/wp\/v2\/ficha"}],"about":[{"href":"https:\/\/gifex.com\/fr\/wp-json\/wp\/v2\/types\/ficha"}],"author":[{"embeddable":true,"href":"https:\/\/gifex.com\/fr\/wp-json\/wp\/v2\/users\/1"}],"version-history":[{"count":6,"href":"https:\/\/gifex.com\/fr\/wp-json\/wp\/v2\/ficha\/12890\/revisions"}],"predecessor-version":[{"id":52651,"href":"https:\/\/gifex.com\/fr\/wp-json\/wp\/v2\/ficha\/12890\/revisions\/52651"}],"wp:featuredmedia":[{"embeddable":true,"href":"https:\/\/gifex.com\/fr\/wp-json\/wp\/v2\/media\/52650"}],"wp:attachment":[{"href":"https:\/\/gifex.com\/fr\/wp-json\/wp\/v2\/media?parent=12890"}],"wp:term":[{"taxonomy":"categoria_ficha","embeddable":true,"href":"https:\/\/gifex.com\/fr\/wp-json\/wp\/v2\/categoria_ficha?post=12890"}],"curies":[{"name":"wp","href":"https:\/\/api.w.org\/{rel}","templated":true}]}}

Où se trouve le département du Tarn ?

<p style="text-align: center;"><label style="font-size: 15px;">Carte de localisation du département du Tarn en France.</label></p>
<p>Le département du Tarn (représenté en couleur olive sur les cartes ci-dessus et ci-dessous) se situe au centre de la région Occitanie, dans le sud de la France.</p>
<p>Le département du Tarn est entouré de 5 départements, tous appartenant à la région Occitanie : l&#8217;Hérault au sud-est, l&#8217;Aude au sud, l&#8217;Aveyron au nord et à l&#8217;est, la Haute-Garonne au sud-ouest et à l&#8217;ouest, ainsi que le Tarn-et-Garonne à le nord-ouest.</p>
<p>Le département du Tarn est centré aux coordonnées : 43° 49′ nord, 2° 12′ est.</p>
<figure id="attachment_52649" aria-describedby="caption-attachment-52649" style="width: 400px" class="wp-caption aligncenter"><a href="https://gifex.com/fr/wp-content/uploads/12890/Carte-de-localisation-du-Tarn-dans-la-region-Occitanie.png" target="_blank" rel="noopener"><img fetchpriority="high" decoding="async" class="wp-image-52649" title="Carte de localisation du Tarn dans la région Occitanie." src="https://gifex.com/fr/wp-content/uploads/12890/Carte-de-localisation-du-Tarn-dans-la-region-Occitanie-300x232.png" alt="Carte de localisation du Tarn dans la région Occitanie." width="400" height="310" srcset="https://gifex.com/fr/wp-content/uploads/12890/Carte-de-localisation-du-Tarn-dans-la-region-Occitanie-300x232.png 300w, https://gifex.com/fr/wp-content/uploads/12890/Carte-de-localisation-du-Tarn-dans-la-region-Occitanie-1024x793.png 1024w, https://gifex.com/fr/wp-content/uploads/12890/Carte-de-localisation-du-Tarn-dans-la-region-Occitanie-768x595.png 768w, https://gifex.com/fr/wp-content/uploads/12890/Carte-de-localisation-du-Tarn-dans-la-region-Occitanie-1536x1190.png 1536w, https://gifex.com/fr/wp-content/uploads/12890/Carte-de-localisation-du-Tarn-dans-la-region-Occitanie-2048x1586.png 2048w, https://gifex.com/fr/wp-content/uploads/12890/Carte-de-localisation-du-Tarn-dans-la-region-Occitanie-1600x1239.png 1600w" sizes="(max-width: 400px) 100vw, 400px" /></a><figcaption id="caption-attachment-52649" class="wp-caption-text"><label style="font-size: 15px;">Carte de localisation du Tarn dans la région Occitanie.</label></figcaption></figure>

<p>Le département du Tarn (représenté en couleur olive sur les cartes ci-dessus et ci-dessous) se situe au centre de la région Occitanie, dans le sud de la France.</p>
