{"id":12856,"date":"2022-05-13T20:13:09","date_gmt":"2022-05-13T20:13:09","guid":{"rendered":"https:\/\/gifex.com\/fr\/?post_type=ficha&#038;p=12856"},"modified":"2024-11-02T20:00:07","modified_gmt":"2024-11-02T20:00:07","slug":"ou-se-trouve-le-departement-du-jura","status":"publish","type":"ficha","link":"https:\/\/gifex.com\/fr\/fichier\/ou-se-trouve-le-departement-du-jura\/","title":{"rendered":"O\u00f9 se trouve le d\u00e9partement du Jura ?"},"content":{"rendered":"<p style=\"text-align: center;\"><label style=\"font-size: 15px;\">Carte de localisation du d\u00e9partement du Jura en France.<\/label><\/p>\n<p>Le d\u00e9partement du Jura (repr\u00e9sent\u00e9 en couleur olive sur les cartes ci-dessus et ci-dessous) se situe au sud-est de la r\u00e9gion Bourgogne-Franche-Comt\u00e9, \u00e0 l&#8217;est de la France.<\/p>\n<p>Le d\u00e9partement du Jura est limitrophe des d\u00e9partements de la Haute-Sa\u00f4ne au nord, du Doubs et du canton de Vaud (Suisse) \u00e0 l&#8217;est, de l&#8217;Ain au sud, de Sa\u00f4ne-et-Loire et de la C\u00f4te-d&#8217;Or \u00e0 l&#8217;ouest.<\/p>\n<p>Le d\u00e9partement du Jura est centr\u00e9 aux coordonn\u00e9es : 46\u00b0 40\u2032 nord, 5\u00b0 40\u2032 est.<\/p>\n<figure id=\"attachment_53430\" aria-describedby=\"caption-attachment-53430\" style=\"width: 400px\" class=\"wp-caption aligncenter\"><a href=\"https:\/\/gifex.com\/fr\/wp-content\/uploads\/12856\/Carte-de-localisation-du-Jura-dans-la-region-Bourgogne-Franche-Comte.png\" target=\"_blank\" rel=\"noopener\"><img fetchpriority=\"high\" decoding=\"async\" class=\"wp-image-53430\" title=\"Carte de localisation du Jura dans la r\u00e9gion Bourgogne-Franche-Comt\u00e9.\" src=\"https:\/\/gifex.com\/fr\/wp-content\/uploads\/12856\/Carte-de-localisation-du-Jura-dans-la-region-Bourgogne-Franche-Comte-300x229.png\" alt=\"Carte de localisation du Jura dans la r\u00e9gion Bourgogne-Franche-Comt\u00e9.\" width=\"400\" height=\"306\" srcset=\"https:\/\/gifex.com\/fr\/wp-content\/uploads\/12856\/Carte-de-localisation-du-Jura-dans-la-region-Bourgogne-Franche-Comte-300x229.png 300w, https:\/\/gifex.com\/fr\/wp-content\/uploads\/12856\/Carte-de-localisation-du-Jura-dans-la-region-Bourgogne-Franche-Comte-1024x782.png 1024w, https:\/\/gifex.com\/fr\/wp-content\/uploads\/12856\/Carte-de-localisation-du-Jura-dans-la-region-Bourgogne-Franche-Comte-768x587.png 768w, https:\/\/gifex.com\/fr\/wp-content\/uploads\/12856\/Carte-de-localisation-du-Jura-dans-la-region-Bourgogne-Franche-Comte-1536x1174.png 1536w, https:\/\/gifex.com\/fr\/wp-content\/uploads\/12856\/Carte-de-localisation-du-Jura-dans-la-region-Bourgogne-Franche-Comte-2048x1565.png 2048w, https:\/\/gifex.com\/fr\/wp-content\/uploads\/12856\/Carte-de-localisation-du-Jura-dans-la-region-Bourgogne-Franche-Comte-1600x1223.png 1600w\" sizes=\"(max-width: 400px) 100vw, 400px\" \/><\/a><figcaption id=\"caption-attachment-53430\" class=\"wp-caption-text\"><label style=\"font-size: 15px;\">Carte de localisation du Jura dans la r\u00e9gion Bourgogne-Franche-Comt\u00e9.<\/label><\/figcaption><\/figure>\n","protected":false},"excerpt":{"rendered":"<p>Le d\u00e9partement du Jura (repr\u00e9sent\u00e9 en couleur olive sur les cartes ci-dessus et ci-dessous) se situe au sud-est de la r\u00e9gion Bourgogne-Franche-Comt\u00e9, \u00e0 l&#8217;est de<\/p>\n","protected":false},"author":1,"featured_media":53431,"template":"","categoria_ficha":[1826],"class_list":["post-12856","ficha","type-ficha","status-publish","has-post-thumbnail","hentry","categoria_ficha-cartes-du-departement-du-jura"],"acf":[],"_links":{"self":[{"href":"https:\/\/gifex.com\/fr\/wp-json\/wp\/v2\/ficha\/12856","targetHints":{"allow":["GET"]}}],"collection":[{"href":"https:\/\/gifex.com\/fr\/wp-json\/wp\/v2\/ficha"}],"about":[{"href":"https:\/\/gifex.com\/fr\/wp-json\/wp\/v2\/types\/ficha"}],"author":[{"embeddable":true,"href":"https:\/\/gifex.com\/fr\/wp-json\/wp\/v2\/users\/1"}],"version-history":[{"count":8,"href":"https:\/\/gifex.com\/fr\/wp-json\/wp\/v2\/ficha\/12856\/revisions"}],"predecessor-version":[{"id":53429,"href":"https:\/\/gifex.com\/fr\/wp-json\/wp\/v2\/ficha\/12856\/revisions\/53429"}],"wp:featuredmedia":[{"embeddable":true,"href":"https:\/\/gifex.com\/fr\/wp-json\/wp\/v2\/media\/53431"}],"wp:attachment":[{"href":"https:\/\/gifex.com\/fr\/wp-json\/wp\/v2\/media?parent=12856"}],"wp:term":[{"taxonomy":"categoria_ficha","embeddable":true,"href":"https:\/\/gifex.com\/fr\/wp-json\/wp\/v2\/categoria_ficha?post=12856"}],"curies":[{"name":"wp","href":"https:\/\/api.w.org\/{rel}","templated":true}]}}

Où se trouve le département du Jura ?

<p style="text-align: center;"><label style="font-size: 15px;">Carte de localisation du département du Jura en France.</label></p>
<p>Le département du Jura (représenté en couleur olive sur les cartes ci-dessus et ci-dessous) se situe au sud-est de la région Bourgogne-Franche-Comté, à l&#8217;est de la France.</p>
<p>Le département du Jura est limitrophe des départements de la Haute-Saône au nord, du Doubs et du canton de Vaud (Suisse) à l&#8217;est, de l&#8217;Ain au sud, de Saône-et-Loire et de la Côte-d&#8217;Or à l&#8217;ouest.</p>
<p>Le département du Jura est centré aux coordonnées : 46° 40′ nord, 5° 40′ est.</p>
<figure id="attachment_53430" aria-describedby="caption-attachment-53430" style="width: 400px" class="wp-caption aligncenter"><a href="https://gifex.com/fr/wp-content/uploads/12856/Carte-de-localisation-du-Jura-dans-la-region-Bourgogne-Franche-Comte.png" target="_blank" rel="noopener"><img fetchpriority="high" decoding="async" class="wp-image-53430" title="Carte de localisation du Jura dans la région Bourgogne-Franche-Comté." src="https://gifex.com/fr/wp-content/uploads/12856/Carte-de-localisation-du-Jura-dans-la-region-Bourgogne-Franche-Comte-300x229.png" alt="Carte de localisation du Jura dans la région Bourgogne-Franche-Comté." width="400" height="306" srcset="https://gifex.com/fr/wp-content/uploads/12856/Carte-de-localisation-du-Jura-dans-la-region-Bourgogne-Franche-Comte-300x229.png 300w, https://gifex.com/fr/wp-content/uploads/12856/Carte-de-localisation-du-Jura-dans-la-region-Bourgogne-Franche-Comte-1024x782.png 1024w, https://gifex.com/fr/wp-content/uploads/12856/Carte-de-localisation-du-Jura-dans-la-region-Bourgogne-Franche-Comte-768x587.png 768w, https://gifex.com/fr/wp-content/uploads/12856/Carte-de-localisation-du-Jura-dans-la-region-Bourgogne-Franche-Comte-1536x1174.png 1536w, https://gifex.com/fr/wp-content/uploads/12856/Carte-de-localisation-du-Jura-dans-la-region-Bourgogne-Franche-Comte-2048x1565.png 2048w, https://gifex.com/fr/wp-content/uploads/12856/Carte-de-localisation-du-Jura-dans-la-region-Bourgogne-Franche-Comte-1600x1223.png 1600w" sizes="(max-width: 400px) 100vw, 400px" /></a><figcaption id="caption-attachment-53430" class="wp-caption-text"><label style="font-size: 15px;">Carte de localisation du Jura dans la région Bourgogne-Franche-Comté.</label></figcaption></figure>

<p>Le département du Jura (représenté en couleur olive sur les cartes ci-dessus et ci-dessous) se situe au sud-est de la région Bourgogne-Franche-Comté, à l&#8217;est de</p>
