{"id":12805,"date":"2022-05-13T14:11:21","date_gmt":"2022-05-13T14:11:21","guid":{"rendered":"https:\/\/gifex.com\/fr\/?post_type=ficha&#038;p=12805"},"modified":"2024-11-09T20:46:15","modified_gmt":"2024-11-09T20:46:15","slug":"ou-se-trouve-le-departement-des-vosges","status":"publish","type":"ficha","link":"https:\/\/gifex.com\/fr\/fichier\/ou-se-trouve-le-departement-des-vosges\/","title":{"rendered":"O\u00f9 se trouve le d\u00e9partement des Vosges ?"},"content":{"rendered":"<p style=\"text-align: center;\"><label style=\"font-size: 15px;\">Carte de localisation des Vosges en France.<\/label><\/p>\n<p>Le d\u00e9partement des Vosges (repr\u00e9sent\u00e9 en couleur olive sur les cartes ci-dessus et ci-dessous) se situe au sud de la r\u00e9gion Grand Est, dans le quadrant nord-est de la France.<\/p>\n<p>Le d\u00e9partement des Vosges est entour\u00e9 par les d\u00e9partements de la Meuse et de Meurthe-et-Moselle au nord qu&#8217;il croise au site des trois bornes, du Bas-Rhin et du Haut-Rhin \u00e0 l&#8217;est, du Territoire de Belfort et de la Haute-Sa\u00f4ne au sud, et de la Haute-Marne \u00e0 l&#8217;ouest.<\/p>\n<p>Le d\u00e9partement des Vosges est centr\u00e9 aux coordonn\u00e9es : 48\u00b0 10\u2032 nord, 6\u00b0 25\u2032 est.<\/p>\n<figure id=\"attachment_53858\" aria-describedby=\"caption-attachment-53858\" style=\"width: 400px\" class=\"wp-caption aligncenter\"><a href=\"https:\/\/gifex.com\/fr\/wp-content\/uploads\/12805\/Carte-de-localisation-des-Vosges-dans-la-region-Grand-Est.png\" target=\"_blank\" rel=\"noopener\"><img fetchpriority=\"high\" decoding=\"async\" class=\"wp-image-53858\" title=\"Carte de localisation des Vosges dans la r\u00e9gion Grand Est.\" src=\"https:\/\/gifex.com\/fr\/wp-content\/uploads\/12805\/Carte-de-localisation-des-Vosges-dans-la-region-Grand-Est-300x253.png\" alt=\"Carte de localisation des Vosges dans la r\u00e9gion Grand Est.\" width=\"400\" height=\"337\" srcset=\"https:\/\/gifex.com\/fr\/wp-content\/uploads\/12805\/Carte-de-localisation-des-Vosges-dans-la-region-Grand-Est-300x253.png 300w, https:\/\/gifex.com\/fr\/wp-content\/uploads\/12805\/Carte-de-localisation-des-Vosges-dans-la-region-Grand-Est-1024x862.png 1024w, https:\/\/gifex.com\/fr\/wp-content\/uploads\/12805\/Carte-de-localisation-des-Vosges-dans-la-region-Grand-Est-768x647.png 768w, https:\/\/gifex.com\/fr\/wp-content\/uploads\/12805\/Carte-de-localisation-des-Vosges-dans-la-region-Grand-Est-1536x1294.png 1536w, https:\/\/gifex.com\/fr\/wp-content\/uploads\/12805\/Carte-de-localisation-des-Vosges-dans-la-region-Grand-Est-2048x1725.png 2048w, https:\/\/gifex.com\/fr\/wp-content\/uploads\/12805\/Carte-de-localisation-des-Vosges-dans-la-region-Grand-Est-1600x1347.png 1600w\" sizes=\"(max-width: 400px) 100vw, 400px\" \/><\/a><figcaption id=\"caption-attachment-53858\" class=\"wp-caption-text\"><label style=\"font-size: 15px;\">Carte de localisation des Vosges dans la r\u00e9gion Grand Est.<\/label><\/figcaption><\/figure>\n","protected":false},"excerpt":{"rendered":"<p>Le d\u00e9partement des Vosges (repr\u00e9sent\u00e9 en couleur olive sur les cartes ci-dessus et ci-dessous) se situe au sud de la r\u00e9gion Grand Est, dans le quadrant nord-est<\/p>\n","protected":false},"author":1,"featured_media":53859,"template":"","categoria_ficha":[1869],"class_list":["post-12805","ficha","type-ficha","status-publish","has-post-thumbnail","hentry","categoria_ficha-cartes-du-departement-des-vosges"],"acf":[],"_links":{"self":[{"href":"https:\/\/gifex.com\/fr\/wp-json\/wp\/v2\/ficha\/12805","targetHints":{"allow":["GET"]}}],"collection":[{"href":"https:\/\/gifex.com\/fr\/wp-json\/wp\/v2\/ficha"}],"about":[{"href":"https:\/\/gifex.com\/fr\/wp-json\/wp\/v2\/types\/ficha"}],"author":[{"embeddable":true,"href":"https:\/\/gifex.com\/fr\/wp-json\/wp\/v2\/users\/1"}],"version-history":[{"count":6,"href":"https:\/\/gifex.com\/fr\/wp-json\/wp\/v2\/ficha\/12805\/revisions"}],"predecessor-version":[{"id":53860,"href":"https:\/\/gifex.com\/fr\/wp-json\/wp\/v2\/ficha\/12805\/revisions\/53860"}],"wp:featuredmedia":[{"embeddable":true,"href":"https:\/\/gifex.com\/fr\/wp-json\/wp\/v2\/media\/53859"}],"wp:attachment":[{"href":"https:\/\/gifex.com\/fr\/wp-json\/wp\/v2\/media?parent=12805"}],"wp:term":[{"taxonomy":"categoria_ficha","embeddable":true,"href":"https:\/\/gifex.com\/fr\/wp-json\/wp\/v2\/categoria_ficha?post=12805"}],"curies":[{"name":"wp","href":"https:\/\/api.w.org\/{rel}","templated":true}]}}

Où se trouve le département des Vosges ?

<p style="text-align: center;"><label style="font-size: 15px;">Carte de localisation des Vosges en France.</label></p>
<p>Le département des Vosges (représenté en couleur olive sur les cartes ci-dessus et ci-dessous) se situe au sud de la région Grand Est, dans le quadrant nord-est de la France.</p>
<p>Le département des Vosges est entouré par les départements de la Meuse et de Meurthe-et-Moselle au nord qu&#8217;il croise au site des trois bornes, du Bas-Rhin et du Haut-Rhin à l&#8217;est, du Territoire de Belfort et de la Haute-Saône au sud, et de la Haute-Marne à l&#8217;ouest.</p>
<p>Le département des Vosges est centré aux coordonnées : 48° 10′ nord, 6° 25′ est.</p>
<figure id="attachment_53858" aria-describedby="caption-attachment-53858" style="width: 400px" class="wp-caption aligncenter"><a href="https://gifex.com/fr/wp-content/uploads/12805/Carte-de-localisation-des-Vosges-dans-la-region-Grand-Est.png" target="_blank" rel="noopener"><img fetchpriority="high" decoding="async" class="wp-image-53858" title="Carte de localisation des Vosges dans la région Grand Est." src="https://gifex.com/fr/wp-content/uploads/12805/Carte-de-localisation-des-Vosges-dans-la-region-Grand-Est-300x253.png" alt="Carte de localisation des Vosges dans la région Grand Est." width="400" height="337" srcset="https://gifex.com/fr/wp-content/uploads/12805/Carte-de-localisation-des-Vosges-dans-la-region-Grand-Est-300x253.png 300w, https://gifex.com/fr/wp-content/uploads/12805/Carte-de-localisation-des-Vosges-dans-la-region-Grand-Est-1024x862.png 1024w, https://gifex.com/fr/wp-content/uploads/12805/Carte-de-localisation-des-Vosges-dans-la-region-Grand-Est-768x647.png 768w, https://gifex.com/fr/wp-content/uploads/12805/Carte-de-localisation-des-Vosges-dans-la-region-Grand-Est-1536x1294.png 1536w, https://gifex.com/fr/wp-content/uploads/12805/Carte-de-localisation-des-Vosges-dans-la-region-Grand-Est-2048x1725.png 2048w, https://gifex.com/fr/wp-content/uploads/12805/Carte-de-localisation-des-Vosges-dans-la-region-Grand-Est-1600x1347.png 1600w" sizes="(max-width: 400px) 100vw, 400px" /></a><figcaption id="caption-attachment-53858" class="wp-caption-text"><label style="font-size: 15px;">Carte de localisation des Vosges dans la région Grand Est.</label></figcaption></figure>

<p>Le département des Vosges (représenté en couleur olive sur les cartes ci-dessus et ci-dessous) se situe au sud de la région Grand Est, dans le quadrant nord-est</p>
