{"id":12801,"date":"2022-05-13T13:53:08","date_gmt":"2022-05-13T13:53:08","guid":{"rendered":"https:\/\/gifex.com\/fr\/?post_type=ficha&#038;p=12801"},"modified":"2024-10-19T17:52:27","modified_gmt":"2024-10-19T17:52:27","slug":"ou-se-trouve-le-departement-des-pyrenees-orientales","status":"publish","type":"ficha","link":"https:\/\/gifex.com\/fr\/fichier\/ou-se-trouve-le-departement-des-pyrenees-orientales\/","title":{"rendered":"O\u00f9 se trouve le d\u00e9partement des Pyr\u00e9n\u00e9es-Orientales ?"},"content":{"rendered":"<p style=\"text-align: center;\"><label style=\"font-size: 15px;\">Carte de localisation du d\u00e9partement des Pyr\u00e9n\u00e9es-Orientales en France.<\/label><\/p>\n<p>Le d\u00e9partement des Pyr\u00e9n\u00e9es-Orientales (repr\u00e9sent\u00e9 en couleur olive sur les cartes ci-dessus et ci-dessous) se situe au sud de la r\u00e9gion Occitanie, dans le sud de la France.<\/p>\n<p>Le d\u00e9partement des Pyr\u00e9n\u00e9es-Orientales est limitrophe de la mer M\u00e9diterran\u00e9e \u00e0 l&#8217;est, l&#8217;Espagne (Catalogne, province de G\u00e9rone) au sud, du d\u00e9partement de l&#8217;Aude au nord, de l&#8217;Andorre et du d\u00e9partement de l&#8217;Ari\u00e8ge \u00e0 l&#8217;ouest. Il entoure \u00e9galement la petite enclave espagnole de Ll\u00edvia et poss\u00e8de donc deux fronti\u00e8res distinctes avec l&#8217;Espagne.<\/p>\n<p>Le d\u00e9partement des Pyr\u00e9n\u00e9es-Orientales est centr\u00e9 aux coordonn\u00e9es : 42\u00b0 38\u2032 nord, 2\u00b0 40\u2032 est.<\/p>\n<figure id=\"attachment_52629\" aria-describedby=\"caption-attachment-52629\" style=\"width: 400px\" class=\"wp-caption aligncenter\"><a href=\"https:\/\/gifex.com\/fr\/wp-content\/uploads\/12801\/Carte-de-localisation-des-Pyrenees-Orientales-dans-la-region-Occitanie.png\" target=\"_blank\" rel=\"noopener\"><img fetchpriority=\"high\" decoding=\"async\" class=\"wp-image-52629\" title=\"Carte de localisation des Pyr\u00e9n\u00e9es-Orientales dans la r\u00e9gion Occitanie.\" src=\"https:\/\/gifex.com\/fr\/wp-content\/uploads\/12801\/Carte-de-localisation-des-Pyrenees-Orientales-dans-la-region-Occitanie-300x232.png\" alt=\"Carte de localisation des Pyr\u00e9n\u00e9es-Orientales dans la r\u00e9gion Occitanie.\" width=\"400\" height=\"310\" srcset=\"https:\/\/gifex.com\/fr\/wp-content\/uploads\/12801\/Carte-de-localisation-des-Pyrenees-Orientales-dans-la-region-Occitanie-300x232.png 300w, https:\/\/gifex.com\/fr\/wp-content\/uploads\/12801\/Carte-de-localisation-des-Pyrenees-Orientales-dans-la-region-Occitanie-1024x793.png 1024w, https:\/\/gifex.com\/fr\/wp-content\/uploads\/12801\/Carte-de-localisation-des-Pyrenees-Orientales-dans-la-region-Occitanie-768x595.png 768w, https:\/\/gifex.com\/fr\/wp-content\/uploads\/12801\/Carte-de-localisation-des-Pyrenees-Orientales-dans-la-region-Occitanie-1536x1190.png 1536w, https:\/\/gifex.com\/fr\/wp-content\/uploads\/12801\/Carte-de-localisation-des-Pyrenees-Orientales-dans-la-region-Occitanie-2048x1586.png 2048w, https:\/\/gifex.com\/fr\/wp-content\/uploads\/12801\/Carte-de-localisation-des-Pyrenees-Orientales-dans-la-region-Occitanie-1600x1239.png 1600w\" sizes=\"(max-width: 400px) 100vw, 400px\" \/><\/a><figcaption id=\"caption-attachment-52629\" class=\"wp-caption-text\"><label style=\"font-size: 15px;\">Carte de localisation des Pyr\u00e9n\u00e9es-Orientales dans la r\u00e9gion Occitanie.<\/label><\/figcaption><\/figure>\n","protected":false},"excerpt":{"rendered":"<p>Le d\u00e9partement des Pyr\u00e9n\u00e9es-Orientales (repr\u00e9sent\u00e9 en couleur olive sur les cartes ci-dessus et ci-dessous) se situe au sud de la r\u00e9gion Occitanie, dans le sud <\/p>\n","protected":false},"author":1,"featured_media":52628,"template":"","categoria_ficha":[1853],"class_list":["post-12801","ficha","type-ficha","status-publish","has-post-thumbnail","hentry","categoria_ficha-cartes-du-departement-des-pyrenees-orientales"],"acf":[],"_links":{"self":[{"href":"https:\/\/gifex.com\/fr\/wp-json\/wp\/v2\/ficha\/12801","targetHints":{"allow":["GET"]}}],"collection":[{"href":"https:\/\/gifex.com\/fr\/wp-json\/wp\/v2\/ficha"}],"about":[{"href":"https:\/\/gifex.com\/fr\/wp-json\/wp\/v2\/types\/ficha"}],"author":[{"embeddable":true,"href":"https:\/\/gifex.com\/fr\/wp-json\/wp\/v2\/users\/1"}],"version-history":[{"count":6,"href":"https:\/\/gifex.com\/fr\/wp-json\/wp\/v2\/ficha\/12801\/revisions"}],"predecessor-version":[{"id":52630,"href":"https:\/\/gifex.com\/fr\/wp-json\/wp\/v2\/ficha\/12801\/revisions\/52630"}],"wp:featuredmedia":[{"embeddable":true,"href":"https:\/\/gifex.com\/fr\/wp-json\/wp\/v2\/media\/52628"}],"wp:attachment":[{"href":"https:\/\/gifex.com\/fr\/wp-json\/wp\/v2\/media?parent=12801"}],"wp:term":[{"taxonomy":"categoria_ficha","embeddable":true,"href":"https:\/\/gifex.com\/fr\/wp-json\/wp\/v2\/categoria_ficha?post=12801"}],"curies":[{"name":"wp","href":"https:\/\/api.w.org\/{rel}","templated":true}]}}

Où se trouve le département des Pyrénées-Orientales ?

<p style="text-align: center;"><label style="font-size: 15px;">Carte de localisation du département des Pyrénées-Orientales en France.</label></p>
<p>Le département des Pyrénées-Orientales (représenté en couleur olive sur les cartes ci-dessus et ci-dessous) se situe au sud de la région Occitanie, dans le sud de la France.</p>
<p>Le département des Pyrénées-Orientales est limitrophe de la mer Méditerranée à l&#8217;est, l&#8217;Espagne (Catalogne, province de Gérone) au sud, du département de l&#8217;Aude au nord, de l&#8217;Andorre et du département de l&#8217;Ariège à l&#8217;ouest. Il entoure également la petite enclave espagnole de Llívia et possède donc deux frontières distinctes avec l&#8217;Espagne.</p>
<p>Le département des Pyrénées-Orientales est centré aux coordonnées : 42° 38′ nord, 2° 40′ est.</p>
<figure id="attachment_52629" aria-describedby="caption-attachment-52629" style="width: 400px" class="wp-caption aligncenter"><a href="https://gifex.com/fr/wp-content/uploads/12801/Carte-de-localisation-des-Pyrenees-Orientales-dans-la-region-Occitanie.png" target="_blank" rel="noopener"><img fetchpriority="high" decoding="async" class="wp-image-52629" title="Carte de localisation des Pyrénées-Orientales dans la région Occitanie." src="https://gifex.com/fr/wp-content/uploads/12801/Carte-de-localisation-des-Pyrenees-Orientales-dans-la-region-Occitanie-300x232.png" alt="Carte de localisation des Pyrénées-Orientales dans la région Occitanie." width="400" height="310" srcset="https://gifex.com/fr/wp-content/uploads/12801/Carte-de-localisation-des-Pyrenees-Orientales-dans-la-region-Occitanie-300x232.png 300w, https://gifex.com/fr/wp-content/uploads/12801/Carte-de-localisation-des-Pyrenees-Orientales-dans-la-region-Occitanie-1024x793.png 1024w, https://gifex.com/fr/wp-content/uploads/12801/Carte-de-localisation-des-Pyrenees-Orientales-dans-la-region-Occitanie-768x595.png 768w, https://gifex.com/fr/wp-content/uploads/12801/Carte-de-localisation-des-Pyrenees-Orientales-dans-la-region-Occitanie-1536x1190.png 1536w, https://gifex.com/fr/wp-content/uploads/12801/Carte-de-localisation-des-Pyrenees-Orientales-dans-la-region-Occitanie-2048x1586.png 2048w, https://gifex.com/fr/wp-content/uploads/12801/Carte-de-localisation-des-Pyrenees-Orientales-dans-la-region-Occitanie-1600x1239.png 1600w" sizes="(max-width: 400px) 100vw, 400px" /></a><figcaption id="caption-attachment-52629" class="wp-caption-text"><label style="font-size: 15px;">Carte de localisation des Pyrénées-Orientales dans la région Occitanie.</label></figcaption></figure>

<p>Le département des Pyrénées-Orientales (représenté en couleur olive sur les cartes ci-dessus et ci-dessous) se situe au sud de la région Occitanie, dans le sud </p>
