{"id":12701,"date":"2022-05-11T21:43:59","date_gmt":"2022-05-11T21:43:59","guid":{"rendered":"https:\/\/gifex.com\/fr\/?post_type=ficha&#038;p=12701"},"modified":"2024-10-17T18:03:07","modified_gmt":"2024-10-17T18:03:07","slug":"ou-se-trouve-le-departement-de-la-seine-saint-denis","status":"publish","type":"ficha","link":"https:\/\/gifex.com\/fr\/fichier\/ou-se-trouve-le-departement-de-la-seine-saint-denis\/","title":{"rendered":"O\u00f9 se trouve le d\u00e9partement de la Seine-Saint-Denis ?"},"content":{"rendered":"<p style=\"text-align: center;\"><label style=\"font-size: 15px;\">Carte de localisation du d\u00e9partement de la Seine-Saint-Denis en France.<\/label><\/p>\n<p>Le d\u00e9partement de la Seine-Saint-Denis (repr\u00e9sent\u00e9 en couleur olive sur les cartes ci-dessus et ci-dessous) se situe dans le centre-nord de la France, au nord-est de l&#8217;agglom\u00e9ration parisienne, dans la r\u00e9gion \u00cele-de-France.<\/p>\n<p>La Seine-Saint-Denis forme avec les deux autres petits d\u00e9partements touchant Paris (les Hauts-de-Seine et le Val-de-Marne) la petite couronne de la r\u00e9gion parisienne.<\/p>\n<p>Le d\u00e9partement de la Seine-Saint-Denis borde les d\u00e9partements des Hauts-de-Seine au nord-ouest, du Val d&#8217;Oise au nord, de la Seine et Marne \u00e0 l&#8217;est, du Val-de-Marne au sud et Paris au sud-ouest.<\/p>\n<p>Le d\u00e9partement de la Seine-Saint-Denis est centr\u00e9 aux coordonn\u00e9es : 48\u00b0 54\u2032 nord, 2\u00b0 29\u2032 est.<\/p>\n<figure id=\"attachment_52190\" aria-describedby=\"caption-attachment-52190\" style=\"width: 400px\" class=\"wp-caption aligncenter\"><a href=\"https:\/\/gifex.com\/fr\/wp-content\/uploads\/12701\/Carte-de-localisation-de-la-Seine-Saint-Denis-dans-la-region-Ile-de-France.png\" target=\"_blank\" rel=\"noopener\"><img fetchpriority=\"high\" decoding=\"async\" class=\"wp-image-52190\" title=\"Carte de localisation de la Seine-Saint-Denis dans la r\u00e9gion \u00cele-de-France.\" src=\"https:\/\/gifex.com\/fr\/wp-content\/uploads\/12701\/Carte-de-localisation-de-la-Seine-Saint-Denis-dans-la-region-Ile-de-France-300x242.png\" alt=\"Carte de localisation de la Seine-Saint-Denis dans la r\u00e9gion \u00cele-de-France.\" width=\"400\" height=\"323\" srcset=\"https:\/\/gifex.com\/fr\/wp-content\/uploads\/12701\/Carte-de-localisation-de-la-Seine-Saint-Denis-dans-la-region-Ile-de-France-300x242.png 300w, https:\/\/gifex.com\/fr\/wp-content\/uploads\/12701\/Carte-de-localisation-de-la-Seine-Saint-Denis-dans-la-region-Ile-de-France-1024x828.png 1024w, https:\/\/gifex.com\/fr\/wp-content\/uploads\/12701\/Carte-de-localisation-de-la-Seine-Saint-Denis-dans-la-region-Ile-de-France-768x621.png 768w, https:\/\/gifex.com\/fr\/wp-content\/uploads\/12701\/Carte-de-localisation-de-la-Seine-Saint-Denis-dans-la-region-Ile-de-France-1536x1242.png 1536w, https:\/\/gifex.com\/fr\/wp-content\/uploads\/12701\/Carte-de-localisation-de-la-Seine-Saint-Denis-dans-la-region-Ile-de-France-2048x1655.png 2048w, https:\/\/gifex.com\/fr\/wp-content\/uploads\/12701\/Carte-de-localisation-de-la-Seine-Saint-Denis-dans-la-region-Ile-de-France-1600x1293.png 1600w\" sizes=\"(max-width: 400px) 100vw, 400px\" \/><\/a><figcaption id=\"caption-attachment-52190\" class=\"wp-caption-text\"><label style=\"font-size: 15px;\">Carte de localisation de la Seine-Saint-Denis dans la r\u00e9gion \u00cele-de-France.<\/label><\/figcaption><\/figure>\n","protected":false},"excerpt":{"rendered":"<p>Le d\u00e9partement de la Seine-Saint-Denis (repr\u00e9sent\u00e9 en couleur olive sur les cartes ci-dessus et ci-dessous) se situe dans le centre-nord de la France, au &#8230;<\/p>\n","protected":false},"author":1,"featured_media":52191,"template":"","categoria_ficha":[1874],"class_list":["post-12701","ficha","type-ficha","status-publish","has-post-thumbnail","hentry","categoria_ficha-cartes-du-departement-de-la-seine-saint-denis"],"acf":[],"_links":{"self":[{"href":"https:\/\/gifex.com\/fr\/wp-json\/wp\/v2\/ficha\/12701","targetHints":{"allow":["GET"]}}],"collection":[{"href":"https:\/\/gifex.com\/fr\/wp-json\/wp\/v2\/ficha"}],"about":[{"href":"https:\/\/gifex.com\/fr\/wp-json\/wp\/v2\/types\/ficha"}],"author":[{"embeddable":true,"href":"https:\/\/gifex.com\/fr\/wp-json\/wp\/v2\/users\/1"}],"version-history":[{"count":11,"href":"https:\/\/gifex.com\/fr\/wp-json\/wp\/v2\/ficha\/12701\/revisions"}],"predecessor-version":[{"id":52399,"href":"https:\/\/gifex.com\/fr\/wp-json\/wp\/v2\/ficha\/12701\/revisions\/52399"}],"wp:featuredmedia":[{"embeddable":true,"href":"https:\/\/gifex.com\/fr\/wp-json\/wp\/v2\/media\/52191"}],"wp:attachment":[{"href":"https:\/\/gifex.com\/fr\/wp-json\/wp\/v2\/media?parent=12701"}],"wp:term":[{"taxonomy":"categoria_ficha","embeddable":true,"href":"https:\/\/gifex.com\/fr\/wp-json\/wp\/v2\/categoria_ficha?post=12701"}],"curies":[{"name":"wp","href":"https:\/\/api.w.org\/{rel}","templated":true}]}}

Où se trouve le département de la Seine-Saint-Denis ?

<p style="text-align: center;"><label style="font-size: 15px;">Carte de localisation du département de la Seine-Saint-Denis en France.</label></p>
<p>Le département de la Seine-Saint-Denis (représenté en couleur olive sur les cartes ci-dessus et ci-dessous) se situe dans le centre-nord de la France, au nord-est de l&#8217;agglomération parisienne, dans la région Île-de-France.</p>
<p>La Seine-Saint-Denis forme avec les deux autres petits départements touchant Paris (les Hauts-de-Seine et le Val-de-Marne) la petite couronne de la région parisienne.</p>
<p>Le département de la Seine-Saint-Denis borde les départements des Hauts-de-Seine au nord-ouest, du Val d&#8217;Oise au nord, de la Seine et Marne à l&#8217;est, du Val-de-Marne au sud et Paris au sud-ouest.</p>
<p>Le département de la Seine-Saint-Denis est centré aux coordonnées : 48° 54′ nord, 2° 29′ est.</p>
<figure id="attachment_52190" aria-describedby="caption-attachment-52190" style="width: 400px" class="wp-caption aligncenter"><a href="https://gifex.com/fr/wp-content/uploads/12701/Carte-de-localisation-de-la-Seine-Saint-Denis-dans-la-region-Ile-de-France.png" target="_blank" rel="noopener"><img fetchpriority="high" decoding="async" class="wp-image-52190" title="Carte de localisation de la Seine-Saint-Denis dans la région Île-de-France." src="https://gifex.com/fr/wp-content/uploads/12701/Carte-de-localisation-de-la-Seine-Saint-Denis-dans-la-region-Ile-de-France-300x242.png" alt="Carte de localisation de la Seine-Saint-Denis dans la région Île-de-France." width="400" height="323" srcset="https://gifex.com/fr/wp-content/uploads/12701/Carte-de-localisation-de-la-Seine-Saint-Denis-dans-la-region-Ile-de-France-300x242.png 300w, https://gifex.com/fr/wp-content/uploads/12701/Carte-de-localisation-de-la-Seine-Saint-Denis-dans-la-region-Ile-de-France-1024x828.png 1024w, https://gifex.com/fr/wp-content/uploads/12701/Carte-de-localisation-de-la-Seine-Saint-Denis-dans-la-region-Ile-de-France-768x621.png 768w, https://gifex.com/fr/wp-content/uploads/12701/Carte-de-localisation-de-la-Seine-Saint-Denis-dans-la-region-Ile-de-France-1536x1242.png 1536w, https://gifex.com/fr/wp-content/uploads/12701/Carte-de-localisation-de-la-Seine-Saint-Denis-dans-la-region-Ile-de-France-2048x1655.png 2048w, https://gifex.com/fr/wp-content/uploads/12701/Carte-de-localisation-de-la-Seine-Saint-Denis-dans-la-region-Ile-de-France-1600x1293.png 1600w" sizes="(max-width: 400px) 100vw, 400px" /></a><figcaption id="caption-attachment-52190" class="wp-caption-text"><label style="font-size: 15px;">Carte de localisation de la Seine-Saint-Denis dans la région Île-de-France.</label></figcaption></figure>

<p>Le département de la Seine-Saint-Denis (représenté en couleur olive sur les cartes ci-dessus et ci-dessous) se situe dans le centre-nord de la France, au &#8230;</p>
