{"id":12500,"date":"2022-05-09T16:52:36","date_gmt":"2022-05-09T16:52:36","guid":{"rendered":"https:\/\/gifex.com\/fr\/?post_type=ficha&#038;p=12500"},"modified":"2024-10-17T18:21:16","modified_gmt":"2024-10-17T18:21:16","slug":"ou-se-trouve-le-departement-de-l-ardeche","status":"publish","type":"ficha","link":"https:\/\/gifex.com\/fr\/fichier\/ou-se-trouve-le-departement-de-l-ardeche\/","title":{"rendered":"O\u00f9 se trouve le d\u00e9partement de l&#8217;Ard\u00e8che ?"},"content":{"rendered":"<p style=\"text-align: center;\"><label style=\"font-size: 15px;\">Carte de localisation du d\u00e9partement de l&#8217;Ard\u00e8che en France.<\/label><\/p>\n<p>Le d\u00e9partement de l&#8217;Ard\u00e8che (repr\u00e9sent\u00e9 en couleur olive sur les cartes ci-dessus et ci-dessous) se situe au centre sud de la r\u00e9gion Auvergne-Rh\u00f4ne-Alpes, dans le quadrant sud-est de la France.<\/p>\n<p>Il est limitrophe au nord avec la Loire et l&#8217;Is\u00e8re, \u00e0 l&#8217;est avec la Dr\u00f4me, au sud avec le Vaucluse et le Gard, et \u00e0 l&#8217;ouest avec la Loz\u00e8re et la Haute-Loire.<\/p>\n<p>Le d\u00e9partement de l&#8217;Ard\u00e8che est centr\u00e9 aux coordonn\u00e9es : 44\u00b0 40\u2032 nord, 4\u00b0 25\u2032 est.<\/p>\n<figure id=\"attachment_51818\" aria-describedby=\"caption-attachment-51818\" style=\"width: 400px\" class=\"wp-caption aligncenter\"><a href=\"https:\/\/gifex.com\/fr\/wp-content\/uploads\/12500\/Carte-de-localisation-de-l-Ardeche-dans-la-region-Auvergne-Rhone-Alpes.png\" target=\"_blank\" rel=\"noopener\"><img fetchpriority=\"high\" decoding=\"async\" class=\"wp-image-51818\" title=\"Carte de localisation de l\u2019Ard\u00e8che dans la r\u00e9gion Auvergne-Rh\u00f4ne-Alpes.\" src=\"https:\/\/gifex.com\/fr\/wp-content\/uploads\/12500\/Carte-de-localisation-de-l-Ardeche-dans-la-region-Auvergne-Rhone-Alpes-300x235.png\" alt=\"Carte de localisation de l\u2019Ard\u00e8che dans la r\u00e9gion Auvergne-Rh\u00f4ne-Alpes.\" width=\"400\" height=\"314\" srcset=\"https:\/\/gifex.com\/fr\/wp-content\/uploads\/12500\/Carte-de-localisation-de-l-Ardeche-dans-la-region-Auvergne-Rhone-Alpes-300x235.png 300w, https:\/\/gifex.com\/fr\/wp-content\/uploads\/12500\/Carte-de-localisation-de-l-Ardeche-dans-la-region-Auvergne-Rhone-Alpes-1024x804.png 1024w, https:\/\/gifex.com\/fr\/wp-content\/uploads\/12500\/Carte-de-localisation-de-l-Ardeche-dans-la-region-Auvergne-Rhone-Alpes-768x603.png 768w, https:\/\/gifex.com\/fr\/wp-content\/uploads\/12500\/Carte-de-localisation-de-l-Ardeche-dans-la-region-Auvergne-Rhone-Alpes-1536x1205.png 1536w, https:\/\/gifex.com\/fr\/wp-content\/uploads\/12500\/Carte-de-localisation-de-l-Ardeche-dans-la-region-Auvergne-Rhone-Alpes-2048x1607.png 2048w, https:\/\/gifex.com\/fr\/wp-content\/uploads\/12500\/Carte-de-localisation-de-l-Ardeche-dans-la-region-Auvergne-Rhone-Alpes-1600x1256.png 1600w\" sizes=\"(max-width: 400px) 100vw, 400px\" \/><\/a><figcaption id=\"caption-attachment-51818\" class=\"wp-caption-text\"><label style=\"font-size: 15px;\">Carte de localisation de l\u2019Ard\u00e8che dans la r\u00e9gion Auvergne-Rh\u00f4ne-Alpes.<\/label><\/figcaption><\/figure>\n","protected":false},"excerpt":{"rendered":"<p>Le d\u00e9partement de l&#8217;Ard\u00e8che (repr\u00e9sent\u00e9 en couleur olive sur les cartes ci-dessus et ci-dessous) se situe au centre sud de la r\u00e9gion Auvergne-Rh\u00f4ne-Alpes, dans<\/p>\n","protected":false},"author":1,"featured_media":51819,"template":"","categoria_ficha":[1793],"class_list":["post-12500","ficha","type-ficha","status-publish","has-post-thumbnail","hentry","categoria_ficha-cartes-du-departement-de-l-ardeche"],"acf":[],"_links":{"self":[{"href":"https:\/\/gifex.com\/fr\/wp-json\/wp\/v2\/ficha\/12500","targetHints":{"allow":["GET"]}}],"collection":[{"href":"https:\/\/gifex.com\/fr\/wp-json\/wp\/v2\/ficha"}],"about":[{"href":"https:\/\/gifex.com\/fr\/wp-json\/wp\/v2\/types\/ficha"}],"author":[{"embeddable":true,"href":"https:\/\/gifex.com\/fr\/wp-json\/wp\/v2\/users\/1"}],"version-history":[{"count":8,"href":"https:\/\/gifex.com\/fr\/wp-json\/wp\/v2\/ficha\/12500\/revisions"}],"predecessor-version":[{"id":52415,"href":"https:\/\/gifex.com\/fr\/wp-json\/wp\/v2\/ficha\/12500\/revisions\/52415"}],"wp:featuredmedia":[{"embeddable":true,"href":"https:\/\/gifex.com\/fr\/wp-json\/wp\/v2\/media\/51819"}],"wp:attachment":[{"href":"https:\/\/gifex.com\/fr\/wp-json\/wp\/v2\/media?parent=12500"}],"wp:term":[{"taxonomy":"categoria_ficha","embeddable":true,"href":"https:\/\/gifex.com\/fr\/wp-json\/wp\/v2\/categoria_ficha?post=12500"}],"curies":[{"name":"wp","href":"https:\/\/api.w.org\/{rel}","templated":true}]}}

Où se trouve le département de l&#8217;Ardèche ?

<p style="text-align: center;"><label style="font-size: 15px;">Carte de localisation du département de l&#8217;Ardèche en France.</label></p>
<p>Le département de l&#8217;Ardèche (représenté en couleur olive sur les cartes ci-dessus et ci-dessous) se situe au centre sud de la région Auvergne-Rhône-Alpes, dans le quadrant sud-est de la France.</p>
<p>Il est limitrophe au nord avec la Loire et l&#8217;Isère, à l&#8217;est avec la Drôme, au sud avec le Vaucluse et le Gard, et à l&#8217;ouest avec la Lozère et la Haute-Loire.</p>
<p>Le département de l&#8217;Ardèche est centré aux coordonnées : 44° 40′ nord, 4° 25′ est.</p>
<figure id="attachment_51818" aria-describedby="caption-attachment-51818" style="width: 400px" class="wp-caption aligncenter"><a href="https://gifex.com/fr/wp-content/uploads/12500/Carte-de-localisation-de-l-Ardeche-dans-la-region-Auvergne-Rhone-Alpes.png" target="_blank" rel="noopener"><img fetchpriority="high" decoding="async" class="wp-image-51818" title="Carte de localisation de l’Ardèche dans la région Auvergne-Rhône-Alpes." src="https://gifex.com/fr/wp-content/uploads/12500/Carte-de-localisation-de-l-Ardeche-dans-la-region-Auvergne-Rhone-Alpes-300x235.png" alt="Carte de localisation de l’Ardèche dans la région Auvergne-Rhône-Alpes." width="400" height="314" srcset="https://gifex.com/fr/wp-content/uploads/12500/Carte-de-localisation-de-l-Ardeche-dans-la-region-Auvergne-Rhone-Alpes-300x235.png 300w, https://gifex.com/fr/wp-content/uploads/12500/Carte-de-localisation-de-l-Ardeche-dans-la-region-Auvergne-Rhone-Alpes-1024x804.png 1024w, https://gifex.com/fr/wp-content/uploads/12500/Carte-de-localisation-de-l-Ardeche-dans-la-region-Auvergne-Rhone-Alpes-768x603.png 768w, https://gifex.com/fr/wp-content/uploads/12500/Carte-de-localisation-de-l-Ardeche-dans-la-region-Auvergne-Rhone-Alpes-1536x1205.png 1536w, https://gifex.com/fr/wp-content/uploads/12500/Carte-de-localisation-de-l-Ardeche-dans-la-region-Auvergne-Rhone-Alpes-2048x1607.png 2048w, https://gifex.com/fr/wp-content/uploads/12500/Carte-de-localisation-de-l-Ardeche-dans-la-region-Auvergne-Rhone-Alpes-1600x1256.png 1600w" sizes="(max-width: 400px) 100vw, 400px" /></a><figcaption id="caption-attachment-51818" class="wp-caption-text"><label style="font-size: 15px;">Carte de localisation de l’Ardèche dans la région Auvergne-Rhône-Alpes.</label></figcaption></figure>

<p>Le département de l&#8217;Ardèche (représenté en couleur olive sur les cartes ci-dessus et ci-dessous) se situe au centre sud de la région Auvergne-Rhône-Alpes, dans</p>
