{"id":12338,"date":"2022-05-07T20:50:21","date_gmt":"2022-05-07T20:50:21","guid":{"rendered":"https:\/\/gifex.com\/fr\/?post_type=ficha&#038;p=12338"},"modified":"2024-10-17T00:56:28","modified_gmt":"2024-10-17T00:56:28","slug":"carte-de-la-seine-saint-denis","status":"publish","type":"ficha","link":"https:\/\/gifex.com\/fr\/fichier\/carte-de-la-seine-saint-denis\/","title":{"rendered":"Carte de la Seine-Saint-Denis"},"content":{"rendered":"<p>Carte de la Seine-Saint-Denis <a href=\"https:\/\/gifex.com\/fr\/wp-content\/uploads\/12338\/Carte-de-la-Seine-Saint-Denis.pdf\" target=\"_blank\" rel=\"noopener\">(format pdf)<\/a>, un d\u00e9partement fran\u00e7ais de la r\u00e9gion \u00cele-de-France. L&#8217;INSEE et La Poste lui attribuent le code 93. Les habitants de la Seine-Saint-Denis sont les S\u00e9quano-Dionysiens.<\/p>\n<figure id=\"attachment_12342\" aria-describedby=\"caption-attachment-12342\" style=\"width: 360px\" class=\"wp-caption alignright\"><a href=\"https:\/\/gifex.com\/fr\/wp-content\/uploads\/12338\/La-prefecture-de-Seine-Saint-Denis-a-Bobigny-2007.jpg\" target=\"_blank\" rel=\"noopener\"><img fetchpriority=\"high\" decoding=\"async\" class=\"wp-image-12342\" title=\"La pr\u00e9fecture de Seine-Saint-Denis \u00e0 Bobigny.\" src=\"https:\/\/gifex.com\/fr\/wp-content\/uploads\/12338\/La-prefecture-de-Seine-Saint-Denis-a-Bobigny-2007-300x159.jpg\" alt=\"La pr\u00e9fecture de Seine-Saint-Denis \u00e0 Bobigny.\" width=\"360\" height=\"191\" srcset=\"https:\/\/gifex.com\/fr\/wp-content\/uploads\/12338\/La-prefecture-de-Seine-Saint-Denis-a-Bobigny-2007-300x159.jpg 300w, https:\/\/gifex.com\/fr\/wp-content\/uploads\/12338\/La-prefecture-de-Seine-Saint-Denis-a-Bobigny-2007-1024x543.jpg 1024w, https:\/\/gifex.com\/fr\/wp-content\/uploads\/12338\/La-prefecture-de-Seine-Saint-Denis-a-Bobigny-2007-768x407.jpg 768w, https:\/\/gifex.com\/fr\/wp-content\/uploads\/12338\/La-prefecture-de-Seine-Saint-Denis-a-Bobigny-2007-1536x814.jpg 1536w, https:\/\/gifex.com\/fr\/wp-content\/uploads\/12338\/La-prefecture-de-Seine-Saint-Denis-a-Bobigny-2007-2048x1085.jpg 2048w, https:\/\/gifex.com\/fr\/wp-content\/uploads\/12338\/La-prefecture-de-Seine-Saint-Denis-a-Bobigny-2007-1600x848.jpg 1600w\" sizes=\"(max-width: 360px) 100vw, 360px\" \/><\/a><figcaption id=\"caption-attachment-12342\" class=\"wp-caption-text\"><label style=\"font-size: 15px;\">La pr\u00e9fecture de Seine-Saint-Denis \u00e0 Bobigny.<\/label><\/figcaption><\/figure>\n<ul>\n<li>Superficie totale de la Seine-Saint-Denis 236 km\u00b2<\/li>\n<li>En 2019 la population de la Seine-Saint-Denis \u00e9tait de 1 644 903<\/li>\n<li>Le Chef-lieu du d\u00e9partement est Bobigny<\/li>\n<li>Les principales communes de la Seine-Saint-Denis sont: Saint-Denis, Montreuil, Aubervilliers et Aulnay-sous-Bois.<\/li>\n<\/ul>\n<p>Malgr\u00e9 un taux de ch\u00f4mage \u00e9lev\u00e9, d\u00fb en partie \u00e0 un niveau d&#8217;instruction de la population plus faible que dans les d\u00e9partements voisins et \u00e0 la crise industrielle des ann\u00e9es 1970, la Seine-Saint-Denis reste un d\u00e9partement dynamique.<\/p>\n<figure id=\"attachment_11435\" aria-describedby=\"caption-attachment-11435\" style=\"width: 360px\" class=\"wp-caption alignright\"><a href=\"https:\/\/gifex.com\/fr\/wp-content\/uploads\/11433\/Image-satellite-de-l-aeroport-de-Paris-Charles-de-Gaulle-2013.jpg\" target=\"_blank\" rel=\"noopener\"><img decoding=\"async\" class=\"wp-image-11435\" title=\"Image satellite de l'a\u00e9roport de Paris-Charles-de-Gaulle.\" src=\"https:\/\/gifex.com\/fr\/wp-content\/uploads\/11433\/Image-satellite-de-l-aeroport-de-Paris-Charles-de-Gaulle-2013-300x177.jpg\" alt=\"Image satellite de l'a\u00e9roport de Paris-Charles-de-Gaulle.\" width=\"360\" height=\"212\" srcset=\"https:\/\/gifex.com\/fr\/wp-content\/uploads\/11433\/Image-satellite-de-l-aeroport-de-Paris-Charles-de-Gaulle-2013-300x177.jpg 300w, https:\/\/gifex.com\/fr\/wp-content\/uploads\/11433\/Image-satellite-de-l-aeroport-de-Paris-Charles-de-Gaulle-2013-768x452.jpg 768w, https:\/\/gifex.com\/fr\/wp-content\/uploads\/11433\/Image-satellite-de-l-aeroport-de-Paris-Charles-de-Gaulle-2013.jpg 924w\" sizes=\"(max-width: 360px) 100vw, 360px\" \/><\/a><figcaption id=\"caption-attachment-11435\" class=\"wp-caption-text\"><label style=\"font-size: 15px;\">L&#8217;a\u00e9roport de Paris-Charles-de-Gaulle (qui se trouve \u00e0 cheval sur le Val-d&#8217;Oise et la Seine-Saint-Denis).<\/label><\/figcaption><\/figure>\n<p>Le d\u00e9partement dispose de six grands p\u00f4les \u00e9conomiques :<\/p>\n<ul>\n<li>la zone de la Plaine Saint-Denis prolong\u00e9e par Saint-Ouen-sur-Seine \u00e0 l&#8217;ouest, dans l&#8217;\u00e9tablissement public territorial Plaine Commune, principal p\u00f4le d&#8217;activit\u00e9s de Seine-Saint-Denis (tertiaire de bureaux, recherche, universit\u00e9s, activit\u00e9s industrielles et logistiques) et quatri\u00e8me grand p\u00f4le d&#8217;affaires de l&#8217;\u00cele-de-France apr\u00e8s Paris, La D\u00e9fense et Grand Paris Seine Ouest.<\/li>\n<li>la zone a\u00e9roportuaire de Paris-Charles-de-Gaulle, situ\u00e9e \u00e0 Tremblay-en-France, et les zones d&#8217;activit\u00e9s induites (Parc des expositions de Paris-Nord Villepinte, parc d&#8217;activit\u00e9s Paris-Nord 2).<\/li>\n<li>le secteur de l&#8217;a\u00e9roport du Bourget &#8211; Le Blanc-Mesnil &#8211; Aulnay-sous-Bois, avec la plate-forme logistique de Garonor, de nombreuses zones d&#8217;activit\u00e9s, le centre commercial r\u00e9gional O&#8217;Parinor, le Parc des Expositions du Bourget et, depuis 2017, l&#8217;usine de pales d&#8217;h\u00e9licopt\u00e8res Airbus Helicopters \u00e0 Dugny.<\/li>\n<li>le secteur central de la Seine-Saint-Denis, autour de Pantin, Bobigny, Romainville et Noisy-le-Sec (recherche-d\u00e9veloppement, tertiaire de bureaux, administrations, activit\u00e9s industrielles).<\/li>\n<li>le secteur de Montreuil &#8211; Rosny-sous-Bois &#8211; Bagnolet, pourvu d&#8217;activit\u00e9s tertiaires dans de grands complexes de bureaux (Montreuil et Bagnolet), de grands centres commerciaux (Bagnolet, Montreuil, Rosny-sous-Bois avec Rosny 2 et Domus) et d&#8217;activit\u00e9s industrielles.<\/li>\n<li>le secteur de la ville nouvelle de Marne-la-Vall\u00e9e \u00e0 Noisy-le-Grand (tertiaire de bureaux, universit\u00e9, administrations, zones d&#8217;activit\u00e9s, le centre commercial r\u00e9gional Arcades).<\/li>\n<\/ul>\n","protected":false},"excerpt":{"rendered":"<p>Carte de la Seine-Saint-Denis (format pdf), un d\u00e9partement fran\u00e7ais de la r\u00e9gion \u00cele-de-France. L&#8217;INSEE et La Poste lui attribuent le code 93. Les habitants de <\/p>\n","protected":false},"author":1,"featured_media":52344,"template":"","categoria_ficha":[1874],"class_list":["post-12338","ficha","type-ficha","status-publish","has-post-thumbnail","hentry","categoria_ficha-cartes-du-departement-de-la-seine-saint-denis"],"acf":[],"_links":{"self":[{"href":"https:\/\/gifex.com\/fr\/wp-json\/wp\/v2\/ficha\/12338","targetHints":{"allow":["GET"]}}],"collection":[{"href":"https:\/\/gifex.com\/fr\/wp-json\/wp\/v2\/ficha"}],"about":[{"href":"https:\/\/gifex.com\/fr\/wp-json\/wp\/v2\/types\/ficha"}],"author":[{"embeddable":true,"href":"https:\/\/gifex.com\/fr\/wp-json\/wp\/v2\/users\/1"}],"version-history":[{"count":6,"href":"https:\/\/gifex.com\/fr\/wp-json\/wp\/v2\/ficha\/12338\/revisions"}],"predecessor-version":[{"id":52196,"href":"https:\/\/gifex.com\/fr\/wp-json\/wp\/v2\/ficha\/12338\/revisions\/52196"}],"wp:featuredmedia":[{"embeddable":true,"href":"https:\/\/gifex.com\/fr\/wp-json\/wp\/v2\/media\/52344"}],"wp:attachment":[{"href":"https:\/\/gifex.com\/fr\/wp-json\/wp\/v2\/media?parent=12338"}],"wp:term":[{"taxonomy":"categoria_ficha","embeddable":true,"href":"https:\/\/gifex.com\/fr\/wp-json\/wp\/v2\/categoria_ficha?post=12338"}],"curies":[{"name":"wp","href":"https:\/\/api.w.org\/{rel}","templated":true}]}}

<p>Carte de la Seine-Saint-Denis <a href="https://gifex.com/fr/wp-content/uploads/12338/Carte-de-la-Seine-Saint-Denis.pdf" target="_blank" rel="noopener">(format pdf)</a>, un département français de la région Île-de-France. L&#8217;INSEE et La Poste lui attribuent le code 93. Les habitants de la Seine-Saint-Denis sont les Séquano-Dionysiens.</p>
<figure id="attachment_12342" aria-describedby="caption-attachment-12342" style="width: 360px" class="wp-caption alignright"><a href="https://gifex.com/fr/wp-content/uploads/12338/La-prefecture-de-Seine-Saint-Denis-a-Bobigny-2007.jpg" target="_blank" rel="noopener"><img fetchpriority="high" decoding="async" class="wp-image-12342" title="La préfecture de Seine-Saint-Denis à Bobigny." src="https://gifex.com/fr/wp-content/uploads/12338/La-prefecture-de-Seine-Saint-Denis-a-Bobigny-2007-300x159.jpg" alt="La préfecture de Seine-Saint-Denis à Bobigny." width="360" height="191" srcset="https://gifex.com/fr/wp-content/uploads/12338/La-prefecture-de-Seine-Saint-Denis-a-Bobigny-2007-300x159.jpg 300w, https://gifex.com/fr/wp-content/uploads/12338/La-prefecture-de-Seine-Saint-Denis-a-Bobigny-2007-1024x543.jpg 1024w, https://gifex.com/fr/wp-content/uploads/12338/La-prefecture-de-Seine-Saint-Denis-a-Bobigny-2007-768x407.jpg 768w, https://gifex.com/fr/wp-content/uploads/12338/La-prefecture-de-Seine-Saint-Denis-a-Bobigny-2007-1536x814.jpg 1536w, https://gifex.com/fr/wp-content/uploads/12338/La-prefecture-de-Seine-Saint-Denis-a-Bobigny-2007-2048x1085.jpg 2048w, https://gifex.com/fr/wp-content/uploads/12338/La-prefecture-de-Seine-Saint-Denis-a-Bobigny-2007-1600x848.jpg 1600w" sizes="(max-width: 360px) 100vw, 360px" /></a><figcaption id="caption-attachment-12342" class="wp-caption-text"><label style="font-size: 15px;">La préfecture de Seine-Saint-Denis à Bobigny.</label></figcaption></figure>
<ul>
<li>Superficie totale de la Seine-Saint-Denis 236 km²</li>
<li>En 2019 la population de la Seine-Saint-Denis était de 1 644 903</li>
<li>Le Chef-lieu du département est Bobigny</li>
<li>Les principales communes de la Seine-Saint-Denis sont: Saint-Denis, Montreuil, Aubervilliers et Aulnay-sous-Bois.</li>
</ul>
<p>Malgré un taux de chômage élevé, dû en partie à un niveau d&#8217;instruction de la population plus faible que dans les départements voisins et à la crise industrielle des années 1970, la Seine-Saint-Denis reste un département dynamique.</p>
<figure id="attachment_11435" aria-describedby="caption-attachment-11435" style="width: 360px" class="wp-caption alignright"><a href="https://gifex.com/fr/wp-content/uploads/11433/Image-satellite-de-l-aeroport-de-Paris-Charles-de-Gaulle-2013.jpg" target="_blank" rel="noopener"><img decoding="async" class="wp-image-11435" title="Image satellite de l'aéroport de Paris-Charles-de-Gaulle." src="https://gifex.com/fr/wp-content/uploads/11433/Image-satellite-de-l-aeroport-de-Paris-Charles-de-Gaulle-2013-300x177.jpg" alt="Image satellite de l'aéroport de Paris-Charles-de-Gaulle." width="360" height="212" srcset="https://gifex.com/fr/wp-content/uploads/11433/Image-satellite-de-l-aeroport-de-Paris-Charles-de-Gaulle-2013-300x177.jpg 300w, https://gifex.com/fr/wp-content/uploads/11433/Image-satellite-de-l-aeroport-de-Paris-Charles-de-Gaulle-2013-768x452.jpg 768w, https://gifex.com/fr/wp-content/uploads/11433/Image-satellite-de-l-aeroport-de-Paris-Charles-de-Gaulle-2013.jpg 924w" sizes="(max-width: 360px) 100vw, 360px" /></a><figcaption id="caption-attachment-11435" class="wp-caption-text"><label style="font-size: 15px;">L&#8217;aéroport de Paris-Charles-de-Gaulle (qui se trouve à cheval sur le Val-d&#8217;Oise et la Seine-Saint-Denis).</label></figcaption></figure>
<p>Le département dispose de six grands pôles économiques :</p>
<ul>
<li>la zone de la Plaine Saint-Denis prolongée par Saint-Ouen-sur-Seine à l&#8217;ouest, dans l&#8217;établissement public territorial Plaine Commune, principal pôle d&#8217;activités de Seine-Saint-Denis (tertiaire de bureaux, recherche, universités, activités industrielles et logistiques) et quatrième grand pôle d&#8217;affaires de l&#8217;Île-de-France après Paris, La Défense et Grand Paris Seine Ouest.</li>
<li>la zone aéroportuaire de Paris-Charles-de-Gaulle, située à Tremblay-en-France, et les zones d&#8217;activités induites (Parc des expositions de Paris-Nord Villepinte, parc d&#8217;activités Paris-Nord 2).</li>
<li>le secteur de l&#8217;aéroport du Bourget &#8211; Le Blanc-Mesnil &#8211; Aulnay-sous-Bois, avec la plate-forme logistique de Garonor, de nombreuses zones d&#8217;activités, le centre commercial régional O&#8217;Parinor, le Parc des Expositions du Bourget et, depuis 2017, l&#8217;usine de pales d&#8217;hélicoptères Airbus Helicopters à Dugny.</li>
<li>le secteur central de la Seine-Saint-Denis, autour de Pantin, Bobigny, Romainville et Noisy-le-Sec (recherche-développement, tertiaire de bureaux, administrations, activités industrielles).</li>
<li>le secteur de Montreuil &#8211; Rosny-sous-Bois &#8211; Bagnolet, pourvu d&#8217;activités tertiaires dans de grands complexes de bureaux (Montreuil et Bagnolet), de grands centres commerciaux (Bagnolet, Montreuil, Rosny-sous-Bois avec Rosny 2 et Domus) et d&#8217;activités industrielles.</li>
<li>le secteur de la ville nouvelle de Marne-la-Vallée à Noisy-le-Grand (tertiaire de bureaux, université, administrations, zones d&#8217;activités, le centre commercial régional Arcades).</li>
</ul>

<p>Carte de la Seine-Saint-Denis (format pdf), un département français de la région Île-de-France. L&#8217;INSEE et La Poste lui attribuent le code 93. Les habitants de </p>
