{"id":12077,"date":"2022-05-04T17:23:23","date_gmt":"2022-05-04T17:23:23","guid":{"rendered":"https:\/\/gifex.com\/fr\/?post_type=ficha&#038;p=12077"},"modified":"2024-11-08T18:34:50","modified_gmt":"2024-11-08T18:34:50","slug":"carte-de-meurthe-et-moselle","status":"publish","type":"ficha","link":"https:\/\/gifex.com\/fr\/fichier\/carte-de-meurthe-et-moselle\/","title":{"rendered":"Carte de Meurthe-et-Moselle"},"content":{"rendered":"<figure id=\"attachment_53749\" aria-describedby=\"caption-attachment-53749\" style=\"width: 360px\" class=\"wp-caption alignright\"><a href=\"https:\/\/gifex.com\/fr\/wp-content\/uploads\/12077\/Carte-des-environs-de-Nancy.jpg\" target=\"_blank\" rel=\"noopener\"><img fetchpriority=\"high\" decoding=\"async\" class=\"wp-image-53749\" title=\"Carte des environs de Nancy.\" src=\"https:\/\/gifex.com\/fr\/wp-content\/uploads\/12077\/Carte-des-environs-de-Nancy-300x179.jpg\" alt=\"Carte des environs de Nancy.\" width=\"360\" height=\"215\" srcset=\"https:\/\/gifex.com\/fr\/wp-content\/uploads\/12077\/Carte-des-environs-de-Nancy-300x179.jpg 300w, https:\/\/gifex.com\/fr\/wp-content\/uploads\/12077\/Carte-des-environs-de-Nancy-1024x612.jpg 1024w, https:\/\/gifex.com\/fr\/wp-content\/uploads\/12077\/Carte-des-environs-de-Nancy-768x459.jpg 768w, https:\/\/gifex.com\/fr\/wp-content\/uploads\/12077\/Carte-des-environs-de-Nancy.jpg 1204w\" sizes=\"(max-width: 360px) 100vw, 360px\" \/><\/a><figcaption id=\"caption-attachment-53749\" class=\"wp-caption-text\"><label style=\"font-size: 15px;\">Carte des environs de Nancy.<\/label><\/figcaption><\/figure>\n<p>Carte de Meurthe-et-Moselle <a href=\"https:\/\/gifex.com\/fr\/wp-content\/uploads\/12077\/Carte-de-Meurthe-et-Moselle.pdf\" target=\"_blank\" rel=\"noopener\">(format pdf)<\/a>, un d\u00e9partement fran\u00e7ais, du nom des rivi\u00e8res Meurthe et Moselle. Il fait partie de la r\u00e9gion historique et culturelle de la Lorraine et appartient \u00e0 la r\u00e9gion administrative Grand Est. L&#8217;Insee et La Poste lui attribuent le code 54.<\/p>\n<ul>\n<li>Superficie totale de Meurthe-et-Moselle 5 246 km\u00b2<\/li>\n<li>En 2019 la population de Meurthe-et-Moselle \u00e9tait de 733 760<\/li>\n<li>Le Chef-lieu du d\u00e9partement est Nancy<\/li>\n<li>Les principales communes de Meurthe-et-Moselle sont: Nancy, Vand\u0153uvre-l\u00e8s-Nancy, Lun\u00e9ville et Toul.<\/li>\n<\/ul>\n<p>L&#8217;\u00e9conomie d\u00e9partementale a longtemps \u00e9t\u00e9 li\u00e9e \u00e0 l&#8217;extraction mini\u00e8re (fer, sel et calcaire). Prosp\u00e8re jusque dans les ann\u00e9es 1960, elle a commenc\u00e9 \u00e0 souffrir de la crise de la sid\u00e9rurgie \u00e0 partir des ann\u00e9es 1970, ce qui l&#8217;a contrainte \u00e0 reconvertir son \u00e9conomie.<\/p>\n<figure id=\"attachment_53750\" aria-describedby=\"caption-attachment-53750\" style=\"width: 360px\" class=\"wp-caption alignright\"><a href=\"https:\/\/gifex.com\/fr\/wp-content\/uploads\/12077\/Carte-des-environs-de-Longwy.jpg\" target=\"_blank\" rel=\"noopener\"><img decoding=\"async\" class=\"wp-image-53750\" title=\"Carte des environs de Longwy.\" src=\"https:\/\/gifex.com\/fr\/wp-content\/uploads\/12077\/Carte-des-environs-de-Longwy-300x140.jpg\" alt=\"Carte des environs de Longwy.\" width=\"360\" height=\"168\" srcset=\"https:\/\/gifex.com\/fr\/wp-content\/uploads\/12077\/Carte-des-environs-de-Longwy-300x140.jpg 300w, https:\/\/gifex.com\/fr\/wp-content\/uploads\/12077\/Carte-des-environs-de-Longwy-1024x478.jpg 1024w, https:\/\/gifex.com\/fr\/wp-content\/uploads\/12077\/Carte-des-environs-de-Longwy-768x358.jpg 768w, https:\/\/gifex.com\/fr\/wp-content\/uploads\/12077\/Carte-des-environs-de-Longwy.jpg 1061w\" sizes=\"(max-width: 360px) 100vw, 360px\" \/><\/a><figcaption id=\"caption-attachment-53750\" class=\"wp-caption-text\"><label style=\"font-size: 15px;\">Carte des environs de Longwy.<\/label><\/figcaption><\/figure>\n<p>Au nord de Val-de-Briey, le Pays Haut est la r\u00e9gion qui a le plus souffert de cette crise. Le taux de ch\u00f4mage y reste \u00e9lev\u00e9 et l&#8217;emploi transfrontalier vers la Belgique et le Luxembourg tr\u00e8s d\u00e9velopp\u00e9. \u00c0 titre d&#8217;exemple, 50 % de la population active de l&#8217;ancienne ville sid\u00e9rurgique de Longwy travaille au Grand-Duch\u00e9. La r\u00e9gion de Lun\u00e9ville est \u00e9galement un territoire en difficult\u00e9. Au contraire, l&#8217;agglom\u00e9ration nanc\u00e9ienne est tr\u00e8s dynamique avec une forte implication dans les services, la recherche et l&#8217;enseignement sup\u00e9rieur. Dans le Sud du d\u00e9partement, le Saintois (le verger des Ducs de Lorraine) est rest\u00e9, quant \u00e0 lui, tr\u00e8s rural.<\/p>\n<p>En 2008, sur l&#8217;emprise d&#8217;une partie de l&#8217;ancienne base a\u00e9rienne am\u00e9ricaine de Chambley-Bussi\u00e8res est lanc\u00e9e l&#8217;installation d&#8217;un important p\u00f4le a\u00e9ronautique pour la production de l&#8217;avion Skylander SK-105 (groupe GECI International) mais cette soci\u00e9t\u00e9 ayant \u00e9t\u00e9 mise en liquidation en 2013, le projet est arr\u00eat\u00e9 puis d\u00e9finitivement abandonn\u00e9.<\/p>\n<p>La centrale photovolta\u00efque de Toul-Rosi\u00e8res, mise en service en 2012, \u00e9tait alors la plus importante de France.<\/p>\n","protected":false},"excerpt":{"rendered":"<p>Carte de Meurthe-et-Moselle (format pdf), un d\u00e9partement fran\u00e7ais, du nom des rivi\u00e8res Meurthe et Moselle. Il fait partie de la r\u00e9gion historique et culturelle <\/p>\n","protected":false},"author":1,"featured_media":53751,"template":"","categoria_ficha":[1884],"class_list":["post-12077","ficha","type-ficha","status-publish","has-post-thumbnail","hentry","categoria_ficha-cartes-du-departement-de-meurthe-et-moselle"],"acf":[],"_links":{"self":[{"href":"https:\/\/gifex.com\/fr\/wp-json\/wp\/v2\/ficha\/12077","targetHints":{"allow":["GET"]}}],"collection":[{"href":"https:\/\/gifex.com\/fr\/wp-json\/wp\/v2\/ficha"}],"about":[{"href":"https:\/\/gifex.com\/fr\/wp-json\/wp\/v2\/types\/ficha"}],"author":[{"embeddable":true,"href":"https:\/\/gifex.com\/fr\/wp-json\/wp\/v2\/users\/1"}],"version-history":[{"count":8,"href":"https:\/\/gifex.com\/fr\/wp-json\/wp\/v2\/ficha\/12077\/revisions"}],"predecessor-version":[{"id":53752,"href":"https:\/\/gifex.com\/fr\/wp-json\/wp\/v2\/ficha\/12077\/revisions\/53752"}],"wp:featuredmedia":[{"embeddable":true,"href":"https:\/\/gifex.com\/fr\/wp-json\/wp\/v2\/media\/53751"}],"wp:attachment":[{"href":"https:\/\/gifex.com\/fr\/wp-json\/wp\/v2\/media?parent=12077"}],"wp:term":[{"taxonomy":"categoria_ficha","embeddable":true,"href":"https:\/\/gifex.com\/fr\/wp-json\/wp\/v2\/categoria_ficha?post=12077"}],"curies":[{"name":"wp","href":"https:\/\/api.w.org\/{rel}","templated":true}]}}

<figure id="attachment_53749" aria-describedby="caption-attachment-53749" style="width: 360px" class="wp-caption alignright"><a href="https://gifex.com/fr/wp-content/uploads/12077/Carte-des-environs-de-Nancy.jpg" target="_blank" rel="noopener"><img fetchpriority="high" decoding="async" class="wp-image-53749" title="Carte des environs de Nancy." src="https://gifex.com/fr/wp-content/uploads/12077/Carte-des-environs-de-Nancy-300x179.jpg" alt="Carte des environs de Nancy." width="360" height="215" srcset="https://gifex.com/fr/wp-content/uploads/12077/Carte-des-environs-de-Nancy-300x179.jpg 300w, https://gifex.com/fr/wp-content/uploads/12077/Carte-des-environs-de-Nancy-1024x612.jpg 1024w, https://gifex.com/fr/wp-content/uploads/12077/Carte-des-environs-de-Nancy-768x459.jpg 768w, https://gifex.com/fr/wp-content/uploads/12077/Carte-des-environs-de-Nancy.jpg 1204w" sizes="(max-width: 360px) 100vw, 360px" /></a><figcaption id="caption-attachment-53749" class="wp-caption-text"><label style="font-size: 15px;">Carte des environs de Nancy.</label></figcaption></figure>
<p>Carte de Meurthe-et-Moselle <a href="https://gifex.com/fr/wp-content/uploads/12077/Carte-de-Meurthe-et-Moselle.pdf" target="_blank" rel="noopener">(format pdf)</a>, un département français, du nom des rivières Meurthe et Moselle. Il fait partie de la région historique et culturelle de la Lorraine et appartient à la région administrative Grand Est. L&#8217;Insee et La Poste lui attribuent le code 54.</p>
<ul>
<li>Superficie totale de Meurthe-et-Moselle 5 246 km²</li>
<li>En 2019 la population de Meurthe-et-Moselle était de 733 760</li>
<li>Le Chef-lieu du département est Nancy</li>
<li>Les principales communes de Meurthe-et-Moselle sont: Nancy, Vandœuvre-lès-Nancy, Lunéville et Toul.</li>
</ul>
<p>L&#8217;économie départementale a longtemps été liée à l&#8217;extraction minière (fer, sel et calcaire). Prospère jusque dans les années 1960, elle a commencé à souffrir de la crise de la sidérurgie à partir des années 1970, ce qui l&#8217;a contrainte à reconvertir son économie.</p>
<figure id="attachment_53750" aria-describedby="caption-attachment-53750" style="width: 360px" class="wp-caption alignright"><a href="https://gifex.com/fr/wp-content/uploads/12077/Carte-des-environs-de-Longwy.jpg" target="_blank" rel="noopener"><img decoding="async" class="wp-image-53750" title="Carte des environs de Longwy." src="https://gifex.com/fr/wp-content/uploads/12077/Carte-des-environs-de-Longwy-300x140.jpg" alt="Carte des environs de Longwy." width="360" height="168" srcset="https://gifex.com/fr/wp-content/uploads/12077/Carte-des-environs-de-Longwy-300x140.jpg 300w, https://gifex.com/fr/wp-content/uploads/12077/Carte-des-environs-de-Longwy-1024x478.jpg 1024w, https://gifex.com/fr/wp-content/uploads/12077/Carte-des-environs-de-Longwy-768x358.jpg 768w, https://gifex.com/fr/wp-content/uploads/12077/Carte-des-environs-de-Longwy.jpg 1061w" sizes="(max-width: 360px) 100vw, 360px" /></a><figcaption id="caption-attachment-53750" class="wp-caption-text"><label style="font-size: 15px;">Carte des environs de Longwy.</label></figcaption></figure>
<p>Au nord de Val-de-Briey, le Pays Haut est la région qui a le plus souffert de cette crise. Le taux de chômage y reste élevé et l&#8217;emploi transfrontalier vers la Belgique et le Luxembourg très développé. À titre d&#8217;exemple, 50 % de la population active de l&#8217;ancienne ville sidérurgique de Longwy travaille au Grand-Duché. La région de Lunéville est également un territoire en difficulté. Au contraire, l&#8217;agglomération nancéienne est très dynamique avec une forte implication dans les services, la recherche et l&#8217;enseignement supérieur. Dans le Sud du département, le Saintois (le verger des Ducs de Lorraine) est resté, quant à lui, très rural.</p>
<p>En 2008, sur l&#8217;emprise d&#8217;une partie de l&#8217;ancienne base aérienne américaine de Chambley-Bussières est lancée l&#8217;installation d&#8217;un important pôle aéronautique pour la production de l&#8217;avion Skylander SK-105 (groupe GECI International) mais cette société ayant été mise en liquidation en 2013, le projet est arrêté puis définitivement abandonné.</p>
<p>La centrale photovoltaïque de Toul-Rosières, mise en service en 2012, était alors la plus importante de France.</p>

<p>Carte de Meurthe-et-Moselle (format pdf), un département français, du nom des rivières Meurthe et Moselle. Il fait partie de la région historique et culturelle </p>
