{"id":11958,"date":"2022-05-03T01:11:36","date_gmt":"2022-05-03T01:11:36","guid":{"rendered":"https:\/\/gifex.com\/fr\/?post_type=ficha&#038;p=11958"},"modified":"2024-10-30T21:09:41","modified_gmt":"2024-10-30T21:09:41","slug":"carte-de-la-loire-atlantique","status":"publish","type":"ficha","link":"https:\/\/gifex.com\/fr\/fichier\/carte-de-la-loire-atlantique\/","title":{"rendered":"Carte de la Loire-Atlantique"},"content":{"rendered":"<figure id=\"attachment_53280\" aria-describedby=\"caption-attachment-53280\" style=\"width: 360px\" class=\"wp-caption alignright\"><a href=\"https:\/\/gifex.com\/fr\/wp-content\/uploads\/11958\/Carte-des-environs-de-Nantes.jpg\" target=\"_blank\" rel=\"noopener\"><img fetchpriority=\"high\" decoding=\"async\" class=\"wp-image-53280\" title=\"Carte des environs de Nantes.\" src=\"https:\/\/gifex.com\/fr\/wp-content\/uploads\/11958\/Carte-des-environs-de-Nantes-300x280.jpg\" alt=\"Carte des environs de Nantes.\" width=\"360\" height=\"336\" srcset=\"https:\/\/gifex.com\/fr\/wp-content\/uploads\/11958\/Carte-des-environs-de-Nantes-300x280.jpg 300w, https:\/\/gifex.com\/fr\/wp-content\/uploads\/11958\/Carte-des-environs-de-Nantes-1024x957.jpg 1024w, https:\/\/gifex.com\/fr\/wp-content\/uploads\/11958\/Carte-des-environs-de-Nantes-768x717.jpg 768w, https:\/\/gifex.com\/fr\/wp-content\/uploads\/11958\/Carte-des-environs-de-Nantes.jpg 1305w\" sizes=\"(max-width: 360px) 100vw, 360px\" \/><\/a><figcaption id=\"caption-attachment-53280\" class=\"wp-caption-text\"><label style=\"font-size: 15px;\">Carte des environs de Nantes.<\/label><\/figcaption><\/figure>\n<p>Carte de la Loire-Atlantique <a href=\"https:\/\/gifex.com\/fr\/wp-content\/uploads\/11958\/Carte-de-la-Loire-Atlantique.pdf\" target=\"_blank\" rel=\"noopener\">(format pdf)<\/a>, un d\u00e9partement fran\u00e7ais, situ\u00e9 dans la r\u00e9gion Pays de la Loire. Elle doit son nom \u00e0 la pr\u00e9sence de la Loire, important fleuve qui la traverse, et de l&#8217;oc\u00e9an Atlantique, qui borde sa c\u00f4te, \u00e0 l&#8217;ouest, o\u00f9 l&#8217;embouchure de la Loire forme un estuaire.<\/p>\n<ul>\n<li>Superficie totale de la Loire-Atlantique 6 880 km\u00b2<\/li>\n<li>En 2019 la population de la Loire-Atlantique \u00e9tait de 1 429 272<\/li>\n<li>Le Chef-lieu du d\u00e9partement est Nantes<\/li>\n<li>Les principales communes de la Loire-Atlantique sont: Nantes, Saint-Nazaire, Saint-Herblain et Rez\u00e9.<\/li>\n<\/ul>\n<p>Le d\u00e9partement a \u00e9t\u00e9 cr\u00e9\u00e9 en 1790 par d\u00e9membrement de la province de Bretagne, sous le nom de Loire-Inf\u00e9rieure, et a conserv\u00e9 cette appellation jusqu&#8217;en 1957. Il porte le num\u00e9ro 44 dans la num\u00e9rotation d\u00e9partementale fran\u00e7aise.<\/p>\n<p>Le territoire de Loire-Atlantique est proche de la r\u00e9gion administrative Bretagne culturellement et historiquement depuis l&#8217;Ancien R\u00e9gime. La question d&#8217;un \u00e9ventuel rattachement \u00e0 la r\u00e9gion Bretagne fait l&#8217;objet d&#8217;un d\u00e9bat r\u00e9current.<\/p>\n<figure id=\"attachment_53281\" aria-describedby=\"caption-attachment-53281\" style=\"width: 360px\" class=\"wp-caption alignright\"><a href=\"https:\/\/gifex.com\/fr\/wp-content\/uploads\/11958\/Carte-des-environs-de-Saint-Nazaire.jpg\" target=\"_blank\" rel=\"noopener\"><img decoding=\"async\" class=\"wp-image-53281\" title=\"Carte des environs de Saint-Nazaire.\" src=\"https:\/\/gifex.com\/fr\/wp-content\/uploads\/11958\/Carte-des-environs-de-Saint-Nazaire-300x137.jpg\" alt=\"Carte des environs de Saint-Nazaire.\" width=\"360\" height=\"165\" srcset=\"https:\/\/gifex.com\/fr\/wp-content\/uploads\/11958\/Carte-des-environs-de-Saint-Nazaire-300x137.jpg 300w, https:\/\/gifex.com\/fr\/wp-content\/uploads\/11958\/Carte-des-environs-de-Saint-Nazaire-1024x469.jpg 1024w, https:\/\/gifex.com\/fr\/wp-content\/uploads\/11958\/Carte-des-environs-de-Saint-Nazaire-768x352.jpg 768w, https:\/\/gifex.com\/fr\/wp-content\/uploads\/11958\/Carte-des-environs-de-Saint-Nazaire.jpg 1536w\" sizes=\"(max-width: 360px) 100vw, 360px\" \/><\/a><figcaption id=\"caption-attachment-53281\" class=\"wp-caption-text\"><label style=\"font-size: 15px;\">Carte des environs de Saint-Nazaire.<\/label><\/figcaption><\/figure>\n<p>Comme dans le reste de la Haute-Bretagne, la langue vernaculaire y fut, jusque dans la seconde moiti\u00e9 du XX<sup>e<\/sup> si\u00e8cle, le gallo, sauf dans la Presqu&#8217;\u00eele gu\u00e9randaise, o\u00f9 le breton \u00e9tait pr\u00e9dominant et a \u00e9t\u00e9 parl\u00e9 jusqu&#8217;au d\u00e9but du XX<sup>e<\/sup>si\u00e8cle.<\/p>\n<p>L&#8217;\u00e9conomie de la Loire-Atlantique est la quinzi\u00e8me en France en termes de produit int\u00e9rieur brut par habitant (chiffres de 2005).<\/p>\n<p>La Loire-Atlantique est la 6<sup>e<\/sup> destination touristique des Fran\u00e7ais avec 24,5 millions de nuit\u00e9es (2019), et fournit de l&#8217;emploi \u00e0 20 000 personnes (2020).<\/p>\n","protected":false},"excerpt":{"rendered":"<p>Carte de la Loire-Atlantique (format pdf), un d\u00e9partement fran\u00e7ais, situ\u00e9 dans la r\u00e9gion Pays de la Loire. Elle doit son nom \u00e0 la pr\u00e9sence de la Loire &#8230;<\/p>\n","protected":false},"author":1,"featured_media":53282,"template":"","categoria_ficha":[1831],"class_list":["post-11958","ficha","type-ficha","status-publish","has-post-thumbnail","hentry","categoria_ficha-cartes-du-departement-de-la-loire-atlantique"],"acf":[],"_links":{"self":[{"href":"https:\/\/gifex.com\/fr\/wp-json\/wp\/v2\/ficha\/11958","targetHints":{"allow":["GET"]}}],"collection":[{"href":"https:\/\/gifex.com\/fr\/wp-json\/wp\/v2\/ficha"}],"about":[{"href":"https:\/\/gifex.com\/fr\/wp-json\/wp\/v2\/types\/ficha"}],"author":[{"embeddable":true,"href":"https:\/\/gifex.com\/fr\/wp-json\/wp\/v2\/users\/1"}],"version-history":[{"count":10,"href":"https:\/\/gifex.com\/fr\/wp-json\/wp\/v2\/ficha\/11958\/revisions"}],"predecessor-version":[{"id":53283,"href":"https:\/\/gifex.com\/fr\/wp-json\/wp\/v2\/ficha\/11958\/revisions\/53283"}],"wp:featuredmedia":[{"embeddable":true,"href":"https:\/\/gifex.com\/fr\/wp-json\/wp\/v2\/media\/53282"}],"wp:attachment":[{"href":"https:\/\/gifex.com\/fr\/wp-json\/wp\/v2\/media?parent=11958"}],"wp:term":[{"taxonomy":"categoria_ficha","embeddable":true,"href":"https:\/\/gifex.com\/fr\/wp-json\/wp\/v2\/categoria_ficha?post=11958"}],"curies":[{"name":"wp","href":"https:\/\/api.w.org\/{rel}","templated":true}]}}

<figure id="attachment_53280" aria-describedby="caption-attachment-53280" style="width: 360px" class="wp-caption alignright"><a href="https://gifex.com/fr/wp-content/uploads/11958/Carte-des-environs-de-Nantes.jpg" target="_blank" rel="noopener"><img fetchpriority="high" decoding="async" class="wp-image-53280" title="Carte des environs de Nantes." src="https://gifex.com/fr/wp-content/uploads/11958/Carte-des-environs-de-Nantes-300x280.jpg" alt="Carte des environs de Nantes." width="360" height="336" srcset="https://gifex.com/fr/wp-content/uploads/11958/Carte-des-environs-de-Nantes-300x280.jpg 300w, https://gifex.com/fr/wp-content/uploads/11958/Carte-des-environs-de-Nantes-1024x957.jpg 1024w, https://gifex.com/fr/wp-content/uploads/11958/Carte-des-environs-de-Nantes-768x717.jpg 768w, https://gifex.com/fr/wp-content/uploads/11958/Carte-des-environs-de-Nantes.jpg 1305w" sizes="(max-width: 360px) 100vw, 360px" /></a><figcaption id="caption-attachment-53280" class="wp-caption-text"><label style="font-size: 15px;">Carte des environs de Nantes.</label></figcaption></figure>
<p>Carte de la Loire-Atlantique <a href="https://gifex.com/fr/wp-content/uploads/11958/Carte-de-la-Loire-Atlantique.pdf" target="_blank" rel="noopener">(format pdf)</a>, un département français, situé dans la région Pays de la Loire. Elle doit son nom à la présence de la Loire, important fleuve qui la traverse, et de l&#8217;océan Atlantique, qui borde sa côte, à l&#8217;ouest, où l&#8217;embouchure de la Loire forme un estuaire.</p>
<ul>
<li>Superficie totale de la Loire-Atlantique 6 880 km²</li>
<li>En 2019 la population de la Loire-Atlantique était de 1 429 272</li>
<li>Le Chef-lieu du département est Nantes</li>
<li>Les principales communes de la Loire-Atlantique sont: Nantes, Saint-Nazaire, Saint-Herblain et Rezé.</li>
</ul>
<p>Le département a été créé en 1790 par démembrement de la province de Bretagne, sous le nom de Loire-Inférieure, et a conservé cette appellation jusqu&#8217;en 1957. Il porte le numéro 44 dans la numérotation départementale française.</p>
<p>Le territoire de Loire-Atlantique est proche de la région administrative Bretagne culturellement et historiquement depuis l&#8217;Ancien Régime. La question d&#8217;un éventuel rattachement à la région Bretagne fait l&#8217;objet d&#8217;un débat récurrent.</p>
<figure id="attachment_53281" aria-describedby="caption-attachment-53281" style="width: 360px" class="wp-caption alignright"><a href="https://gifex.com/fr/wp-content/uploads/11958/Carte-des-environs-de-Saint-Nazaire.jpg" target="_blank" rel="noopener"><img decoding="async" class="wp-image-53281" title="Carte des environs de Saint-Nazaire." src="https://gifex.com/fr/wp-content/uploads/11958/Carte-des-environs-de-Saint-Nazaire-300x137.jpg" alt="Carte des environs de Saint-Nazaire." width="360" height="165" srcset="https://gifex.com/fr/wp-content/uploads/11958/Carte-des-environs-de-Saint-Nazaire-300x137.jpg 300w, https://gifex.com/fr/wp-content/uploads/11958/Carte-des-environs-de-Saint-Nazaire-1024x469.jpg 1024w, https://gifex.com/fr/wp-content/uploads/11958/Carte-des-environs-de-Saint-Nazaire-768x352.jpg 768w, https://gifex.com/fr/wp-content/uploads/11958/Carte-des-environs-de-Saint-Nazaire.jpg 1536w" sizes="(max-width: 360px) 100vw, 360px" /></a><figcaption id="caption-attachment-53281" class="wp-caption-text"><label style="font-size: 15px;">Carte des environs de Saint-Nazaire.</label></figcaption></figure>
<p>Comme dans le reste de la Haute-Bretagne, la langue vernaculaire y fut, jusque dans la seconde moitié du XX<sup>e</sup> siècle, le gallo, sauf dans la Presqu&#8217;île guérandaise, où le breton était prédominant et a été parlé jusqu&#8217;au début du XX<sup>e</sup>siècle.</p>
<p>L&#8217;économie de la Loire-Atlantique est la quinzième en France en termes de produit intérieur brut par habitant (chiffres de 2005).</p>
<p>La Loire-Atlantique est la 6<sup>e</sup> destination touristique des Français avec 24,5 millions de nuitées (2019), et fournit de l&#8217;emploi à 20 000 personnes (2020).</p>

<p>Carte de la Loire-Atlantique (format pdf), un département français, situé dans la région Pays de la Loire. Elle doit son nom à la présence de la Loire &#8230;</p>
