{"id":11871,"date":"2022-05-01T22:15:34","date_gmt":"2022-05-01T22:15:34","guid":{"rendered":"https:\/\/gifex.com\/fr\/?post_type=ficha&#038;p=11871"},"modified":"2024-10-28T17:26:42","modified_gmt":"2024-10-28T17:26:42","slug":"carte-de-la-creuse","status":"publish","type":"ficha","link":"https:\/\/gifex.com\/fr\/fichier\/carte-de-la-creuse\/","title":{"rendered":"Carte de la Creuse"},"content":{"rendered":"<p>Carte de la Creuse <a href=\"https:\/\/gifex.com\/fr\/wp-content\/uploads\/11871\/Carte-de-la-Creuse.pdf\" target=\"_blank\" rel=\"noopener\">(format pdf)<\/a>, un d\u00e9partement fran\u00e7ais situ\u00e9 dans la r\u00e9gion Nouvelle-Aquitaine. Il succ\u00e8de \u00e0 la province de la Marche dont il reprend en grande partie le territoire. La Creuse est situ\u00e9e dans le nord-ouest du Massif central et tire son nom de la rivi\u00e8re Creuse qui le traverse. L&#8217;Insee et la Poste lui attribuent le code 23 au d\u00e9partement.<\/p>\n<figure id=\"attachment_11873\" aria-describedby=\"caption-attachment-11873\" style=\"width: 360px\" class=\"wp-caption alignright\"><a href=\"https:\/\/gifex.com\/fr\/wp-content\/uploads\/11871\/Siege-de-la-prefecture-du-departement-de-la-Creuse-a-Gueret-2007.jpg\" target=\"_blank\" rel=\"noopener\"><img fetchpriority=\"high\" decoding=\"async\" class=\"wp-image-11873\" title=\"Si\u00e8ge de la pr\u00e9fecture du d\u00e9partement de la Creuse \u00e0 Gu\u00e9ret.\" src=\"https:\/\/gifex.com\/fr\/wp-content\/uploads\/11871\/Siege-de-la-prefecture-du-departement-de-la-Creuse-a-Gueret-2007-300x225.jpg\" alt=\"Si\u00e8ge de la pr\u00e9fecture du d\u00e9partement de la Creuse \u00e0 Gu\u00e9ret.\" width=\"360\" height=\"270\" srcset=\"https:\/\/gifex.com\/fr\/wp-content\/uploads\/11871\/Siege-de-la-prefecture-du-departement-de-la-Creuse-a-Gueret-2007-300x225.jpg 300w, https:\/\/gifex.com\/fr\/wp-content\/uploads\/11871\/Siege-de-la-prefecture-du-departement-de-la-Creuse-a-Gueret-2007-1024x768.jpg 1024w, https:\/\/gifex.com\/fr\/wp-content\/uploads\/11871\/Siege-de-la-prefecture-du-departement-de-la-Creuse-a-Gueret-2007-768x576.jpg 768w, https:\/\/gifex.com\/fr\/wp-content\/uploads\/11871\/Siege-de-la-prefecture-du-departement-de-la-Creuse-a-Gueret-2007-1536x1152.jpg 1536w, https:\/\/gifex.com\/fr\/wp-content\/uploads\/11871\/Siege-de-la-prefecture-du-departement-de-la-Creuse-a-Gueret-2007-2048x1536.jpg 2048w, https:\/\/gifex.com\/fr\/wp-content\/uploads\/11871\/Siege-de-la-prefecture-du-departement-de-la-Creuse-a-Gueret-2007-800x600.jpg 800w, https:\/\/gifex.com\/fr\/wp-content\/uploads\/11871\/Siege-de-la-prefecture-du-departement-de-la-Creuse-a-Gueret-2007-1600x1200.jpg 1600w\" sizes=\"(max-width: 360px) 100vw, 360px\" \/><\/a><figcaption id=\"caption-attachment-11873\" class=\"wp-caption-text\"><label style=\"font-size: 15px;\">Si\u00e8ge de la pr\u00e9fecture du d\u00e9partement de la Creuse \u00e0 Gu\u00e9ret.<\/label><\/figcaption><\/figure>\n<ul>\n<li>Superficie totale de la Creuse 5 565 km\u00b2<\/li>\n<li>En 2019 la population de la Creuse \u00e9tait de 116 617<\/li>\n<li>Le Chef-lieu du d\u00e9partement est Gu\u00e9ret<\/li>\n<li>Les principales communes de la Creuse sont: Gu\u00e9ret, La Souterraine, Aubusson et Sainte-Feyre.<\/li>\n<\/ul>\n<p>L&#8217;utilisation des terres y est principalement agricole et le d\u00e9partement est bien connu pour sa production de ch\u00e2taignes et de noisettes, et pour les races bovines charolaise et limousine.<\/p>\n<p>Depuis quelques ann\u00e9es, le d\u00e9veloppement du tourisme vert rapproche celui-ci du niveau des d\u00e9partements limitrophes par la cr\u00e9ation de nombreuses structures d&#8217;accueil, chambres d&#8217;h\u00f4tes, gites ruraux. Le lac de Vassivi\u00e8re, g\u00e9r\u00e9 par la r\u00e9gion Nouvelle-Aquitaine, puisque son \u00e9tendue est partag\u00e9e avec le d\u00e9partement de la Haute-Vienne, en particulier, attire des estivants.<\/p>\n","protected":false},"excerpt":{"rendered":"<p>Carte de la Creuse (format pdf), un d\u00e9partement fran\u00e7ais situ\u00e9 dans la r\u00e9gion Nouvelle-Aquitaine. Il succ\u00e8de \u00e0 la province de la Marche dont il reprend en &#8230;<\/p>\n","protected":false},"author":1,"featured_media":53097,"template":"","categoria_ficha":[1810],"class_list":["post-11871","ficha","type-ficha","status-publish","has-post-thumbnail","hentry","categoria_ficha-cartes-du-departement-de-la-creuse"],"acf":[],"_links":{"self":[{"href":"https:\/\/gifex.com\/fr\/wp-json\/wp\/v2\/ficha\/11871","targetHints":{"allow":["GET"]}}],"collection":[{"href":"https:\/\/gifex.com\/fr\/wp-json\/wp\/v2\/ficha"}],"about":[{"href":"https:\/\/gifex.com\/fr\/wp-json\/wp\/v2\/types\/ficha"}],"author":[{"embeddable":true,"href":"https:\/\/gifex.com\/fr\/wp-json\/wp\/v2\/users\/1"}],"version-history":[{"count":6,"href":"https:\/\/gifex.com\/fr\/wp-json\/wp\/v2\/ficha\/11871\/revisions"}],"predecessor-version":[{"id":53098,"href":"https:\/\/gifex.com\/fr\/wp-json\/wp\/v2\/ficha\/11871\/revisions\/53098"}],"wp:featuredmedia":[{"embeddable":true,"href":"https:\/\/gifex.com\/fr\/wp-json\/wp\/v2\/media\/53097"}],"wp:attachment":[{"href":"https:\/\/gifex.com\/fr\/wp-json\/wp\/v2\/media?parent=11871"}],"wp:term":[{"taxonomy":"categoria_ficha","embeddable":true,"href":"https:\/\/gifex.com\/fr\/wp-json\/wp\/v2\/categoria_ficha?post=11871"}],"curies":[{"name":"wp","href":"https:\/\/api.w.org\/{rel}","templated":true}]}}

<p>Carte de la Creuse <a href="https://gifex.com/fr/wp-content/uploads/11871/Carte-de-la-Creuse.pdf" target="_blank" rel="noopener">(format pdf)</a>, un département français situé dans la région Nouvelle-Aquitaine. Il succède à la province de la Marche dont il reprend en grande partie le territoire. La Creuse est située dans le nord-ouest du Massif central et tire son nom de la rivière Creuse qui le traverse. L&#8217;Insee et la Poste lui attribuent le code 23 au département.</p>
<figure id="attachment_11873" aria-describedby="caption-attachment-11873" style="width: 360px" class="wp-caption alignright"><a href="https://gifex.com/fr/wp-content/uploads/11871/Siege-de-la-prefecture-du-departement-de-la-Creuse-a-Gueret-2007.jpg" target="_blank" rel="noopener"><img fetchpriority="high" decoding="async" class="wp-image-11873" title="Siège de la préfecture du département de la Creuse à Guéret." src="https://gifex.com/fr/wp-content/uploads/11871/Siege-de-la-prefecture-du-departement-de-la-Creuse-a-Gueret-2007-300x225.jpg" alt="Siège de la préfecture du département de la Creuse à Guéret." width="360" height="270" srcset="https://gifex.com/fr/wp-content/uploads/11871/Siege-de-la-prefecture-du-departement-de-la-Creuse-a-Gueret-2007-300x225.jpg 300w, https://gifex.com/fr/wp-content/uploads/11871/Siege-de-la-prefecture-du-departement-de-la-Creuse-a-Gueret-2007-1024x768.jpg 1024w, https://gifex.com/fr/wp-content/uploads/11871/Siege-de-la-prefecture-du-departement-de-la-Creuse-a-Gueret-2007-768x576.jpg 768w, https://gifex.com/fr/wp-content/uploads/11871/Siege-de-la-prefecture-du-departement-de-la-Creuse-a-Gueret-2007-1536x1152.jpg 1536w, https://gifex.com/fr/wp-content/uploads/11871/Siege-de-la-prefecture-du-departement-de-la-Creuse-a-Gueret-2007-2048x1536.jpg 2048w, https://gifex.com/fr/wp-content/uploads/11871/Siege-de-la-prefecture-du-departement-de-la-Creuse-a-Gueret-2007-800x600.jpg 800w, https://gifex.com/fr/wp-content/uploads/11871/Siege-de-la-prefecture-du-departement-de-la-Creuse-a-Gueret-2007-1600x1200.jpg 1600w" sizes="(max-width: 360px) 100vw, 360px" /></a><figcaption id="caption-attachment-11873" class="wp-caption-text"><label style="font-size: 15px;">Siège de la préfecture du département de la Creuse à Guéret.</label></figcaption></figure>
<ul>
<li>Superficie totale de la Creuse 5 565 km²</li>
<li>En 2019 la population de la Creuse était de 116 617</li>
<li>Le Chef-lieu du département est Guéret</li>
<li>Les principales communes de la Creuse sont: Guéret, La Souterraine, Aubusson et Sainte-Feyre.</li>
</ul>
<p>L&#8217;utilisation des terres y est principalement agricole et le département est bien connu pour sa production de châtaignes et de noisettes, et pour les races bovines charolaise et limousine.</p>
<p>Depuis quelques années, le développement du tourisme vert rapproche celui-ci du niveau des départements limitrophes par la création de nombreuses structures d&#8217;accueil, chambres d&#8217;hôtes, gites ruraux. Le lac de Vassivière, géré par la région Nouvelle-Aquitaine, puisque son étendue est partagée avec le département de la Haute-Vienne, en particulier, attire des estivants.</p>

<p>Carte de la Creuse (format pdf), un département français situé dans la région Nouvelle-Aquitaine. Il succède à la province de la Marche dont il reprend en &#8230;</p>
