{"id":11855,"date":"2022-05-01T16:25:43","date_gmt":"2022-05-01T16:25:43","guid":{"rendered":"https:\/\/gifex.com\/fr\/?post_type=ficha&#038;p=11855"},"modified":"2024-10-16T20:23:33","modified_gmt":"2024-10-16T20:23:33","slug":"carte-du-cher","status":"publish","type":"ficha","link":"https:\/\/gifex.com\/fr\/fichier\/carte-du-cher\/","title":{"rendered":"Carte du Cher"},"content":{"rendered":"<figure id=\"attachment_11857\" aria-describedby=\"caption-attachment-11857\" style=\"width: 360px\" class=\"wp-caption alignright\"><a href=\"https:\/\/gifex.com\/fr\/wp-content\/uploads\/11855\/Siege-de-la-prefecture-du-departement-du-Cher-2011.jpg\" target=\"_blank\" rel=\"noopener\"><img fetchpriority=\"high\" decoding=\"async\" class=\"wp-image-11857\" title=\"Si\u00e8ge de la pr\u00e9fecture du d\u00e9partement du Cher \u00e0 Bourges.\" src=\"https:\/\/gifex.com\/fr\/wp-content\/uploads\/11855\/Siege-de-la-prefecture-du-departement-du-Cher-2011-300x227.jpg\" alt=\"Si\u00e8ge de la pr\u00e9fecture du d\u00e9partement du Cher \u00e0 Bourges.\" width=\"360\" height=\"273\" srcset=\"https:\/\/gifex.com\/fr\/wp-content\/uploads\/11855\/Siege-de-la-prefecture-du-departement-du-Cher-2011-300x227.jpg 300w, https:\/\/gifex.com\/fr\/wp-content\/uploads\/11855\/Siege-de-la-prefecture-du-departement-du-Cher-2011-1024x776.jpg 1024w, https:\/\/gifex.com\/fr\/wp-content\/uploads\/11855\/Siege-de-la-prefecture-du-departement-du-Cher-2011-768x582.jpg 768w, https:\/\/gifex.com\/fr\/wp-content\/uploads\/11855\/Siege-de-la-prefecture-du-departement-du-Cher-2011-1536x1163.jpg 1536w, https:\/\/gifex.com\/fr\/wp-content\/uploads\/11855\/Siege-de-la-prefecture-du-departement-du-Cher-2011-2048x1551.jpg 2048w, https:\/\/gifex.com\/fr\/wp-content\/uploads\/11855\/Siege-de-la-prefecture-du-departement-du-Cher-2011-1600x1212.jpg 1600w\" sizes=\"(max-width: 360px) 100vw, 360px\" \/><\/a><figcaption id=\"caption-attachment-11857\" class=\"wp-caption-text\"><label style=\"font-size: 15px;\">Si\u00e8ge de la pr\u00e9fecture du d\u00e9partement du Cher \u00e0 Bourges.<\/label><\/figcaption><\/figure>\n<p>Carte du Cher <a href=\"https:\/\/gifex.com\/fr\/wp-content\/uploads\/11855\/Carte-du-Cher.pdf\" target=\"_blank\" rel=\"noopener\">(format pdf)<\/a>, un d\u00e9partement fran\u00e7ais de la r\u00e9gion Centre-Val de Loire qui tient son nom de la rivi\u00e8re Cher. L&#8217;Insee et la Poste lui attribuent le code 18. Les habitants du d\u00e9partement sont appel\u00e9s les Berrichons de l&#8217;ancienne province du Berry.<\/p>\n<ul>\n<li>Superficie totale du Cher 7 235 km\u00b2<\/li>\n<li>En 2019 la population du Cher \u00e9tait de 302 306<\/li>\n<li>Le Chef-lieu du d\u00e9partement est Bourges<\/li>\n<li>Les principales communes du Cher sont: Bourges, Vierzon, Saint-Doulchard et Saint-Amand-Montrond.<\/li>\n<\/ul>\n<p>Adoss\u00e9 au sud aux premiers contreforts du Massif central, \u00e0 l&#8217;est aux douces collines du Sancerrois (429 m \u00e0 la Motte d&#8217;Humbligny) bord\u00e9es par le cours de la Loire, le d\u00e9partement s&#8217;ouvre \u00e0 l&#8217;ouest sur la Champagne berrichonne et au nord-ouest sur la plaine solognote. Son point culminant est Le Magnoux (504 m), situ\u00e9 \u00e0 l&#8217;extr\u00e9mit\u00e9 m\u00e9ridionale du territoire. L&#8217;endroit o\u00f9 le Cher sort du d\u00e9partement en constitue l&#8217;altitude la plus faible : 89 m.<\/p>\n","protected":false},"excerpt":{"rendered":"<p>Carte du Cher (format pdf), un d\u00e9partement fran\u00e7ais de la r\u00e9gion Centre-Val de Loire qui tient son nom de la rivi\u00e8re Cher. L&#8217;Insee et la Poste lui attribuent <\/p>\n","protected":false},"author":1,"featured_media":52301,"template":"","categoria_ficha":[1804],"class_list":["post-11855","ficha","type-ficha","status-publish","has-post-thumbnail","hentry","categoria_ficha-cartes-du-departement-du-cher"],"acf":[],"_links":{"self":[{"href":"https:\/\/gifex.com\/fr\/wp-json\/wp\/v2\/ficha\/11855","targetHints":{"allow":["GET"]}}],"collection":[{"href":"https:\/\/gifex.com\/fr\/wp-json\/wp\/v2\/ficha"}],"about":[{"href":"https:\/\/gifex.com\/fr\/wp-json\/wp\/v2\/types\/ficha"}],"author":[{"embeddable":true,"href":"https:\/\/gifex.com\/fr\/wp-json\/wp\/v2\/users\/1"}],"version-history":[{"count":5,"href":"https:\/\/gifex.com\/fr\/wp-json\/wp\/v2\/ficha\/11855\/revisions"}],"predecessor-version":[{"id":51973,"href":"https:\/\/gifex.com\/fr\/wp-json\/wp\/v2\/ficha\/11855\/revisions\/51973"}],"wp:featuredmedia":[{"embeddable":true,"href":"https:\/\/gifex.com\/fr\/wp-json\/wp\/v2\/media\/52301"}],"wp:attachment":[{"href":"https:\/\/gifex.com\/fr\/wp-json\/wp\/v2\/media?parent=11855"}],"wp:term":[{"taxonomy":"categoria_ficha","embeddable":true,"href":"https:\/\/gifex.com\/fr\/wp-json\/wp\/v2\/categoria_ficha?post=11855"}],"curies":[{"name":"wp","href":"https:\/\/api.w.org\/{rel}","templated":true}]}}

<figure id="attachment_11857" aria-describedby="caption-attachment-11857" style="width: 360px" class="wp-caption alignright"><a href="https://gifex.com/fr/wp-content/uploads/11855/Siege-de-la-prefecture-du-departement-du-Cher-2011.jpg" target="_blank" rel="noopener"><img fetchpriority="high" decoding="async" class="wp-image-11857" title="Siège de la préfecture du département du Cher à Bourges." src="https://gifex.com/fr/wp-content/uploads/11855/Siege-de-la-prefecture-du-departement-du-Cher-2011-300x227.jpg" alt="Siège de la préfecture du département du Cher à Bourges." width="360" height="273" srcset="https://gifex.com/fr/wp-content/uploads/11855/Siege-de-la-prefecture-du-departement-du-Cher-2011-300x227.jpg 300w, https://gifex.com/fr/wp-content/uploads/11855/Siege-de-la-prefecture-du-departement-du-Cher-2011-1024x776.jpg 1024w, https://gifex.com/fr/wp-content/uploads/11855/Siege-de-la-prefecture-du-departement-du-Cher-2011-768x582.jpg 768w, https://gifex.com/fr/wp-content/uploads/11855/Siege-de-la-prefecture-du-departement-du-Cher-2011-1536x1163.jpg 1536w, https://gifex.com/fr/wp-content/uploads/11855/Siege-de-la-prefecture-du-departement-du-Cher-2011-2048x1551.jpg 2048w, https://gifex.com/fr/wp-content/uploads/11855/Siege-de-la-prefecture-du-departement-du-Cher-2011-1600x1212.jpg 1600w" sizes="(max-width: 360px) 100vw, 360px" /></a><figcaption id="caption-attachment-11857" class="wp-caption-text"><label style="font-size: 15px;">Siège de la préfecture du département du Cher à Bourges.</label></figcaption></figure>
<p>Carte du Cher <a href="https://gifex.com/fr/wp-content/uploads/11855/Carte-du-Cher.pdf" target="_blank" rel="noopener">(format pdf)</a>, un département français de la région Centre-Val de Loire qui tient son nom de la rivière Cher. L&#8217;Insee et la Poste lui attribuent le code 18. Les habitants du département sont appelés les Berrichons de l&#8217;ancienne province du Berry.</p>
<ul>
<li>Superficie totale du Cher 7 235 km²</li>
<li>En 2019 la population du Cher était de 302 306</li>
<li>Le Chef-lieu du département est Bourges</li>
<li>Les principales communes du Cher sont: Bourges, Vierzon, Saint-Doulchard et Saint-Amand-Montrond.</li>
</ul>
<p>Adossé au sud aux premiers contreforts du Massif central, à l&#8217;est aux douces collines du Sancerrois (429 m à la Motte d&#8217;Humbligny) bordées par le cours de la Loire, le département s&#8217;ouvre à l&#8217;ouest sur la Champagne berrichonne et au nord-ouest sur la plaine solognote. Son point culminant est Le Magnoux (504 m), situé à l&#8217;extrémité méridionale du territoire. L&#8217;endroit où le Cher sort du département en constitue l&#8217;altitude la plus faible : 89 m.</p>

<p>Carte du Cher (format pdf), un département français de la région Centre-Val de Loire qui tient son nom de la rivière Cher. L&#8217;Insee et la Poste lui attribuent </p>
