{"id":11778,"date":"2022-04-30T14:19:27","date_gmt":"2022-04-30T14:19:27","guid":{"rendered":"https:\/\/gifex.com\/fr\/?post_type=ficha&#038;p=11778"},"modified":"2024-11-10T23:27:54","modified_gmt":"2024-11-10T23:27:54","slug":"carte-des-alpes-de-haute-provence","status":"publish","type":"ficha","link":"https:\/\/gifex.com\/fr\/fichier\/carte-des-alpes-de-haute-provence\/","title":{"rendered":"Carte des Alpes-de-Haute-Provence"},"content":{"rendered":"<p>Carte des Alpes-de-Haute-Provence <a href=\"https:\/\/gifex.com\/fr\/wp-content\/uploads\/11778\/Carte-des-Alpes-de-Haute-Provence.pdf\" target=\"_blank\" rel=\"noopener\">(format pdf)<\/a>, parfois abr\u00e9g\u00e9 en AHP, un d\u00e9partement de la r\u00e9gion Provence-Alpes-C\u00f4te d&#8217;Azur en France. Les habitants sont appel\u00e9s Bas-Alpins (masculin) ou Bas-Alpines (f\u00e9minin) en r\u00e9f\u00e9rence \u00e0 l&#8217;ancienne appellation du d\u00e9partement, Basses-Alpes, en usage jusqu&#8217;en 1970. L&#8217;Insee et la Poste lui attribuent le code 04.<\/p>\n<figure id=\"attachment_11780\" aria-describedby=\"caption-attachment-11780\" style=\"width: 360px\" class=\"wp-caption alignright\"><a href=\"https:\/\/gifex.com\/fr\/wp-content\/uploads\/11778\/Vue-depuis-la-Citadelle-de-Sisteron-sur-la-vallee-de-la-Durance-2014.jpg\" target=\"_blank\" rel=\"noopener\"><img fetchpriority=\"high\" decoding=\"async\" class=\"wp-image-11780\" title=\"Vue depuis la Citadelle de Sisteron sur la vall\u00e9e de la Durance.\" src=\"https:\/\/gifex.com\/fr\/wp-content\/uploads\/11778\/Vue-depuis-la-Citadelle-de-Sisteron-sur-la-vallee-de-la-Durance-2014-300x200.jpg\" alt=\"Vue depuis la Citadelle de Sisteron sur la vall\u00e9e de la Durance.\" width=\"360\" height=\"240\" srcset=\"https:\/\/gifex.com\/fr\/wp-content\/uploads\/11778\/Vue-depuis-la-Citadelle-de-Sisteron-sur-la-vallee-de-la-Durance-2014-300x200.jpg 300w, https:\/\/gifex.com\/fr\/wp-content\/uploads\/11778\/Vue-depuis-la-Citadelle-de-Sisteron-sur-la-vallee-de-la-Durance-2014-1024x683.jpg 1024w, https:\/\/gifex.com\/fr\/wp-content\/uploads\/11778\/Vue-depuis-la-Citadelle-de-Sisteron-sur-la-vallee-de-la-Durance-2014-768x512.jpg 768w, https:\/\/gifex.com\/fr\/wp-content\/uploads\/11778\/Vue-depuis-la-Citadelle-de-Sisteron-sur-la-vallee-de-la-Durance-2014-1536x1024.jpg 1536w, https:\/\/gifex.com\/fr\/wp-content\/uploads\/11778\/Vue-depuis-la-Citadelle-de-Sisteron-sur-la-vallee-de-la-Durance-2014-2048x1366.jpg 2048w, https:\/\/gifex.com\/fr\/wp-content\/uploads\/11778\/Vue-depuis-la-Citadelle-de-Sisteron-sur-la-vallee-de-la-Durance-2014-1600x1067.jpg 1600w\" sizes=\"(max-width: 360px) 100vw, 360px\" \/><\/a><figcaption id=\"caption-attachment-11780\" class=\"wp-caption-text\"><label style=\"font-size: 15px;\">Vue depuis la Citadelle de Sisteron sur la vall\u00e9e de la Durance.<\/label><\/figcaption><\/figure>\n<ul>\n<li>Superficie totale des Alpes-de-Haute-Provence 6 925 km\u00b2<\/li>\n<li>En 2019 la population des Alpes-de-Haute-Provence \u00e9tait de 164 308<\/li>\n<li>Le Chef-lieu du d\u00e9partement est Digne-les-Bains<\/li>\n<li>Les principales communes des Alpes-de-Haute-Provence sont: Manosque, Digne-les-Bains, Sisteron et Oraison.<\/li>\n<\/ul>\n<p>Le d\u00e9partement pr\u00e9sente, de par ses caract\u00e9ristiques propres (montagne et faible population), un caract\u00e8re marqu\u00e9 par une relative faiblesse des activit\u00e9s industrielles, et une \u00e9volution vers la cr\u00e9ation d&#8217;emplois dans les domaines du commerce et des services.<\/p>\n<p>Ainsi, selon l&#8217;enqu\u00eate sur les besoins de main-d&#8217;\u0153uvre des services de l&#8217;ASSEDIC, l&#8217;essentiel des offres d&#8217;emploi est aujourd&#8217;hui port\u00e9 par les professions de l&#8217;animation socioculturelle et sportive (1 031 offres recens\u00e9es sur 4 752 au total dans le d\u00e9partement), de l&#8217;h\u00f4tellerie (968 offres), du nettoyage (438 offres), de la restauration (345 offres).<\/p>\n<p>Toutes ces offres \u00e9taient, pour les trois quarts au moins, propos\u00e9es sur des emplois de caract\u00e8re saisonnier.<\/p>\n<p>Toutefois, des \u00e9volutions sensibles de la situation sociologique du d\u00e9partement sont \u00e0 attendre de l&#8217;implantation prochaine, au d\u00e9bouch\u00e9 de la vall\u00e9e de la Durance du projet ITER.<\/p>\n","protected":false},"excerpt":{"rendered":"<p>Carte des Alpes-de-Haute-Provence (format pdf), parfois abr\u00e9g\u00e9 en AHP, un d\u00e9partement de la r\u00e9gion Provence-Alpes-C\u00f4te d&#8217;Azur en France. Les habitants sont &#8230;<\/p>\n","protected":false},"author":1,"featured_media":53991,"template":"","categoria_ficha":[1792],"class_list":["post-11778","ficha","type-ficha","status-publish","has-post-thumbnail","hentry","categoria_ficha-cartes-du-departement-des-alpes-de-haute-provence"],"acf":[],"_links":{"self":[{"href":"https:\/\/gifex.com\/fr\/wp-json\/wp\/v2\/ficha\/11778","targetHints":{"allow":["GET"]}}],"collection":[{"href":"https:\/\/gifex.com\/fr\/wp-json\/wp\/v2\/ficha"}],"about":[{"href":"https:\/\/gifex.com\/fr\/wp-json\/wp\/v2\/types\/ficha"}],"author":[{"embeddable":true,"href":"https:\/\/gifex.com\/fr\/wp-json\/wp\/v2\/users\/1"}],"version-history":[{"count":6,"href":"https:\/\/gifex.com\/fr\/wp-json\/wp\/v2\/ficha\/11778\/revisions"}],"predecessor-version":[{"id":53992,"href":"https:\/\/gifex.com\/fr\/wp-json\/wp\/v2\/ficha\/11778\/revisions\/53992"}],"wp:featuredmedia":[{"embeddable":true,"href":"https:\/\/gifex.com\/fr\/wp-json\/wp\/v2\/media\/53991"}],"wp:attachment":[{"href":"https:\/\/gifex.com\/fr\/wp-json\/wp\/v2\/media?parent=11778"}],"wp:term":[{"taxonomy":"categoria_ficha","embeddable":true,"href":"https:\/\/gifex.com\/fr\/wp-json\/wp\/v2\/categoria_ficha?post=11778"}],"curies":[{"name":"wp","href":"https:\/\/api.w.org\/{rel}","templated":true}]}}

<p>Carte des Alpes-de-Haute-Provence <a href="https://gifex.com/fr/wp-content/uploads/11778/Carte-des-Alpes-de-Haute-Provence.pdf" target="_blank" rel="noopener">(format pdf)</a>, parfois abrégé en AHP, un département de la région Provence-Alpes-Côte d&#8217;Azur en France. Les habitants sont appelés Bas-Alpins (masculin) ou Bas-Alpines (féminin) en référence à l&#8217;ancienne appellation du département, Basses-Alpes, en usage jusqu&#8217;en 1970. L&#8217;Insee et la Poste lui attribuent le code 04.</p>
<figure id="attachment_11780" aria-describedby="caption-attachment-11780" style="width: 360px" class="wp-caption alignright"><a href="https://gifex.com/fr/wp-content/uploads/11778/Vue-depuis-la-Citadelle-de-Sisteron-sur-la-vallee-de-la-Durance-2014.jpg" target="_blank" rel="noopener"><img fetchpriority="high" decoding="async" class="wp-image-11780" title="Vue depuis la Citadelle de Sisteron sur la vallée de la Durance." src="https://gifex.com/fr/wp-content/uploads/11778/Vue-depuis-la-Citadelle-de-Sisteron-sur-la-vallee-de-la-Durance-2014-300x200.jpg" alt="Vue depuis la Citadelle de Sisteron sur la vallée de la Durance." width="360" height="240" srcset="https://gifex.com/fr/wp-content/uploads/11778/Vue-depuis-la-Citadelle-de-Sisteron-sur-la-vallee-de-la-Durance-2014-300x200.jpg 300w, https://gifex.com/fr/wp-content/uploads/11778/Vue-depuis-la-Citadelle-de-Sisteron-sur-la-vallee-de-la-Durance-2014-1024x683.jpg 1024w, https://gifex.com/fr/wp-content/uploads/11778/Vue-depuis-la-Citadelle-de-Sisteron-sur-la-vallee-de-la-Durance-2014-768x512.jpg 768w, https://gifex.com/fr/wp-content/uploads/11778/Vue-depuis-la-Citadelle-de-Sisteron-sur-la-vallee-de-la-Durance-2014-1536x1024.jpg 1536w, https://gifex.com/fr/wp-content/uploads/11778/Vue-depuis-la-Citadelle-de-Sisteron-sur-la-vallee-de-la-Durance-2014-2048x1366.jpg 2048w, https://gifex.com/fr/wp-content/uploads/11778/Vue-depuis-la-Citadelle-de-Sisteron-sur-la-vallee-de-la-Durance-2014-1600x1067.jpg 1600w" sizes="(max-width: 360px) 100vw, 360px" /></a><figcaption id="caption-attachment-11780" class="wp-caption-text"><label style="font-size: 15px;">Vue depuis la Citadelle de Sisteron sur la vallée de la Durance.</label></figcaption></figure>
<ul>
<li>Superficie totale des Alpes-de-Haute-Provence 6 925 km²</li>
<li>En 2019 la population des Alpes-de-Haute-Provence était de 164 308</li>
<li>Le Chef-lieu du département est Digne-les-Bains</li>
<li>Les principales communes des Alpes-de-Haute-Provence sont: Manosque, Digne-les-Bains, Sisteron et Oraison.</li>
</ul>
<p>Le département présente, de par ses caractéristiques propres (montagne et faible population), un caractère marqué par une relative faiblesse des activités industrielles, et une évolution vers la création d&#8217;emplois dans les domaines du commerce et des services.</p>
<p>Ainsi, selon l&#8217;enquête sur les besoins de main-d&#8217;œuvre des services de l&#8217;ASSEDIC, l&#8217;essentiel des offres d&#8217;emploi est aujourd&#8217;hui porté par les professions de l&#8217;animation socioculturelle et sportive (1 031 offres recensées sur 4 752 au total dans le département), de l&#8217;hôtellerie (968 offres), du nettoyage (438 offres), de la restauration (345 offres).</p>
<p>Toutes ces offres étaient, pour les trois quarts au moins, proposées sur des emplois de caractère saisonnier.</p>
<p>Toutefois, des évolutions sensibles de la situation sociologique du département sont à attendre de l&#8217;implantation prochaine, au débouché de la vallée de la Durance du projet ITER.</p>

<p>Carte des Alpes-de-Haute-Provence (format pdf), parfois abrégé en AHP, un département de la région Provence-Alpes-Côte d&#8217;Azur en France. Les habitants sont &#8230;</p>
