{"id":11413,"date":"2022-04-26T13:21:46","date_gmt":"2022-04-26T13:21:46","guid":{"rendered":"https:\/\/gifex.com\/fr\/?post_type=ficha&#038;p=11413"},"modified":"2023-02-02T15:37:50","modified_gmt":"2023-02-02T15:37:50","slug":"autoroutes-et-liaisons-ferroviaires-des-hauts-de-france","status":"publish","type":"ficha","link":"https:\/\/gifex.com\/fr\/fichier\/autoroutes-et-liaisons-ferroviaires-des-hauts-de-france\/","title":{"rendered":"Autoroutes et liaisons ferroviaires des Hauts-de-France"},"content":{"rendered":"<p>Carte des autoroutes et des principales liaisons ferroviaires des Hauts-de-France.<\/p>\n<figure id=\"attachment_11420\" aria-describedby=\"caption-attachment-11420\" style=\"width: 360px\" class=\"wp-caption alignright\"><a href=\"https:\/\/gifex.com\/fr\/wp-content\/uploads\/11413\/L-Echangeur-autoroutier-d-Englos.png\" target=\"_blank\" rel=\"noopener\"><img fetchpriority=\"high\" decoding=\"async\" class=\"wp-image-11420\" title=\"L'\u00c9changeur autoroutier d'Englos.\" src=\"https:\/\/gifex.com\/fr\/wp-content\/uploads\/11413\/L-Echangeur-autoroutier-d-Englos-300x234.png\" alt=\"L'\u00c9changeur autoroutier d'Englos.\" width=\"360\" height=\"281\" srcset=\"https:\/\/gifex.com\/fr\/wp-content\/uploads\/11413\/L-Echangeur-autoroutier-d-Englos-300x234.png 300w, https:\/\/gifex.com\/fr\/wp-content\/uploads\/11413\/L-Echangeur-autoroutier-d-Englos.png 671w\" sizes=\"(max-width: 360px) 100vw, 360px\" \/><\/a><figcaption id=\"caption-attachment-11420\" class=\"wp-caption-text\"><label style=\"font-size: 15px;\">Plan de l&#8217;\u00c9changeur autoroutier d&#8217;Englos situ\u00e9 sur le territoire des communes d&#8217;Englos et de Sequedin \u00e0 l&#8217;ouest de Lille.<\/label><\/figcaption><\/figure>\n<p><strong>R\u00e9seau routier<\/strong> ; La r\u00e9gion est travers\u00e9e par 3 axes autoroutiers majeurs : l&#8217;A1 relie Paris \u00e0 Lille, desservant le secteur de Creil\/Compi\u00e8gne puis Arras et le bassin minier. L&#8217;A16 relie le nord de la r\u00e9gion parisienne \u00e0 la fronti\u00e8re belge en desservant Beauvais, Amiens, Abbeville, Boulogne-sur-Mer, Calais et Dunkerque. Enfin, l&#8217;A26 r\u00e9alise la liaison entre Calais et Troyes via Arras, Saint-Quentin et Laon.<\/p>\n<p>D&#8217;autres autoroutes relient entre elles des agglom\u00e9rations de la r\u00e9gion ou \u00e0 proximit\u00e9 : l&#8217;A2 se s\u00e9pare de l&#8217;A1 au nord de P\u00e9ronne pour rejoindre Bruxelles en desservant Cambrai et Valenciennes, l&#8217;A21 traverse le bassin minier, l&#8217;A28 lie Abbeville \u00e0 Rouen en suivant la c\u00f4te, et l&#8217;A29 met en communication Reims et Le Havre en passant par Amiens et Saint-Quentin. Enfin, outre l&#8217;A1, quatre autoroutes rejoignent Lille : l&#8217;A22, l&#8217;A23, A25 et A27. Elles permettent respectivement d&#8217;aller, depuis Lille, \u00e0 Courtrai (via Tourcoing), Valenciennes, Dunkerque et Tournai.<\/p>\n<figure id=\"attachment_11421\" aria-describedby=\"caption-attachment-11421\" style=\"width: 360px\" class=\"wp-caption alignright\"><a href=\"https:\/\/gifex.com\/fr\/wp-content\/uploads\/11413\/La-gare-de-Lille-Flandres-a-Lille-2013.jpg\" target=\"_blank\" rel=\"noopener\"><img decoding=\"async\" class=\"wp-image-11421\" title=\"La gare de Lille-Flandres \u00e0 Lille.\" src=\"https:\/\/gifex.com\/fr\/wp-content\/uploads\/11413\/La-gare-de-Lille-Flandres-a-Lille-2013-300x226.jpg\" alt=\"La gare de Lille-Flandres \u00e0 Lille.\" width=\"360\" height=\"271\" srcset=\"https:\/\/gifex.com\/fr\/wp-content\/uploads\/11413\/La-gare-de-Lille-Flandres-a-Lille-2013-300x226.jpg 300w, https:\/\/gifex.com\/fr\/wp-content\/uploads\/11413\/La-gare-de-Lille-Flandres-a-Lille-2013-1024x770.jpg 1024w, https:\/\/gifex.com\/fr\/wp-content\/uploads\/11413\/La-gare-de-Lille-Flandres-a-Lille-2013-768x578.jpg 768w, https:\/\/gifex.com\/fr\/wp-content\/uploads\/11413\/La-gare-de-Lille-Flandres-a-Lille-2013-1536x1155.jpg 1536w, https:\/\/gifex.com\/fr\/wp-content\/uploads\/11413\/La-gare-de-Lille-Flandres-a-Lille-2013-2048x1540.jpg 2048w, https:\/\/gifex.com\/fr\/wp-content\/uploads\/11413\/La-gare-de-Lille-Flandres-a-Lille-2013-800x600.jpg 800w, https:\/\/gifex.com\/fr\/wp-content\/uploads\/11413\/La-gare-de-Lille-Flandres-a-Lille-2013-1600x1203.jpg 1600w\" sizes=\"(max-width: 360px) 100vw, 360px\" \/><\/a><figcaption id=\"caption-attachment-11421\" class=\"wp-caption-text\"><label style=\"font-size: 15px;\">La gare de Lille-Flandres \u00e0 Lille.<\/label><\/figcaption><\/figure>\n<p><strong>R\u00e9seau ferr\u00e9<\/strong> ;<br \/>\nLe TER Hauts-de-France est le r\u00e9seau de Transport express r\u00e9gional de la r\u00e9gion Hauts-de-France.<\/p>\n<p>En service depuis le 28 ao\u00fbt 2017, il succ\u00e8de aux deux r\u00e9seaux de Transport express r\u00e9gional, propres aux anciennes r\u00e9gions ayant fusionn\u00e9 le 1er janvier 2016, le TER Nord-Pas-de-Calais et le TER Picardie.<\/p>\n<p>La ligne grande vitesse Nord relie Paris \u00e0 Lille (via la gare TGV Haute-Picardie) et permet de rejoindre Londres (via la gare de Calais) et Bruxelles. Le TERGV, cr\u00e9\u00e9 dans la r\u00e9gion en 2000, lie certaines villes en utilisant les lignes et les v\u00e9hicules pr\u00e9vus pour les TGV. Les habitants disposent \u00e9galement de deux lignes Intercit\u00e9s (Paris-Amiens-Boulogne et Paris-Creil-Compi\u00e8gne-St Quentin-Cambrai) et de nombreuses lignes TER.<\/p>\n","protected":false},"excerpt":{"rendered":"<p>Carte des autoroutes et des principales liaisons ferroviaires des Hauts-de-France. R\u00e9seau routier ; La r\u00e9gion est travers\u00e9e par 3 axes autoroutiers majeurs : l&#8217;A1 relie Paris \u00e0 Lille, desservant le secteur de Creil\/Compi\u00e8gne puis Arras et le bassin minier. L&#8217;A16 relie le nord de la r\u00e9gion parisienne \u00e0 la fronti\u00e8re belge en desservant Beauvais, Amiens, [&hellip;]<\/p>\n","protected":false},"author":1,"featured_media":11416,"template":"","categoria_ficha":[1780],"class_list":["post-11413","ficha","type-ficha","status-publish","has-post-thumbnail","hentry","categoria_ficha-cartes-des-hauts-de-france"],"acf":[],"_links":{"self":[{"href":"https:\/\/gifex.com\/fr\/wp-json\/wp\/v2\/ficha\/11413","targetHints":{"allow":["GET"]}}],"collection":[{"href":"https:\/\/gifex.com\/fr\/wp-json\/wp\/v2\/ficha"}],"about":[{"href":"https:\/\/gifex.com\/fr\/wp-json\/wp\/v2\/types\/ficha"}],"author":[{"embeddable":true,"href":"https:\/\/gifex.com\/fr\/wp-json\/wp\/v2\/users\/1"}],"version-history":[{"count":12,"href":"https:\/\/gifex.com\/fr\/wp-json\/wp\/v2\/ficha\/11413\/revisions"}],"predecessor-version":[{"id":33627,"href":"https:\/\/gifex.com\/fr\/wp-json\/wp\/v2\/ficha\/11413\/revisions\/33627"}],"wp:featuredmedia":[{"embeddable":true,"href":"https:\/\/gifex.com\/fr\/wp-json\/wp\/v2\/media\/11416"}],"wp:attachment":[{"href":"https:\/\/gifex.com\/fr\/wp-json\/wp\/v2\/media?parent=11413"}],"wp:term":[{"taxonomy":"categoria_ficha","embeddable":true,"href":"https:\/\/gifex.com\/fr\/wp-json\/wp\/v2\/categoria_ficha?post=11413"}],"curies":[{"name":"wp","href":"https:\/\/api.w.org\/{rel}","templated":true}]}}

<p>Carte des autoroutes et des principales liaisons ferroviaires des Hauts-de-France.</p>
<figure id="attachment_11420" aria-describedby="caption-attachment-11420" style="width: 360px" class="wp-caption alignright"><a href="https://gifex.com/fr/wp-content/uploads/11413/L-Echangeur-autoroutier-d-Englos.png" target="_blank" rel="noopener"><img fetchpriority="high" decoding="async" class="wp-image-11420" title="L'Échangeur autoroutier d'Englos." src="https://gifex.com/fr/wp-content/uploads/11413/L-Echangeur-autoroutier-d-Englos-300x234.png" alt="L'Échangeur autoroutier d'Englos." width="360" height="281" srcset="https://gifex.com/fr/wp-content/uploads/11413/L-Echangeur-autoroutier-d-Englos-300x234.png 300w, https://gifex.com/fr/wp-content/uploads/11413/L-Echangeur-autoroutier-d-Englos.png 671w" sizes="(max-width: 360px) 100vw, 360px" /></a><figcaption id="caption-attachment-11420" class="wp-caption-text"><label style="font-size: 15px;">Plan de l&#8217;Échangeur autoroutier d&#8217;Englos situé sur le territoire des communes d&#8217;Englos et de Sequedin à l&#8217;ouest de Lille.</label></figcaption></figure>
<p><strong>Réseau routier</strong> ; La région est traversée par 3 axes autoroutiers majeurs : l&#8217;A1 relie Paris à Lille, desservant le secteur de Creil/Compiègne puis Arras et le bassin minier. L&#8217;A16 relie le nord de la région parisienne à la frontière belge en desservant Beauvais, Amiens, Abbeville, Boulogne-sur-Mer, Calais et Dunkerque. Enfin, l&#8217;A26 réalise la liaison entre Calais et Troyes via Arras, Saint-Quentin et Laon.</p>
<p>D&#8217;autres autoroutes relient entre elles des agglomérations de la région ou à proximité : l&#8217;A2 se sépare de l&#8217;A1 au nord de Péronne pour rejoindre Bruxelles en desservant Cambrai et Valenciennes, l&#8217;A21 traverse le bassin minier, l&#8217;A28 lie Abbeville à Rouen en suivant la côte, et l&#8217;A29 met en communication Reims et Le Havre en passant par Amiens et Saint-Quentin. Enfin, outre l&#8217;A1, quatre autoroutes rejoignent Lille : l&#8217;A22, l&#8217;A23, A25 et A27. Elles permettent respectivement d&#8217;aller, depuis Lille, à Courtrai (via Tourcoing), Valenciennes, Dunkerque et Tournai.</p>
<figure id="attachment_11421" aria-describedby="caption-attachment-11421" style="width: 360px" class="wp-caption alignright"><a href="https://gifex.com/fr/wp-content/uploads/11413/La-gare-de-Lille-Flandres-a-Lille-2013.jpg" target="_blank" rel="noopener"><img decoding="async" class="wp-image-11421" title="La gare de Lille-Flandres à Lille." src="https://gifex.com/fr/wp-content/uploads/11413/La-gare-de-Lille-Flandres-a-Lille-2013-300x226.jpg" alt="La gare de Lille-Flandres à Lille." width="360" height="271" srcset="https://gifex.com/fr/wp-content/uploads/11413/La-gare-de-Lille-Flandres-a-Lille-2013-300x226.jpg 300w, https://gifex.com/fr/wp-content/uploads/11413/La-gare-de-Lille-Flandres-a-Lille-2013-1024x770.jpg 1024w, https://gifex.com/fr/wp-content/uploads/11413/La-gare-de-Lille-Flandres-a-Lille-2013-768x578.jpg 768w, https://gifex.com/fr/wp-content/uploads/11413/La-gare-de-Lille-Flandres-a-Lille-2013-1536x1155.jpg 1536w, https://gifex.com/fr/wp-content/uploads/11413/La-gare-de-Lille-Flandres-a-Lille-2013-2048x1540.jpg 2048w, https://gifex.com/fr/wp-content/uploads/11413/La-gare-de-Lille-Flandres-a-Lille-2013-800x600.jpg 800w, https://gifex.com/fr/wp-content/uploads/11413/La-gare-de-Lille-Flandres-a-Lille-2013-1600x1203.jpg 1600w" sizes="(max-width: 360px) 100vw, 360px" /></a><figcaption id="caption-attachment-11421" class="wp-caption-text"><label style="font-size: 15px;">La gare de Lille-Flandres à Lille.</label></figcaption></figure>
<p><strong>Réseau ferré</strong> ;<br />
Le TER Hauts-de-France est le réseau de Transport express régional de la région Hauts-de-France.</p>
<p>En service depuis le 28 août 2017, il succède aux deux réseaux de Transport express régional, propres aux anciennes régions ayant fusionné le 1er janvier 2016, le TER Nord-Pas-de-Calais et le TER Picardie.</p>
<p>La ligne grande vitesse Nord relie Paris à Lille (via la gare TGV Haute-Picardie) et permet de rejoindre Londres (via la gare de Calais) et Bruxelles. Le TERGV, créé dans la région en 2000, lie certaines villes en utilisant les lignes et les véhicules prévus pour les TGV. Les habitants disposent également de deux lignes Intercités (Paris-Amiens-Boulogne et Paris-Creil-Compiègne-St Quentin-Cambrai) et de nombreuses lignes TER.</p>

<p>Carte des autoroutes et des principales liaisons ferroviaires des Hauts-de-France. Réseau routier ; La région est traversée par 3 axes autoroutiers majeurs : l&#8217;A1 relie Paris à Lille, desservant le secteur de Creil/Compiègne puis Arras et le bassin minier. L&#8217;A16 relie le nord de la région parisienne à la frontière belge en desservant Beauvais, Amiens, [&hellip;]</p>
