{"id":10682,"date":"2022-04-17T16:16:46","date_gmt":"2022-04-17T16:16:46","guid":{"rendered":"https:\/\/gifex.com\/fr\/?post_type=ficha&#038;p=10682"},"modified":"2023-02-02T13:11:12","modified_gmt":"2023-02-02T13:11:12","slug":"quels-sont-les-departements-de-la-nouvelle-aquitaine","status":"publish","type":"ficha","link":"https:\/\/gifex.com\/fr\/fichier\/quels-sont-les-departements-de-la-nouvelle-aquitaine\/","title":{"rendered":"Quels sont les d\u00e9partements de la Nouvelle-Aquitaine ?"},"content":{"rendered":"<p>En Nouvelle-Aquitaine (pour voir l&#8217;emplacement des d\u00e9partements dans la r\u00e9gion consultez la carte ci-dessus), le d\u00e9partement est \u00e0 la fois :<\/p>\n<ul>\n<li>une\u00a0circonscription administrative,\u00a0territoire de comp\u00e9tence\u00a0de services de l&#8217;\u00c9tat\u00a0;<\/li>\n<li>le territoire de comp\u00e9tence d&#8217;un d\u00e9partement en tant que collectivit\u00e9 territoriale\u00a0;<\/li>\n<li>une collectivit\u00e9 territoriale proprement dite, \u00e0 savoir une\u00a0personne morale\u00a0de droit public diff\u00e9rente de l&#8217;\u00c9tat, investie d&#8217;une mission d&#8217;int\u00e9r\u00eat g\u00e9n\u00e9ral\u00a0concernant le d\u00e9partement, compris en tant que territoire.<\/li>\n<\/ul>\n<p>La circonscription administrative d\u00e9partementale est administr\u00e9e par un pr\u00e9fet \u00e0 la t\u00eate de diff\u00e9rents services de l&#8217;\u00c9tat. La\u00a0collectivit\u00e9 d\u00e9partementale\u00a0dispose quant \u00e0 elle, pour l&#8217;exercice des comp\u00e9tences qui lui sont d\u00e9volues, d&#8217;un organe d\u00e9lib\u00e9rant, le\u00a0conseil d\u00e9partemental, et d&#8217;un organe ex\u00e9cutif, le pr\u00e9sident du conseil d\u00e9partemental, qui pr\u00e9pare et ex\u00e9cute les d\u00e9lib\u00e9rations du conseil d\u00e9partemental. Il est assist\u00e9 \u00e0 cette fin de vice-pr\u00e9sidents et d&#8217;un bureau sur le plan politique et de services d\u00e9partementaux pour la mise en \u0153uvre des d\u00e9cisions.<\/p>\n<p>Le territoire d\u00e9partemental est \u00e9galement utilis\u00e9 comme circonscription \u00e9lectorale pour l&#8217;\u00e9lection des s\u00e9nateurs de la r\u00e9gion Nouvelle-Aquitaine.<\/p>\n<p>La cr\u00e9ation des d\u00e9partements fran\u00e7ais remonte au\u00a0d\u00e9cret du 22 d\u00e9cembre 1789\u00a0pris par l&#8217;Assembl\u00e9e constituante de 1789, effectif \u00e0 partir du\u00a04\u00a0mars\u00a01790. Leurs limites\u00a0sont fortement inspir\u00e9es de projets de red\u00e9coupages du territoire plus anciens \u00e9labor\u00e9s sous la royaut\u00e9\u00a0par\u00a0Marc-Ren\u00e9 d&#8217;Argenson\u00a0d\u00e8s\u00a01665\u00a0et inscrit dans un \u00e9dit en\u00a01787, ou encore par\u00a0Condorcet\u00a0en\u00a01788.<\/p>\n<div class=\"boxscrl\">\n<table width=\"496\">\n<tbody>\n<tr>\n<td colspan=\"6\" width=\"496\">D\u00e9partements de la r\u00e9gion Nouvelle-Aquitaine<\/td>\n<\/tr>\n<tr>\n<td rowspan=\"2\" width=\"39\">Code<\/td>\n<td rowspan=\"2\" width=\"127\">D\u00e9partement<\/td>\n<td rowspan=\"2\" width=\"111\">Pr\u00e9fecture<\/td>\n<td width=\"75\">Population<\/td>\n<td width=\"70\">Superficie<\/td>\n<td width=\"74\">Densit\u00e9<\/td>\n<\/tr>\n<tr>\n<td width=\"75\">2019<\/td>\n<td width=\"70\">(km<sup>2<\/sup>)<\/td>\n<td width=\"74\">(hab.\/km<sup>2<\/sup>)<\/td>\n<\/tr>\n<tr>\n<td width=\"39\">16<\/td>\n<td width=\"127\">Charente<\/td>\n<td width=\"111\">Angoul\u00eame<\/td>\n<td width=\"75\">352\u00a0015<\/td>\n<td width=\"70\">5\u00a0956<\/td>\n<td width=\"74\">59<\/td>\n<\/tr>\n<tr>\n<td width=\"39\">17<\/td>\n<td width=\"127\">Charente-Maritime<\/td>\n<td width=\"111\">La Rochelle<\/td>\n<td width=\"75\">651\u00a0358<\/td>\n<td width=\"70\">6\u00a0864<\/td>\n<td width=\"74\">95<\/td>\n<\/tr>\n<tr>\n<td width=\"39\">19<\/td>\n<td width=\"127\">Corr\u00e8ze<\/td>\n<td width=\"111\">Tulle<\/td>\n<td width=\"75\">240\u00a0073<\/td>\n<td width=\"70\">5\u00a0857<\/td>\n<td width=\"74\">41<\/td>\n<\/tr>\n<tr>\n<td width=\"39\">23<\/td>\n<td width=\"127\">Creuse<\/td>\n<td width=\"111\">Gu\u00e9ret<\/td>\n<td width=\"75\">116\u00a0617<\/td>\n<td width=\"70\">5\u00a0565<\/td>\n<td width=\"74\">21<\/td>\n<\/tr>\n<tr>\n<td width=\"39\">79<\/td>\n<td width=\"127\">Deux-S\u00e8vres<\/td>\n<td width=\"111\">Niort<\/td>\n<td width=\"75\">374\u00a0878<\/td>\n<td width=\"70\">5\u00a0999<\/td>\n<td width=\"74\">62<\/td>\n<\/tr>\n<tr>\n<td width=\"39\">24<\/td>\n<td width=\"127\">Dordogne<\/td>\n<td width=\"111\">P\u00e9rigueux<\/td>\n<td width=\"75\">413\u00a0223<\/td>\n<td width=\"70\">9\u00a0060<\/td>\n<td width=\"74\">46<\/td>\n<\/tr>\n<tr>\n<td width=\"39\">33<\/td>\n<td width=\"127\">Gironde<\/td>\n<td width=\"111\">Bordeaux<\/td>\n<td width=\"75\">1\u00a0623\u00a0749<\/td>\n<td width=\"70\">9\u00a0975,6<\/td>\n<td width=\"74\">163<\/td>\n<\/tr>\n<tr>\n<td width=\"39\">87<\/td>\n<td width=\"127\">Haute-Vienne<\/td>\n<td width=\"111\">Limoges<\/td>\n<td width=\"75\">372\u00a0359<\/td>\n<td width=\"70\">5\u00a0520<\/td>\n<td width=\"74\">67<\/td>\n<\/tr>\n<tr>\n<td width=\"39\">40<\/td>\n<td width=\"127\">Landes<\/td>\n<td width=\"111\">Mont-de-Marsan<\/td>\n<td width=\"75\">413\u00a0690<\/td>\n<td width=\"70\">9\u00a0243<\/td>\n<td width=\"74\">45<\/td>\n<\/tr>\n<tr>\n<td width=\"39\">47<\/td>\n<td width=\"127\">Lot-et-Garonne<\/td>\n<td width=\"111\">Agen<\/td>\n<td width=\"75\">331\u00a0271<\/td>\n<td width=\"70\">5\u00a0361<\/td>\n<td width=\"74\">62<\/td>\n<\/tr>\n<tr>\n<td width=\"39\">64<\/td>\n<td width=\"127\">Pyr\u00e9n\u00e9es-Atlantiques<\/td>\n<td width=\"111\">Pau<\/td>\n<td width=\"75\">682\u00a0621<\/td>\n<td width=\"70\">7\u00a0645<\/td>\n<td width=\"74\">89<\/td>\n<\/tr>\n<tr>\n<td width=\"39\">86<\/td>\n<td width=\"127\">Vienne<\/td>\n<td width=\"111\">Poitiers<\/td>\n<td width=\"75\">438\u00a0435<\/td>\n<td width=\"70\">6\u00a0990<\/td>\n<td width=\"74\">63<\/td>\n<\/tr>\n<\/tbody>\n<\/table>\n<\/div>\n","protected":false},"excerpt":{"rendered":"<p>Les d\u00e9partements de la r\u00e9gion sur la carte ci-dessus, le d\u00e9partement est \u00e0 la fois :<\/p>\n","protected":false},"author":1,"featured_media":10683,"template":"","categoria_ficha":[1783],"class_list":["post-10682","ficha","type-ficha","status-publish","has-post-thumbnail","hentry","categoria_ficha-cartes-de-la-nouvelle-aquitaine"],"acf":[],"_links":{"self":[{"href":"https:\/\/gifex.com\/fr\/wp-json\/wp\/v2\/ficha\/10682","targetHints":{"allow":["GET"]}}],"collection":[{"href":"https:\/\/gifex.com\/fr\/wp-json\/wp\/v2\/ficha"}],"about":[{"href":"https:\/\/gifex.com\/fr\/wp-json\/wp\/v2\/types\/ficha"}],"author":[{"embeddable":true,"href":"https:\/\/gifex.com\/fr\/wp-json\/wp\/v2\/users\/1"}],"version-history":[{"count":6,"href":"https:\/\/gifex.com\/fr\/wp-json\/wp\/v2\/ficha\/10682\/revisions"}],"predecessor-version":[{"id":33542,"href":"https:\/\/gifex.com\/fr\/wp-json\/wp\/v2\/ficha\/10682\/revisions\/33542"}],"wp:featuredmedia":[{"embeddable":true,"href":"https:\/\/gifex.com\/fr\/wp-json\/wp\/v2\/media\/10683"}],"wp:attachment":[{"href":"https:\/\/gifex.com\/fr\/wp-json\/wp\/v2\/media?parent=10682"}],"wp:term":[{"taxonomy":"categoria_ficha","embeddable":true,"href":"https:\/\/gifex.com\/fr\/wp-json\/wp\/v2\/categoria_ficha?post=10682"}],"curies":[{"name":"wp","href":"https:\/\/api.w.org\/{rel}","templated":true}]}}

Quels sont les départements de la Nouvelle-Aquitaine ?

<p>En Nouvelle-Aquitaine (pour voir l&#8217;emplacement des départements dans la région consultez la carte ci-dessus), le département est à la fois :</p>
<ul>
<li>une circonscription administrative, territoire de compétence de services de l&#8217;État ;</li>
<li>le territoire de compétence d&#8217;un département en tant que collectivité territoriale ;</li>
<li>une collectivité territoriale proprement dite, à savoir une personne morale de droit public différente de l&#8217;État, investie d&#8217;une mission d&#8217;intérêt général concernant le département, compris en tant que territoire.</li>
</ul>
<p>La circonscription administrative départementale est administrée par un préfet à la tête de différents services de l&#8217;État. La collectivité départementale dispose quant à elle, pour l&#8217;exercice des compétences qui lui sont dévolues, d&#8217;un organe délibérant, le conseil départemental, et d&#8217;un organe exécutif, le président du conseil départemental, qui prépare et exécute les délibérations du conseil départemental. Il est assisté à cette fin de vice-présidents et d&#8217;un bureau sur le plan politique et de services départementaux pour la mise en œuvre des décisions.</p>
<p>Le territoire départemental est également utilisé comme circonscription électorale pour l&#8217;élection des sénateurs de la région Nouvelle-Aquitaine.</p>
<p>La création des départements français remonte au décret du 22 décembre 1789 pris par l&#8217;Assemblée constituante de 1789, effectif à partir du 4 mars 1790. Leurs limites sont fortement inspirées de projets de redécoupages du territoire plus anciens élaborés sous la royauté par Marc-René d&#8217;Argenson dès 1665 et inscrit dans un édit en 1787, ou encore par Condorcet en 1788.</p>
<div class="boxscrl">
<table width="496">
<tbody>
<tr>
<td colspan="6" width="496">Départements de la région Nouvelle-Aquitaine</td>
</tr>
<tr>
<td rowspan="2" width="39">Code</td>
<td rowspan="2" width="127">Département</td>
<td rowspan="2" width="111">Préfecture</td>
<td width="75">Population</td>
<td width="70">Superficie</td>
<td width="74">Densité</td>
</tr>
<tr>
<td width="75">2019</td>
<td width="70">(km<sup>2</sup>)</td>
<td width="74">(hab./km<sup>2</sup>)</td>
</tr>
<tr>
<td width="39">16</td>
<td width="127">Charente</td>
<td width="111">Angoulême</td>
<td width="75">352 015</td>
<td width="70">5 956</td>
<td width="74">59</td>
</tr>
<tr>
<td width="39">17</td>
<td width="127">Charente-Maritime</td>
<td width="111">La Rochelle</td>
<td width="75">651 358</td>
<td width="70">6 864</td>
<td width="74">95</td>
</tr>
<tr>
<td width="39">19</td>
<td width="127">Corrèze</td>
<td width="111">Tulle</td>
<td width="75">240 073</td>
<td width="70">5 857</td>
<td width="74">41</td>
</tr>
<tr>
<td width="39">23</td>
<td width="127">Creuse</td>
<td width="111">Guéret</td>
<td width="75">116 617</td>
<td width="70">5 565</td>
<td width="74">21</td>
</tr>
<tr>
<td width="39">79</td>
<td width="127">Deux-Sèvres</td>
<td width="111">Niort</td>
<td width="75">374 878</td>
<td width="70">5 999</td>
<td width="74">62</td>
</tr>
<tr>
<td width="39">24</td>
<td width="127">Dordogne</td>
<td width="111">Périgueux</td>
<td width="75">413 223</td>
<td width="70">9 060</td>
<td width="74">46</td>
</tr>
<tr>
<td width="39">33</td>
<td width="127">Gironde</td>
<td width="111">Bordeaux</td>
<td width="75">1 623 749</td>
<td width="70">9 975,6</td>
<td width="74">163</td>
</tr>
<tr>
<td width="39">87</td>
<td width="127">Haute-Vienne</td>
<td width="111">Limoges</td>
<td width="75">372 359</td>
<td width="70">5 520</td>
<td width="74">67</td>
</tr>
<tr>
<td width="39">40</td>
<td width="127">Landes</td>
<td width="111">Mont-de-Marsan</td>
<td width="75">413 690</td>
<td width="70">9 243</td>
<td width="74">45</td>
</tr>
<tr>
<td width="39">47</td>
<td width="127">Lot-et-Garonne</td>
<td width="111">Agen</td>
<td width="75">331 271</td>
<td width="70">5 361</td>
<td width="74">62</td>
</tr>
<tr>
<td width="39">64</td>
<td width="127">Pyrénées-Atlantiques</td>
<td width="111">Pau</td>
<td width="75">682 621</td>
<td width="70">7 645</td>
<td width="74">89</td>
</tr>
<tr>
<td width="39">86</td>
<td width="127">Vienne</td>
<td width="111">Poitiers</td>
<td width="75">438 435</td>
<td width="70">6 990</td>
<td width="74">63</td>
</tr>
</tbody>
</table>
</div>

<p>Les départements de la région sur la carte ci-dessus, le département est à la fois :</p>
