{"id":10571,"date":"2022-04-15T22:26:35","date_gmt":"2022-04-15T22:26:35","guid":{"rendered":"https:\/\/gifex.com\/fr\/?post_type=ficha&#038;p=10571"},"modified":"2024-11-14T20:48:18","modified_gmt":"2024-11-14T20:48:18","slug":"carte-de-l-ile-de-france","status":"publish","type":"ficha","link":"https:\/\/gifex.com\/fr\/fichier\/carte-de-l-ile-de-france\/","title":{"rendered":"Carte de l&#8217;\u00cele-de-France"},"content":{"rendered":"<p>Carte de l&#8217;\u00cele-de-France <a href=\"https:\/\/gifex.com\/fr\/wp-content\/uploads\/10571\/Carte-de-l-Ile-de-France.pdf\" target=\"_blank\" rel=\"noopener\">(format pdf)<\/a>, la plus peupl\u00e9e des dix-huit r\u00e9gions de France. Centr\u00e9e sur la capitale Paris, elle est situ\u00e9e dans la partie centre-nord du pays et souvent appel\u00e9e la R\u00e9gion Parisienne. L&#8217;\u00cele-de-France est dens\u00e9ment peupl\u00e9e et conserve une position \u00e9conomique de premier plan sur la sc\u00e8ne nationale : bien qu&#8217;elle ne couvre que 12 012 kilom\u00e8tres carr\u00e9s, soit environ 2 % du territoire fran\u00e7ais m\u00e9tropolitain, sa population estim\u00e9e \u00e0 12 278 210 habitants en 2020 repr\u00e9sentait pr\u00e8s d&#8217;un cinqui\u00e8me du total national ; son \u00e9conomie repr\u00e9sente pr\u00e8s d&#8217;un tiers du produit int\u00e9rieur brut fran\u00e7ais.<\/p>\n<figure id=\"attachment_10574\" aria-describedby=\"caption-attachment-10574\" style=\"width: 360px\" class=\"wp-caption alignright\"><a href=\"https:\/\/gifex.com\/fr\/wp-content\/uploads\/10571\/Tour-Eiffel-depuis-la-Tour-Montparnasse-a-Paris-2014.jpg\" target=\"_blank\" rel=\"noopener\"><img fetchpriority=\"high\" decoding=\"async\" class=\"wp-image-10574\" style=\"width: 100%; max-width: 360px; height: auto;\" title=\"Tour Eiffel depuis la Tour Montparnasse \u00e0 Paris.\" src=\"https:\/\/gifex.com\/fr\/wp-content\/uploads\/10571\/Tour-Eiffel-depuis-la-Tour-Montparnasse-a-Paris-2014-300x213.jpg\" alt=\"Tour Eiffel depuis la Tour Montparnasse \u00e0 Paris.\" width=\"360\" height=\"255\" srcset=\"https:\/\/gifex.com\/fr\/wp-content\/uploads\/10571\/Tour-Eiffel-depuis-la-Tour-Montparnasse-a-Paris-2014-300x213.jpg 300w, https:\/\/gifex.com\/fr\/wp-content\/uploads\/10571\/Tour-Eiffel-depuis-la-Tour-Montparnasse-a-Paris-2014-1024x726.jpg 1024w, https:\/\/gifex.com\/fr\/wp-content\/uploads\/10571\/Tour-Eiffel-depuis-la-Tour-Montparnasse-a-Paris-2014-768x544.jpg 768w, https:\/\/gifex.com\/fr\/wp-content\/uploads\/10571\/Tour-Eiffel-depuis-la-Tour-Montparnasse-a-Paris-2014-1536x1088.jpg 1536w, https:\/\/gifex.com\/fr\/wp-content\/uploads\/10571\/Tour-Eiffel-depuis-la-Tour-Montparnasse-a-Paris-2014-2048x1451.jpg 2048w, https:\/\/gifex.com\/fr\/wp-content\/uploads\/10571\/Tour-Eiffel-depuis-la-Tour-Montparnasse-a-Paris-2014-1600x1134.jpg 1600w\" sizes=\"(max-width: 360px) 100vw, 360px\" \/><\/a><figcaption id=\"caption-attachment-10574\" class=\"wp-caption-text\"><label style=\"font-size: 15px;\">Tour Eiffel depuis la Tour Montparnasse \u00e0 Paris.<\/label><\/figcaption><\/figure>\n<p>La r\u00e9gion est compos\u00e9e de huit d\u00e9partements administratifs : Paris, Essonne, Hauts-de-Seine, Seine-Saint-Denis, Seine-et-Marne, Val-de-Marne, Val-d&#8217;Oise et Yvelines. Elle a \u00e9t\u00e9 cr\u00e9\u00e9e sous le nom de \u00ab District de la r\u00e9gion parisienne \u00bb en 1961. En 1976, lorsque son statut a \u00e9t\u00e9 align\u00e9 sur les r\u00e9gions administratives fran\u00e7aises cr\u00e9\u00e9es en 1972, elle a \u00e9t\u00e9 rebaptis\u00e9e d&#8217;apr\u00e8s la province historique d&#8217;\u00cele-de-France. Les r\u00e9sidents sont parfois appel\u00e9s Franciliens, un mot administratif cr\u00e9\u00e9 dans les ann\u00e9es 1980. Le PIB de la r\u00e9gion en 2018 \u00e9tait de 738 milliards d&#8217;euros. Elle a le PIB par habitant le plus \u00e9lev\u00e9 de toutes les r\u00e9gions fran\u00e7aises et le troisi\u00e8me plus \u00e9lev\u00e9 de toutes les r\u00e9gions de l&#8217;Union europ\u00e9enne. La r\u00e9gion \u00cele-de-France repr\u00e9sente \u00e0 elle seule 5 % du PIB de l&#8217;Union europ\u00e9enne, avec seulement 2,7 % environ de la population de l&#8217;Union. En 2018, la quasi-totalit\u00e9 des vingt-huit entreprises fran\u00e7aises r\u00e9pertori\u00e9es dans le Fortune Global 500 \u00e9taient bas\u00e9es en \u00cele-de-France.<\/p>\n<p>Au-del\u00e0 des limites de la ville de Paris, la r\u00e9gion compte de nombreux autres sites historiques importants, dont les ch\u00e2teaux de Versailles et de Fontainebleau, ainsi que l&#8217;attraction touristique la plus visit\u00e9e de France, Disneyland Paris. Bien qu&#8217;il s&#8217;agisse de la r\u00e9gion fran\u00e7aise la plus riche, un nombre important d&#8217;habitants vivent dans la pauvret\u00e9 : le taux de pauvret\u00e9 officiel en \u00cele-de-France \u00e9tait de 15,9 % en 2015. La r\u00e9gion a connu une augmentation des in\u00e9galit\u00e9s de revenus au cours des derni\u00e8res d\u00e9cennies et la hausse des prix de l&#8217;immobilier a pouss\u00e9 les moins nantis hors de Paris.<\/p>\n","protected":false},"excerpt":{"rendered":"<p>Carte de l&#8217;\u00cele-de-France (format pdf), la plus peupl\u00e9e des dix-huit r\u00e9gions de France. Centr\u00e9e sur la capitale Paris, elle est situ\u00e9e dans la partie centre-nord<\/p>\n","protected":false},"author":1,"featured_media":54204,"template":"","categoria_ficha":[1781],"class_list":["post-10571","ficha","type-ficha","status-publish","has-post-thumbnail","hentry","categoria_ficha-cartes-de-lile-de-france"],"acf":[],"_links":{"self":[{"href":"https:\/\/gifex.com\/fr\/wp-json\/wp\/v2\/ficha\/10571","targetHints":{"allow":["GET"]}}],"collection":[{"href":"https:\/\/gifex.com\/fr\/wp-json\/wp\/v2\/ficha"}],"about":[{"href":"https:\/\/gifex.com\/fr\/wp-json\/wp\/v2\/types\/ficha"}],"author":[{"embeddable":true,"href":"https:\/\/gifex.com\/fr\/wp-json\/wp\/v2\/users\/1"}],"version-history":[{"count":10,"href":"https:\/\/gifex.com\/fr\/wp-json\/wp\/v2\/ficha\/10571\/revisions"}],"predecessor-version":[{"id":54205,"href":"https:\/\/gifex.com\/fr\/wp-json\/wp\/v2\/ficha\/10571\/revisions\/54205"}],"wp:featuredmedia":[{"embeddable":true,"href":"https:\/\/gifex.com\/fr\/wp-json\/wp\/v2\/media\/54204"}],"wp:attachment":[{"href":"https:\/\/gifex.com\/fr\/wp-json\/wp\/v2\/media?parent=10571"}],"wp:term":[{"taxonomy":"categoria_ficha","embeddable":true,"href":"https:\/\/gifex.com\/fr\/wp-json\/wp\/v2\/categoria_ficha?post=10571"}],"curies":[{"name":"wp","href":"https:\/\/api.w.org\/{rel}","templated":true}]}}

Carte de l&#8217;Île-de-France

<p>Carte de l&#8217;Île-de-France <a href="https://gifex.com/fr/wp-content/uploads/10571/Carte-de-l-Ile-de-France.pdf" target="_blank" rel="noopener">(format pdf)</a>, la plus peuplée des dix-huit régions de France. Centrée sur la capitale Paris, elle est située dans la partie centre-nord du pays et souvent appelée la Région Parisienne. L&#8217;Île-de-France est densément peuplée et conserve une position économique de premier plan sur la scène nationale : bien qu&#8217;elle ne couvre que 12 012 kilomètres carrés, soit environ 2 % du territoire français métropolitain, sa population estimée à 12 278 210 habitants en 2020 représentait près d&#8217;un cinquième du total national ; son économie représente près d&#8217;un tiers du produit intérieur brut français.</p>
<figure id="attachment_10574" aria-describedby="caption-attachment-10574" style="width: 360px" class="wp-caption alignright"><a href="https://gifex.com/fr/wp-content/uploads/10571/Tour-Eiffel-depuis-la-Tour-Montparnasse-a-Paris-2014.jpg" target="_blank" rel="noopener"><img fetchpriority="high" decoding="async" class="wp-image-10574" style="width: 100%; max-width: 360px; height: auto;" title="Tour Eiffel depuis la Tour Montparnasse à Paris." src="https://gifex.com/fr/wp-content/uploads/10571/Tour-Eiffel-depuis-la-Tour-Montparnasse-a-Paris-2014-300x213.jpg" alt="Tour Eiffel depuis la Tour Montparnasse à Paris." width="360" height="255" srcset="https://gifex.com/fr/wp-content/uploads/10571/Tour-Eiffel-depuis-la-Tour-Montparnasse-a-Paris-2014-300x213.jpg 300w, https://gifex.com/fr/wp-content/uploads/10571/Tour-Eiffel-depuis-la-Tour-Montparnasse-a-Paris-2014-1024x726.jpg 1024w, https://gifex.com/fr/wp-content/uploads/10571/Tour-Eiffel-depuis-la-Tour-Montparnasse-a-Paris-2014-768x544.jpg 768w, https://gifex.com/fr/wp-content/uploads/10571/Tour-Eiffel-depuis-la-Tour-Montparnasse-a-Paris-2014-1536x1088.jpg 1536w, https://gifex.com/fr/wp-content/uploads/10571/Tour-Eiffel-depuis-la-Tour-Montparnasse-a-Paris-2014-2048x1451.jpg 2048w, https://gifex.com/fr/wp-content/uploads/10571/Tour-Eiffel-depuis-la-Tour-Montparnasse-a-Paris-2014-1600x1134.jpg 1600w" sizes="(max-width: 360px) 100vw, 360px" /></a><figcaption id="caption-attachment-10574" class="wp-caption-text"><label style="font-size: 15px;">Tour Eiffel depuis la Tour Montparnasse à Paris.</label></figcaption></figure>
<p>La région est composée de huit départements administratifs : Paris, Essonne, Hauts-de-Seine, Seine-Saint-Denis, Seine-et-Marne, Val-de-Marne, Val-d&#8217;Oise et Yvelines. Elle a été créée sous le nom de « District de la région parisienne » en 1961. En 1976, lorsque son statut a été aligné sur les régions administratives françaises créées en 1972, elle a été rebaptisée d&#8217;après la province historique d&#8217;Île-de-France. Les résidents sont parfois appelés Franciliens, un mot administratif créé dans les années 1980. Le PIB de la région en 2018 était de 738 milliards d&#8217;euros. Elle a le PIB par habitant le plus élevé de toutes les régions françaises et le troisième plus élevé de toutes les régions de l&#8217;Union européenne. La région Île-de-France représente à elle seule 5 % du PIB de l&#8217;Union européenne, avec seulement 2,7 % environ de la population de l&#8217;Union. En 2018, la quasi-totalité des vingt-huit entreprises françaises répertoriées dans le Fortune Global 500 étaient basées en Île-de-France.</p>
<p>Au-delà des limites de la ville de Paris, la région compte de nombreux autres sites historiques importants, dont les châteaux de Versailles et de Fontainebleau, ainsi que l&#8217;attraction touristique la plus visitée de France, Disneyland Paris. Bien qu&#8217;il s&#8217;agisse de la région française la plus riche, un nombre important d&#8217;habitants vivent dans la pauvreté : le taux de pauvreté officiel en Île-de-France était de 15,9 % en 2015. La région a connu une augmentation des inégalités de revenus au cours des dernières décennies et la hausse des prix de l&#8217;immobilier a poussé les moins nantis hors de Paris.</p>

<p>Carte de l&#8217;Île-de-France (format pdf), la plus peuplée des dix-huit régions de France. Centrée sur la capitale Paris, elle est située dans la partie centre-nord</p>
