{"id":1057,"date":"2022-02-04T00:17:25","date_gmt":"2022-02-04T00:17:25","guid":{"rendered":"https:\/\/gifex.com\/fr\/?post_type=ficha&#038;p=1057"},"modified":"2022-08-08T00:47:16","modified_gmt":"2022-08-08T00:47:16","slug":"ou-se-trouve-l-ile-de-man","status":"publish","type":"ficha","link":"https:\/\/gifex.com\/fr\/fichier\/ou-se-trouve-l-ile-de-man\/","title":{"rendered":"O\u00f9 se trouve l&#8217;\u00eele de Man ?"},"content":{"rendered":"<p>Comme indiqu\u00e9 sur cette <strong>carte<\/strong>, l&#8217;<strong>\u00eele de Man<\/strong> (en orange) <strong>se situe en Europe du Nord<\/strong>, en mer d&#8217;Irlande, au centre des \u00eeles Britanniques, entre l&#8217;Irlande et la Grande-Bretagne, aux coordonn\u00e9es ; 54\u00b0 14\u2032 06\u2033 nord, 4\u00b0 31\u2032 30\u2033 ouest.<\/p>\n<p>.<\/p>\n","protected":false},"excerpt":{"rendered":"<p>Comme indiqu\u00e9 sur cette carte, l&#8217;\u00eele de Man (en orange) se situe en Europe du Nord, en mer d&#8217;Irlande, au centre des \u00eeles Britanniques, entre l&#8217;Irlande et la Grande-Bretagne..<\/p>\n","protected":false},"author":1,"featured_media":4527,"template":"","categoria_ficha":[142],"class_list":["post-1057","ficha","type-ficha","status-publish","has-post-thumbnail","hentry","categoria_ficha-cartes-de-l-ile-de-man"],"acf":[],"_links":{"self":[{"href":"https:\/\/gifex.com\/fr\/wp-json\/wp\/v2\/ficha\/1057","targetHints":{"allow":["GET"]}}],"collection":[{"href":"https:\/\/gifex.com\/fr\/wp-json\/wp\/v2\/ficha"}],"about":[{"href":"https:\/\/gifex.com\/fr\/wp-json\/wp\/v2\/types\/ficha"}],"author":[{"embeddable":true,"href":"https:\/\/gifex.com\/fr\/wp-json\/wp\/v2\/users\/1"}],"version-history":[{"count":4,"href":"https:\/\/gifex.com\/fr\/wp-json\/wp\/v2\/ficha\/1057\/revisions"}],"predecessor-version":[{"id":19501,"href":"https:\/\/gifex.com\/fr\/wp-json\/wp\/v2\/ficha\/1057\/revisions\/19501"}],"wp:featuredmedia":[{"embeddable":true,"href":"https:\/\/gifex.com\/fr\/wp-json\/wp\/v2\/media\/4527"}],"wp:attachment":[{"href":"https:\/\/gifex.com\/fr\/wp-json\/wp\/v2\/media?parent=1057"}],"wp:term":[{"taxonomy":"categoria_ficha","embeddable":true,"href":"https:\/\/gifex.com\/fr\/wp-json\/wp\/v2\/categoria_ficha?post=1057"}],"curies":[{"name":"wp","href":"https:\/\/api.w.org\/{rel}","templated":true}]}}

Où se trouve l&#8217;île de Man ?

<p>Comme indiqué sur cette <strong>carte</strong>, l&#8217;<strong>île de Man</strong> (en orange) <strong>se situe en Europe du Nord</strong>, en mer d&#8217;Irlande, au centre des îles Britanniques, entre l&#8217;Irlande et la Grande-Bretagne, aux coordonnées ; 54° 14′ 06″ nord, 4° 31′ 30″ ouest.</p>
<p>.</p>

<p>Comme indiqué sur cette carte, l&#8217;île de Man (en orange) se situe en Europe du Nord, en mer d&#8217;Irlande, au centre des îles Britanniques, entre l&#8217;Irlande et la Grande-Bretagne..</p>
