{"id":10472,"date":"2022-04-14T18:40:01","date_gmt":"2022-04-14T18:40:01","guid":{"rendered":"https:\/\/gifex.com\/fr\/?post_type=ficha&#038;p=10472"},"modified":"2022-08-15T14:13:03","modified_gmt":"2022-08-15T14:13:03","slug":"carte-de-bassas-da-india","status":"publish","type":"ficha","link":"https:\/\/gifex.com\/fr\/fichier\/carte-de-bassas-da-india\/","title":{"rendered":"Carte de Bassas da India"},"content":{"rendered":"<p>Carte de Bassas da India, un atoll fran\u00e7ais inhabit\u00e9, \u00e0 peu pr\u00e8s circulaire, qui fait partie des Terres australes et antarctiques fran\u00e7aises. Situ\u00e9 dans le sud du canal du Mozambique, \u00e0 mi-chemin entre le Mozambique et Madagascar (environ 385 km plus \u00e0 l&#8217;est) et \u00e0 environ 110 km au nord-ouest de l&#8217;\u00eele Europa, le bord de l&#8217;atoll mesure en moyenne environ 100 m\u00e8tres de large et renferme un lagon peu profond d&#8217;une profondeur ne d\u00e9passant pas 15 m. Dans l&#8217;ensemble, l&#8217;atoll mesure environ 10 km de diam\u00e8tre, s&#8217;\u00e9levant abruptement du fond marin \u00e0 3 000 m\u00e8tres plus bas pour encercler une zone (y compris le lagon) de 80 km\u00b2. Sa zone \u00e9conomique exclusive (ZEE), d&#8217;une superficie de 123 700 km\u00b2, est contigu\u00eb \u00e0 celle de l&#8217;\u00eele Europa.<\/p>\n<figure id=\"attachment_10474\" aria-describedby=\"caption-attachment-10474\" style=\"width: 360px\" class=\"wp-caption alignright\"><a href=\"https:\/\/gifex.com\/fr\/wp-content\/uploads\/10472\/Image-satellite-de-Bassas-da-India.jpg\" target=\"_blank\" rel=\"noopener\"><img fetchpriority=\"high\" decoding=\"async\" class=\"wp-image-10474\" style=\"width: 100%; max-width: 360px; height: auto;\" title=\"Image satellite de Bassas da India.\" src=\"https:\/\/gifex.com\/fr\/wp-content\/uploads\/10472\/Image-satellite-de-Bassas-da-India-300x225.jpg\" alt=\"Image satellite de Bassas da India.\" width=\"360\" height=\"270\" srcset=\"https:\/\/gifex.com\/fr\/wp-content\/uploads\/10472\/Image-satellite-de-Bassas-da-India-300x225.jpg 300w, https:\/\/gifex.com\/fr\/wp-content\/uploads\/10472\/Image-satellite-de-Bassas-da-India-1024x768.jpg 1024w, https:\/\/gifex.com\/fr\/wp-content\/uploads\/10472\/Image-satellite-de-Bassas-da-India-768x576.jpg 768w, https:\/\/gifex.com\/fr\/wp-content\/uploads\/10472\/Image-satellite-de-Bassas-da-India-1536x1152.jpg 1536w, https:\/\/gifex.com\/fr\/wp-content\/uploads\/10472\/Image-satellite-de-Bassas-da-India-800x600.jpg 800w, https:\/\/gifex.com\/fr\/wp-content\/uploads\/10472\/Image-satellite-de-Bassas-da-India-1600x1200.jpg 1600w, https:\/\/gifex.com\/fr\/wp-content\/uploads\/10472\/Image-satellite-de-Bassas-da-India.jpg 2000w\" sizes=\"(max-width: 360px) 100vw, 360px\" \/><\/a><figcaption id=\"caption-attachment-10474\" class=\"wp-caption-text\"><label style=\"font-size: 15px;\">Image satellite de Bassas da India.<\/label><\/figcaption><\/figure>\n<p>L&#8217;atoll se compose de dix \u00eelots rocheux st\u00e9riles, sans v\u00e9g\u00e9tation, totalisant 20 hectares de superficie. Ceux des c\u00f4t\u00e9s nord et est mesurent de 2,1 \u00e0 3,0 m\u00e8tres de haut, tandis que ceux des c\u00f4t\u00e9s ouest et sud mesurent 1,2 m\u00e8tre de haut. Le r\u00e9cif, dont le littoral mesure 35,2 km, est enti\u00e8rement recouvert par la mer de trois heures avant la mar\u00e9e haute \u00e0 trois heures apr\u00e8s. La r\u00e9gion est \u00e9galement sujette aux cyclones, faisant de l&#8217;atoll un al\u00e9a maritime de longue date et le site de nombreux naufrages.<\/p>\n<p>Jaguar Seamount et Hall Tablemount se trouvent respectivement \u00e0 environ 40 et 70 kilom\u00e8tres plus au sud-ouest.<\/p>\n","protected":false},"excerpt":{"rendered":"<p>Bassas da India, un atoll fran\u00e7ais inhabit\u00e9, \u00e0 peu pr\u00e8s circulaire, qui fait partie des Terres australes et antarctiques fran\u00e7aises. Situ\u00e9 dans le sud du canal du Mozambique,<\/p>\n","protected":false},"author":1,"featured_media":10473,"template":"","categoria_ficha":[1773],"class_list":["post-10472","ficha","type-ficha","status-publish","has-post-thumbnail","hentry","categoria_ficha-cartes-des-terres-australes-et-antarctiques-francaises"],"acf":[],"_links":{"self":[{"href":"https:\/\/gifex.com\/fr\/wp-json\/wp\/v2\/ficha\/10472","targetHints":{"allow":["GET"]}}],"collection":[{"href":"https:\/\/gifex.com\/fr\/wp-json\/wp\/v2\/ficha"}],"about":[{"href":"https:\/\/gifex.com\/fr\/wp-json\/wp\/v2\/types\/ficha"}],"author":[{"embeddable":true,"href":"https:\/\/gifex.com\/fr\/wp-json\/wp\/v2\/users\/1"}],"version-history":[{"count":4,"href":"https:\/\/gifex.com\/fr\/wp-json\/wp\/v2\/ficha\/10472\/revisions"}],"predecessor-version":[{"id":21061,"href":"https:\/\/gifex.com\/fr\/wp-json\/wp\/v2\/ficha\/10472\/revisions\/21061"}],"wp:featuredmedia":[{"embeddable":true,"href":"https:\/\/gifex.com\/fr\/wp-json\/wp\/v2\/media\/10473"}],"wp:attachment":[{"href":"https:\/\/gifex.com\/fr\/wp-json\/wp\/v2\/media?parent=10472"}],"wp:term":[{"taxonomy":"categoria_ficha","embeddable":true,"href":"https:\/\/gifex.com\/fr\/wp-json\/wp\/v2\/categoria_ficha?post=10472"}],"curies":[{"name":"wp","href":"https:\/\/api.w.org\/{rel}","templated":true}]}}

<p>Carte de Bassas da India, un atoll français inhabité, à peu près circulaire, qui fait partie des Terres australes et antarctiques françaises. Situé dans le sud du canal du Mozambique, à mi-chemin entre le Mozambique et Madagascar (environ 385 km plus à l&#8217;est) et à environ 110 km au nord-ouest de l&#8217;île Europa, le bord de l&#8217;atoll mesure en moyenne environ 100 mètres de large et renferme un lagon peu profond d&#8217;une profondeur ne dépassant pas 15 m. Dans l&#8217;ensemble, l&#8217;atoll mesure environ 10 km de diamètre, s&#8217;élevant abruptement du fond marin à 3 000 mètres plus bas pour encercler une zone (y compris le lagon) de 80 km². Sa zone économique exclusive (ZEE), d&#8217;une superficie de 123 700 km², est contiguë à celle de l&#8217;île Europa.</p>
<figure id="attachment_10474" aria-describedby="caption-attachment-10474" style="width: 360px" class="wp-caption alignright"><a href="https://gifex.com/fr/wp-content/uploads/10472/Image-satellite-de-Bassas-da-India.jpg" target="_blank" rel="noopener"><img fetchpriority="high" decoding="async" class="wp-image-10474" style="width: 100%; max-width: 360px; height: auto;" title="Image satellite de Bassas da India." src="https://gifex.com/fr/wp-content/uploads/10472/Image-satellite-de-Bassas-da-India-300x225.jpg" alt="Image satellite de Bassas da India." width="360" height="270" srcset="https://gifex.com/fr/wp-content/uploads/10472/Image-satellite-de-Bassas-da-India-300x225.jpg 300w, https://gifex.com/fr/wp-content/uploads/10472/Image-satellite-de-Bassas-da-India-1024x768.jpg 1024w, https://gifex.com/fr/wp-content/uploads/10472/Image-satellite-de-Bassas-da-India-768x576.jpg 768w, https://gifex.com/fr/wp-content/uploads/10472/Image-satellite-de-Bassas-da-India-1536x1152.jpg 1536w, https://gifex.com/fr/wp-content/uploads/10472/Image-satellite-de-Bassas-da-India-800x600.jpg 800w, https://gifex.com/fr/wp-content/uploads/10472/Image-satellite-de-Bassas-da-India-1600x1200.jpg 1600w, https://gifex.com/fr/wp-content/uploads/10472/Image-satellite-de-Bassas-da-India.jpg 2000w" sizes="(max-width: 360px) 100vw, 360px" /></a><figcaption id="caption-attachment-10474" class="wp-caption-text"><label style="font-size: 15px;">Image satellite de Bassas da India.</label></figcaption></figure>
<p>L&#8217;atoll se compose de dix îlots rocheux stériles, sans végétation, totalisant 20 hectares de superficie. Ceux des côtés nord et est mesurent de 2,1 à 3,0 mètres de haut, tandis que ceux des côtés ouest et sud mesurent 1,2 mètre de haut. Le récif, dont le littoral mesure 35,2 km, est entièrement recouvert par la mer de trois heures avant la marée haute à trois heures après. La région est également sujette aux cyclones, faisant de l&#8217;atoll un aléa maritime de longue date et le site de nombreux naufrages.</p>
<p>Jaguar Seamount et Hall Tablemount se trouvent respectivement à environ 40 et 70 kilomètres plus au sud-ouest.</p>

<p>Bassas da India, un atoll français inhabité, à peu près circulaire, qui fait partie des Terres australes et antarctiques françaises. Situé dans le sud du canal du Mozambique,</p>
