{"id":10464,"date":"2022-04-14T17:51:40","date_gmt":"2022-04-14T17:51:40","guid":{"rendered":"https:\/\/gifex.com\/fr\/?post_type=ficha&#038;p=10464"},"modified":"2024-04-18T00:09:57","modified_gmt":"2024-04-18T00:09:57","slug":"carte-de-l-ile-europa","status":"publish","type":"ficha","link":"https:\/\/gifex.com\/fr\/fichier\/carte-de-l-ile-europa\/","title":{"rendered":"Carte de l&#8217;\u00eele Europa"},"content":{"rendered":"<figure id=\"attachment_10465\" aria-describedby=\"caption-attachment-10465\" style=\"width: 360px\" class=\"wp-caption alignright\"><a href=\"https:\/\/gifex.com\/fr\/wp-content\/uploads\/10464\/Carte-de-localisation-de-l-ile-Europa.png\" target=\"_blank\" rel=\"noopener\"><img fetchpriority=\"high\" decoding=\"async\" class=\"wp-image-10465 size-full\" style=\"width: 100%; max-width: 360px; height: auto;\" src=\"https:\/\/gifex.com\/fr\/wp-content\/uploads\/10464\/Carte-de-localisation-de-l-ile-Europa.png\" alt=\"Carte de localisation de l'\u00eele Europa.\" width=\"360\" height=\"171\" srcset=\"https:\/\/gifex.com\/fr\/wp-content\/uploads\/10464\/Carte-de-localisation-de-l-ile-Europa.png 360w, https:\/\/gifex.com\/fr\/wp-content\/uploads\/10464\/Carte-de-localisation-de-l-ile-Europa-300x143.png 300w\" sizes=\"(max-width: 360px) 100vw, 360px\" \/><\/a><figcaption id=\"caption-attachment-10465\" class=\"wp-caption-text\"><label style=\"font-size: 15px;\">Carte de localisation de l&#8217;\u00eele Europa.<\/label><\/figcaption><\/figure>\n<p>Carte de l&#8217;\u00eele Europa, un atoll tropical de basse altitude de 28 kilom\u00e8tres carr\u00e9s dans le canal du Mozambique, \u00e0 environ un tiers du chemin entre le sud de Madagascar et le sud du Mozambique. L&#8217;\u00eele n&#8217;avait jamais \u00e9t\u00e9 habit\u00e9e jusqu&#8217;en 1820, lorsque la famille fran\u00e7aise Rosier s&#8217;y installa. L&#8217;\u00eele est officiellement devenue une possession de la France en 1897.<\/p>\n<p>Ce territoire,\u00a0fran\u00e7ais\u00a0depuis\u00a01896, fait partie avec l&#8217;\u00eele Juan de Nova, l&#8217;atoll\u00a0Bassas da India, l&#8217;\u00eele Tromelin\u00a0et les\u00a0\u00eeles Glorieuses\u00a0de l&#8217;ensemble appel\u00e9\u00a0\u00eeles \u00c9parses de l&#8217;<a href=\"https:\/\/gifex.com\/fr\/fichier\/carte-de-l-ocean-indien\/\" rel=\"noopener\" target=\"_blank\">oc\u00e9an Indien<\/a>, incorpor\u00e9 depuis la\u00a0loi ordinaire\u00a0du\u00a0<time class=\"nowrap\" datetime=\"2007-02-21\" data-sort-value=\"2007-02-21\">21 f\u00e9vrier 2007<\/time>\u00a0aux\u00a0Terres australes et antarctiques fran\u00e7aises. L&#8217;\u00eele Europa est cependant revendiqu\u00e9e par\u00a0Madagascar.<\/p>\n<figure id=\"attachment_10467\" aria-describedby=\"caption-attachment-10467\" style=\"width: 360px\" class=\"wp-caption alignright\"><a href=\"https:\/\/gifex.com\/fr\/wp-content\/uploads\/10464\/Carte-de-l-ile-representant-les-differents-types-de-vegetation..png\" target=\"_blank\" rel=\"noopener\"><img decoding=\"async\" class=\"wp-image-10467\" style=\"width: 100%; max-width: 360px; height: auto;\" title=\"Carte de l'\u00eele repr\u00e9sentant les diff\u00e9rents types de v\u00e9g\u00e9tation.\" src=\"https:\/\/gifex.com\/fr\/wp-content\/uploads\/10464\/Carte-de-l-ile-representant-les-differents-types-de-vegetation.-300x223.png\" alt=\"Carte de l'\u00eele repr\u00e9sentant les diff\u00e9rents types de v\u00e9g\u00e9tation.\" width=\"360\" height=\"267\" srcset=\"https:\/\/gifex.com\/fr\/wp-content\/uploads\/10464\/Carte-de-l-ile-representant-les-differents-types-de-vegetation.-300x223.png 300w, https:\/\/gifex.com\/fr\/wp-content\/uploads\/10464\/Carte-de-l-ile-representant-les-differents-types-de-vegetation.-1024x761.png 1024w, https:\/\/gifex.com\/fr\/wp-content\/uploads\/10464\/Carte-de-l-ile-representant-les-differents-types-de-vegetation.-768x571.png 768w, https:\/\/gifex.com\/fr\/wp-content\/uploads\/10464\/Carte-de-l-ile-representant-les-differents-types-de-vegetation.-1536x1141.png 1536w, https:\/\/gifex.com\/fr\/wp-content\/uploads\/10464\/Carte-de-l-ile-representant-les-differents-types-de-vegetation.-2048x1522.png 2048w, https:\/\/gifex.com\/fr\/wp-content\/uploads\/10464\/Carte-de-l-ile-representant-les-differents-types-de-vegetation.-1600x1189.png 1600w\" sizes=\"(max-width: 360px) 100vw, 360px\" \/><\/a><figcaption id=\"caption-attachment-10467\" class=\"wp-caption-text\"><label style=\"font-size: 15px;\">Carte de l&#8217;\u00eele repr\u00e9sentant les diff\u00e9rents types de v\u00e9g\u00e9tation.<\/label><\/figcaption><\/figure>\n<p>L&#8217;\u00eele est une r\u00e9serve naturelle. Sa v\u00e9g\u00e9tation se compose de for\u00eat s\u00e8che, de broussailles, d&#8217;euphorbes, de mangrove et des vestiges d&#8217;une plantation de sisal. C&#8217;est l&#8217;un des plus grands sites de nidification au monde pour les tortues vertes (<em>Chelonia mydas<\/em>). Elle abrite \u00e9galement des ch\u00e8vres introduites par les colons \u00e0 la fin du 18\u00e8me si\u00e8cle.<\/p>\n<p>L&#8217;\u00eele a \u00e9t\u00e9 identifi\u00e9e comme une zone importante pour les oiseaux (IBA) par BirdLife International car elle abrite une population nombreuse et diversifi\u00e9e d&#8217;oiseaux de mer reproducteurs et d&#8217;autres oiseaux aquatiques. C&#8217;est le seul site de reproduction connu en dehors d&#8217;Aldabra et de Madagascar pour les h\u00e9rons crabier de Madagascar. Les oiseaux de mer comprennent la deuxi\u00e8me plus grande colonie de l&#8217;oc\u00e9an Indien occidental de Fr\u00e9gates du Pacifique (<em>Fregata minor<\/em>) (jusqu&#8217;\u00e0 1100 couples), de Puffin d&#8217;Audubon\u00a0(<i>Puffinus lherminieri<\/i>) (jusqu&#8217;\u00e0 100 couples, probablement de la sous-esp\u00e8ce Puffinus lherminieri bailloni auparavant consid\u00e9r\u00e9e comme end\u00e9mique aux \u00eeles Mascareignes), d&#8217;Aigrettes dimorphe\u00a0(<i>Egretta dimorpha<\/i>) et de Sternes caspienne\u00a0(<i>Hydroprogne caspia<\/i>).<\/p>\n<p>Le climat de l&#8217;\u00eele Europa est affect\u00e9 par le courant Agulhas avec des temp\u00e9ratures de l&#8217;eau g\u00e9n\u00e9ralement sup\u00e9rieures \u00e0 30 \u00b0 C, des aliz\u00e9s du sud-est pendant l&#8217;hiver (austral) et des cyclones occasionnels. Le climat peut \u00eatre d\u00e9crit comme une combinaison semi-aride et tropicale avec des \u00e9t\u00e9s humides et des hivers secs.<\/p>\n<figure id=\"attachment_10468\" aria-describedby=\"caption-attachment-10468\" style=\"width: 400px\" class=\"wp-caption aligncenter\"><a href=\"https:\/\/gifex.com\/fr\/wp-content\/uploads\/10464\/Image-satellite-de-l-ile-Europa.jpg\" target=\"_blank\" rel=\"noopener\"><img decoding=\"async\" class=\"wp-image-10468\" style=\"width: 100%; max-width: 360px; height: auto;\" title=\"Image satellite de l'\u00eele Europa.\" src=\"https:\/\/gifex.com\/fr\/wp-content\/uploads\/10464\/Image-satellite-de-l-ile-Europa-295x300.jpg\" alt=\"Image satellite de l'\u00eele Europa.\" width=\"400\" height=\"407\" srcset=\"https:\/\/gifex.com\/fr\/wp-content\/uploads\/10464\/Image-satellite-de-l-ile-Europa-295x300.jpg 295w, https:\/\/gifex.com\/fr\/wp-content\/uploads\/10464\/Image-satellite-de-l-ile-Europa-1006x1024.jpg 1006w, https:\/\/gifex.com\/fr\/wp-content\/uploads\/10464\/Image-satellite-de-l-ile-Europa-768x782.jpg 768w, https:\/\/gifex.com\/fr\/wp-content\/uploads\/10464\/Image-satellite-de-l-ile-Europa-1509x1536.jpg 1509w, https:\/\/gifex.com\/fr\/wp-content\/uploads\/10464\/Image-satellite-de-l-ile-Europa-300x305.jpg 300w, https:\/\/gifex.com\/fr\/wp-content\/uploads\/10464\/Image-satellite-de-l-ile-Europa-1571x1600.jpg 1571w, https:\/\/gifex.com\/fr\/wp-content\/uploads\/10464\/Image-satellite-de-l-ile-Europa.jpg 1925w\" sizes=\"(max-width: 400px) 100vw, 400px\" \/><\/a><figcaption id=\"caption-attachment-10468\" class=\"wp-caption-text\"><label style=\"font-size: 15px;\">Image satellite de l&#8217;\u00eele Europa.<\/label><\/figcaption><\/figure>\n","protected":false},"excerpt":{"rendered":"<p>L&#8217;\u00eele Europa, un atoll tropical de basse altitude de 28 kilom\u00e8tres carr\u00e9s dans le canal du Mozambique, \u00e0 environ un tiers du chemin entre le sud de Madagascar et le sud du Mozambique. L&#8217;\u00eele n&#8217;avait jamais<\/p>\n","protected":false},"author":1,"featured_media":10470,"template":"","categoria_ficha":[1773],"class_list":["post-10464","ficha","type-ficha","status-publish","has-post-thumbnail","hentry","categoria_ficha-cartes-des-terres-australes-et-antarctiques-francaises"],"acf":[],"_links":{"self":[{"href":"https:\/\/gifex.com\/fr\/wp-json\/wp\/v2\/ficha\/10464","targetHints":{"allow":["GET"]}}],"collection":[{"href":"https:\/\/gifex.com\/fr\/wp-json\/wp\/v2\/ficha"}],"about":[{"href":"https:\/\/gifex.com\/fr\/wp-json\/wp\/v2\/types\/ficha"}],"author":[{"embeddable":true,"href":"https:\/\/gifex.com\/fr\/wp-json\/wp\/v2\/users\/1"}],"version-history":[{"count":8,"href":"https:\/\/gifex.com\/fr\/wp-json\/wp\/v2\/ficha\/10464\/revisions"}],"predecessor-version":[{"id":46308,"href":"https:\/\/gifex.com\/fr\/wp-json\/wp\/v2\/ficha\/10464\/revisions\/46308"}],"wp:featuredmedia":[{"embeddable":true,"href":"https:\/\/gifex.com\/fr\/wp-json\/wp\/v2\/media\/10470"}],"wp:attachment":[{"href":"https:\/\/gifex.com\/fr\/wp-json\/wp\/v2\/media?parent=10464"}],"wp:term":[{"taxonomy":"categoria_ficha","embeddable":true,"href":"https:\/\/gifex.com\/fr\/wp-json\/wp\/v2\/categoria_ficha?post=10464"}],"curies":[{"name":"wp","href":"https:\/\/api.w.org\/{rel}","templated":true}]}}

Carte de l&#8217;île Europa

<figure id="attachment_10465" aria-describedby="caption-attachment-10465" style="width: 360px" class="wp-caption alignright"><a href="https://gifex.com/fr/wp-content/uploads/10464/Carte-de-localisation-de-l-ile-Europa.png" target="_blank" rel="noopener"><img fetchpriority="high" decoding="async" class="wp-image-10465 size-full" style="width: 100%; max-width: 360px; height: auto;" src="https://gifex.com/fr/wp-content/uploads/10464/Carte-de-localisation-de-l-ile-Europa.png" alt="Carte de localisation de l'île Europa." width="360" height="171" srcset="https://gifex.com/fr/wp-content/uploads/10464/Carte-de-localisation-de-l-ile-Europa.png 360w, https://gifex.com/fr/wp-content/uploads/10464/Carte-de-localisation-de-l-ile-Europa-300x143.png 300w" sizes="(max-width: 360px) 100vw, 360px" /></a><figcaption id="caption-attachment-10465" class="wp-caption-text"><label style="font-size: 15px;">Carte de localisation de l&#8217;île Europa.</label></figcaption></figure>
<p>Carte de l&#8217;île Europa, un atoll tropical de basse altitude de 28 kilomètres carrés dans le canal du Mozambique, à environ un tiers du chemin entre le sud de Madagascar et le sud du Mozambique. L&#8217;île n&#8217;avait jamais été habitée jusqu&#8217;en 1820, lorsque la famille française Rosier s&#8217;y installa. L&#8217;île est officiellement devenue une possession de la France en 1897.</p>
<p>Ce territoire, français depuis 1896, fait partie avec l&#8217;île Juan de Nova, l&#8217;atoll Bassas da India, l&#8217;île Tromelin et les îles Glorieuses de l&#8217;ensemble appelé îles Éparses de l&#8217;<a href="https://gifex.com/fr/fichier/carte-de-l-ocean-indien/" rel="noopener" target="_blank">océan Indien</a>, incorporé depuis la loi ordinaire du <time class="nowrap" datetime="2007-02-21" data-sort-value="2007-02-21">21 février 2007</time> aux Terres australes et antarctiques françaises. L&#8217;île Europa est cependant revendiquée par Madagascar.</p>
<figure id="attachment_10467" aria-describedby="caption-attachment-10467" style="width: 360px" class="wp-caption alignright"><a href="https://gifex.com/fr/wp-content/uploads/10464/Carte-de-l-ile-representant-les-differents-types-de-vegetation..png" target="_blank" rel="noopener"><img decoding="async" class="wp-image-10467" style="width: 100%; max-width: 360px; height: auto;" title="Carte de l'île représentant les différents types de végétation." src="https://gifex.com/fr/wp-content/uploads/10464/Carte-de-l-ile-representant-les-differents-types-de-vegetation.-300x223.png" alt="Carte de l'île représentant les différents types de végétation." width="360" height="267" srcset="https://gifex.com/fr/wp-content/uploads/10464/Carte-de-l-ile-representant-les-differents-types-de-vegetation.-300x223.png 300w, https://gifex.com/fr/wp-content/uploads/10464/Carte-de-l-ile-representant-les-differents-types-de-vegetation.-1024x761.png 1024w, https://gifex.com/fr/wp-content/uploads/10464/Carte-de-l-ile-representant-les-differents-types-de-vegetation.-768x571.png 768w, https://gifex.com/fr/wp-content/uploads/10464/Carte-de-l-ile-representant-les-differents-types-de-vegetation.-1536x1141.png 1536w, https://gifex.com/fr/wp-content/uploads/10464/Carte-de-l-ile-representant-les-differents-types-de-vegetation.-2048x1522.png 2048w, https://gifex.com/fr/wp-content/uploads/10464/Carte-de-l-ile-representant-les-differents-types-de-vegetation.-1600x1189.png 1600w" sizes="(max-width: 360px) 100vw, 360px" /></a><figcaption id="caption-attachment-10467" class="wp-caption-text"><label style="font-size: 15px;">Carte de l&#8217;île représentant les différents types de végétation.</label></figcaption></figure>
<p>L&#8217;île est une réserve naturelle. Sa végétation se compose de forêt sèche, de broussailles, d&#8217;euphorbes, de mangrove et des vestiges d&#8217;une plantation de sisal. C&#8217;est l&#8217;un des plus grands sites de nidification au monde pour les tortues vertes (<em>Chelonia mydas</em>). Elle abrite également des chèvres introduites par les colons à la fin du 18ème siècle.</p>
<p>L&#8217;île a été identifiée comme une zone importante pour les oiseaux (IBA) par BirdLife International car elle abrite une population nombreuse et diversifiée d&#8217;oiseaux de mer reproducteurs et d&#8217;autres oiseaux aquatiques. C&#8217;est le seul site de reproduction connu en dehors d&#8217;Aldabra et de Madagascar pour les hérons crabier de Madagascar. Les oiseaux de mer comprennent la deuxième plus grande colonie de l&#8217;océan Indien occidental de Frégates du Pacifique (<em>Fregata minor</em>) (jusqu&#8217;à 1100 couples), de Puffin d&#8217;Audubon (<i>Puffinus lherminieri</i>) (jusqu&#8217;à 100 couples, probablement de la sous-espèce Puffinus lherminieri bailloni auparavant considérée comme endémique aux îles Mascareignes), d&#8217;Aigrettes dimorphe (<i>Egretta dimorpha</i>) et de Sternes caspienne (<i>Hydroprogne caspia</i>).</p>
<p>Le climat de l&#8217;île Europa est affecté par le courant Agulhas avec des températures de l&#8217;eau généralement supérieures à 30 ° C, des alizés du sud-est pendant l&#8217;hiver (austral) et des cyclones occasionnels. Le climat peut être décrit comme une combinaison semi-aride et tropicale avec des étés humides et des hivers secs.</p>
<figure id="attachment_10468" aria-describedby="caption-attachment-10468" style="width: 400px" class="wp-caption aligncenter"><a href="https://gifex.com/fr/wp-content/uploads/10464/Image-satellite-de-l-ile-Europa.jpg" target="_blank" rel="noopener"><img decoding="async" class="wp-image-10468" style="width: 100%; max-width: 360px; height: auto;" title="Image satellite de l'île Europa." src="https://gifex.com/fr/wp-content/uploads/10464/Image-satellite-de-l-ile-Europa-295x300.jpg" alt="Image satellite de l'île Europa." width="400" height="407" srcset="https://gifex.com/fr/wp-content/uploads/10464/Image-satellite-de-l-ile-Europa-295x300.jpg 295w, https://gifex.com/fr/wp-content/uploads/10464/Image-satellite-de-l-ile-Europa-1006x1024.jpg 1006w, https://gifex.com/fr/wp-content/uploads/10464/Image-satellite-de-l-ile-Europa-768x782.jpg 768w, https://gifex.com/fr/wp-content/uploads/10464/Image-satellite-de-l-ile-Europa-1509x1536.jpg 1509w, https://gifex.com/fr/wp-content/uploads/10464/Image-satellite-de-l-ile-Europa-300x305.jpg 300w, https://gifex.com/fr/wp-content/uploads/10464/Image-satellite-de-l-ile-Europa-1571x1600.jpg 1571w, https://gifex.com/fr/wp-content/uploads/10464/Image-satellite-de-l-ile-Europa.jpg 1925w" sizes="(max-width: 400px) 100vw, 400px" /></a><figcaption id="caption-attachment-10468" class="wp-caption-text"><label style="font-size: 15px;">Image satellite de l&#8217;île Europa.</label></figcaption></figure>

<p>L&#8217;île Europa, un atoll tropical de basse altitude de 28 kilomètres carrés dans le canal du Mozambique, à environ un tiers du chemin entre le sud de Madagascar et le sud du Mozambique. L&#8217;île n&#8217;avait jamais</p>
