{"id":10457,"date":"2022-04-14T16:46:38","date_gmt":"2022-04-14T16:46:38","guid":{"rendered":"https:\/\/gifex.com\/fr\/?post_type=ficha&#038;p=10457"},"modified":"2023-03-25T20:26:03","modified_gmt":"2023-03-25T20:26:03","slug":"carte-de-la-terre-adelie","status":"publish","type":"ficha","link":"https:\/\/gifex.com\/fr\/fichier\/carte-de-la-terre-adelie\/","title":{"rendered":"Carte de la Terre Ad\u00e9lie"},"content":{"rendered":"<figure id=\"attachment_10459\" aria-describedby=\"caption-attachment-10459\" style=\"width: 360px\" class=\"wp-caption alignright\"><a href=\"https:\/\/gifex.com\/fr\/wp-content\/uploads\/10457\/Base-antarctique-Dumont-d-Urville-2005.jpg\" target=\"_blank\" rel=\"noopener\"><img fetchpriority=\"high\" decoding=\"async\" class=\"wp-image-10459\" style=\"width: 100%; max-width: 360px; height: auto;\" title=\"Base antarctique Dumont-d'Urville.\" src=\"https:\/\/gifex.com\/fr\/wp-content\/uploads\/10457\/Base-antarctique-Dumont-d-Urville-2005-300x200.jpg\" alt=\"Base antarctique Dumont-d'Urville.\" width=\"360\" height=\"240\" srcset=\"https:\/\/gifex.com\/fr\/wp-content\/uploads\/10457\/Base-antarctique-Dumont-d-Urville-2005-300x200.jpg 300w, https:\/\/gifex.com\/fr\/wp-content\/uploads\/10457\/Base-antarctique-Dumont-d-Urville-2005-768x512.jpg 768w, https:\/\/gifex.com\/fr\/wp-content\/uploads\/10457\/Base-antarctique-Dumont-d-Urville-2005.jpg 800w\" sizes=\"(max-width: 360px) 100vw, 360px\" \/><\/a><figcaption id=\"caption-attachment-10459\" class=\"wp-caption-text\"><label style=\"font-size: 15px;\">Base antarctique Dumont-d&#8217;Urville.<\/label><\/figcaption><\/figure>\n<p>Carte de la Terre Ad\u00e9lie, un territoire revendiqu\u00e9 sur le continent de l&#8217;Antarctique. Il s&#8217;\u00e9tend d&#8217;une partie de la c\u00f4te de l&#8217;oc\u00e9an Austral jusqu&#8217;au p\u00f4le Sud. La France l&#8217;administre comme l&#8217;un des cinq districts des Terres australes et antarctiques fran\u00e7aises depuis 1955 et applique les r\u00e8gles du syst\u00e8me du Trait\u00e9 sur l&#8217;Antarctique depuis 1961. L&#8217;article 4 traite des revendications territoriales et, bien qu&#8217;il ne renonce ni ne diminue aucune revendication pr\u00e9existante de souverainet\u00e9, il ne pr\u00e9juge pas non plus de la position des Parties contractantes dans leur reconnaissance ou leur non-reconnaissance de la souverainet\u00e9 territoriale. La France poss\u00e8de une station permanente en Terre Ad\u00e9lie depuis le 9 avril 1950. La station actuelle Dumont d&#8217;Urville a une population hivernale d&#8217;environ 25, mais cela monte \u00e0 environ 78 pendant l&#8217;\u00e9t\u00e9 antarctique. Une esp\u00e8ce de manchot, le manchot Ad\u00e9lie, porte son nom.<\/p>\n<figure id=\"attachment_10460\" aria-describedby=\"caption-attachment-10460\" style=\"width: 360px\" class=\"wp-caption alignright\"><a href=\"https:\/\/gifex.com\/fr\/wp-content\/uploads\/10457\/Manchots-Adelie-Pygoscelis-adeliae-sur-un-iceberg-2008.jpg\" target=\"_blank\" rel=\"noopener\"><img decoding=\"async\" class=\"wp-image-10460\" style=\"width: 100%; max-width: 360px; height: auto;\" title=\"Manchots Ad\u00e9lie (Pygoscelis adeliae) sur un iceberg.\" src=\"https:\/\/gifex.com\/fr\/wp-content\/uploads\/10457\/Manchots-Adelie-Pygoscelis-adeliae-sur-un-iceberg-2008-300x200.jpg\" alt=\"Manchots Ad\u00e9lie (Pygoscelis adeliae) sur un iceberg.\" width=\"360\" height=\"240\" srcset=\"https:\/\/gifex.com\/fr\/wp-content\/uploads\/10457\/Manchots-Adelie-Pygoscelis-adeliae-sur-un-iceberg-2008-300x200.jpg 300w, https:\/\/gifex.com\/fr\/wp-content\/uploads\/10457\/Manchots-Adelie-Pygoscelis-adeliae-sur-un-iceberg-2008-1024x683.jpg 1024w, https:\/\/gifex.com\/fr\/wp-content\/uploads\/10457\/Manchots-Adelie-Pygoscelis-adeliae-sur-un-iceberg-2008-768x512.jpg 768w, https:\/\/gifex.com\/fr\/wp-content\/uploads\/10457\/Manchots-Adelie-Pygoscelis-adeliae-sur-un-iceberg-2008-1536x1024.jpg 1536w, https:\/\/gifex.com\/fr\/wp-content\/uploads\/10457\/Manchots-Adelie-Pygoscelis-adeliae-sur-un-iceberg-2008-2048x1366.jpg 2048w, https:\/\/gifex.com\/fr\/wp-content\/uploads\/10457\/Manchots-Adelie-Pygoscelis-adeliae-sur-un-iceberg-2008-1600x1067.jpg 1600w\" sizes=\"(max-width: 360px) 100vw, 360px\" \/><\/a><figcaption id=\"caption-attachment-10460\" class=\"wp-caption-text\"><label style=\"font-size: 15px;\">Manchots Ad\u00e9lie (<em>Pygoscelis adeliae<\/em>) sur un iceberg.<\/label><\/figcaption><\/figure>\n<p>La Terre Ad\u00e9lie se situe entre 136\u00b0 E (pr\u00e8s de la pointe Pourquoi Pas \u00e0 66\u00b012\u2032S 136\u00b011\u2032E) et 142\u00b0 E (pr\u00e8s du point Alden \u00e0 66\u00b048\u2032S 142\u00b002\u2032E), avec une longueur de rivage de environ 350 kilom\u00e8tres et avec sa partie int\u00e9rieure s&#8217;\u00e9tendant comme un secteur d&#8217;un cercle d&#8217;environ 2 600 kilom\u00e8tres vers le p\u00f4le Sud. Son\u00a0climat polaire\u00a0est caract\u00e9ris\u00e9 par de tr\u00e8s basses temp\u00e9ratures et des vents violents souvent charg\u00e9s de particules de glace, les\u00a0blizzards. Les temp\u00e9ratures \u00e0 Dumont d&#8217;Urville, au niveau de la mer, sont en moyenne de\u00a0\u22121\u00a0\u00e0\u00a0+7\u00a0\u00b0C\u00a0pendant l&#8217;\u00e9t\u00e9 (janvier, f\u00e9vrier) et de\u00a0\u221215\u00a0\u00e0\u00a0\u221220\u00a0\u00b0C pendant l&#8217;hiver austral (juillet, ao\u00fbt). La Terre Ad\u00e9lie a des fronti\u00e8res avec le Territoire antarctique australien \u00e0 l&#8217;est et \u00e0 l&#8217;ouest, \u00e0 savoir avec la c\u00f4te de Clarie (partie de la Terre de Wilkes) \u00e0 l&#8217;ouest et la Terre de George V \u00e0 l&#8217;est. Sa superficie totale, principalement couverte de glaciers, est estim\u00e9e \u00e0 432 000 kilom\u00e8tres carr\u00e9s.<\/p>\n","protected":false},"excerpt":{"rendered":"<p>La Terre Ad\u00e9lie, un territoire revendiqu\u00e9 sur le continent de l&#8217;Antarctique. Il s&#8217;\u00e9tend d&#8217;une partie de la c\u00f4te de l&#8217;oc\u00e9an Austral jusqu&#8217;au p\u00f4le Sud. La France l&#8217;administre comme l&#8217;un des cinq distric<\/p>\n","protected":false},"author":1,"featured_media":10458,"template":"","categoria_ficha":[1773],"class_list":["post-10457","ficha","type-ficha","status-publish","has-post-thumbnail","hentry","categoria_ficha-cartes-des-terres-australes-et-antarctiques-francaises"],"acf":[],"_links":{"self":[{"href":"https:\/\/gifex.com\/fr\/wp-json\/wp\/v2\/ficha\/10457","targetHints":{"allow":["GET"]}}],"collection":[{"href":"https:\/\/gifex.com\/fr\/wp-json\/wp\/v2\/ficha"}],"about":[{"href":"https:\/\/gifex.com\/fr\/wp-json\/wp\/v2\/types\/ficha"}],"author":[{"embeddable":true,"href":"https:\/\/gifex.com\/fr\/wp-json\/wp\/v2\/users\/1"}],"version-history":[{"count":7,"href":"https:\/\/gifex.com\/fr\/wp-json\/wp\/v2\/ficha\/10457\/revisions"}],"predecessor-version":[{"id":37073,"href":"https:\/\/gifex.com\/fr\/wp-json\/wp\/v2\/ficha\/10457\/revisions\/37073"}],"wp:featuredmedia":[{"embeddable":true,"href":"https:\/\/gifex.com\/fr\/wp-json\/wp\/v2\/media\/10458"}],"wp:attachment":[{"href":"https:\/\/gifex.com\/fr\/wp-json\/wp\/v2\/media?parent=10457"}],"wp:term":[{"taxonomy":"categoria_ficha","embeddable":true,"href":"https:\/\/gifex.com\/fr\/wp-json\/wp\/v2\/categoria_ficha?post=10457"}],"curies":[{"name":"wp","href":"https:\/\/api.w.org\/{rel}","templated":true}]}}

Carte de la Terre Adélie

<figure id="attachment_10459" aria-describedby="caption-attachment-10459" style="width: 360px" class="wp-caption alignright"><a href="https://gifex.com/fr/wp-content/uploads/10457/Base-antarctique-Dumont-d-Urville-2005.jpg" target="_blank" rel="noopener"><img fetchpriority="high" decoding="async" class="wp-image-10459" style="width: 100%; max-width: 360px; height: auto;" title="Base antarctique Dumont-d'Urville." src="https://gifex.com/fr/wp-content/uploads/10457/Base-antarctique-Dumont-d-Urville-2005-300x200.jpg" alt="Base antarctique Dumont-d'Urville." width="360" height="240" srcset="https://gifex.com/fr/wp-content/uploads/10457/Base-antarctique-Dumont-d-Urville-2005-300x200.jpg 300w, https://gifex.com/fr/wp-content/uploads/10457/Base-antarctique-Dumont-d-Urville-2005-768x512.jpg 768w, https://gifex.com/fr/wp-content/uploads/10457/Base-antarctique-Dumont-d-Urville-2005.jpg 800w" sizes="(max-width: 360px) 100vw, 360px" /></a><figcaption id="caption-attachment-10459" class="wp-caption-text"><label style="font-size: 15px;">Base antarctique Dumont-d&#8217;Urville.</label></figcaption></figure>
<p>Carte de la Terre Adélie, un territoire revendiqué sur le continent de l&#8217;Antarctique. Il s&#8217;étend d&#8217;une partie de la côte de l&#8217;océan Austral jusqu&#8217;au pôle Sud. La France l&#8217;administre comme l&#8217;un des cinq districts des Terres australes et antarctiques françaises depuis 1955 et applique les règles du système du Traité sur l&#8217;Antarctique depuis 1961. L&#8217;article 4 traite des revendications territoriales et, bien qu&#8217;il ne renonce ni ne diminue aucune revendication préexistante de souveraineté, il ne préjuge pas non plus de la position des Parties contractantes dans leur reconnaissance ou leur non-reconnaissance de la souveraineté territoriale. La France possède une station permanente en Terre Adélie depuis le 9 avril 1950. La station actuelle Dumont d&#8217;Urville a une population hivernale d&#8217;environ 25, mais cela monte à environ 78 pendant l&#8217;été antarctique. Une espèce de manchot, le manchot Adélie, porte son nom.</p>
<figure id="attachment_10460" aria-describedby="caption-attachment-10460" style="width: 360px" class="wp-caption alignright"><a href="https://gifex.com/fr/wp-content/uploads/10457/Manchots-Adelie-Pygoscelis-adeliae-sur-un-iceberg-2008.jpg" target="_blank" rel="noopener"><img decoding="async" class="wp-image-10460" style="width: 100%; max-width: 360px; height: auto;" title="Manchots Adélie (Pygoscelis adeliae) sur un iceberg." src="https://gifex.com/fr/wp-content/uploads/10457/Manchots-Adelie-Pygoscelis-adeliae-sur-un-iceberg-2008-300x200.jpg" alt="Manchots Adélie (Pygoscelis adeliae) sur un iceberg." width="360" height="240" srcset="https://gifex.com/fr/wp-content/uploads/10457/Manchots-Adelie-Pygoscelis-adeliae-sur-un-iceberg-2008-300x200.jpg 300w, https://gifex.com/fr/wp-content/uploads/10457/Manchots-Adelie-Pygoscelis-adeliae-sur-un-iceberg-2008-1024x683.jpg 1024w, https://gifex.com/fr/wp-content/uploads/10457/Manchots-Adelie-Pygoscelis-adeliae-sur-un-iceberg-2008-768x512.jpg 768w, https://gifex.com/fr/wp-content/uploads/10457/Manchots-Adelie-Pygoscelis-adeliae-sur-un-iceberg-2008-1536x1024.jpg 1536w, https://gifex.com/fr/wp-content/uploads/10457/Manchots-Adelie-Pygoscelis-adeliae-sur-un-iceberg-2008-2048x1366.jpg 2048w, https://gifex.com/fr/wp-content/uploads/10457/Manchots-Adelie-Pygoscelis-adeliae-sur-un-iceberg-2008-1600x1067.jpg 1600w" sizes="(max-width: 360px) 100vw, 360px" /></a><figcaption id="caption-attachment-10460" class="wp-caption-text"><label style="font-size: 15px;">Manchots Adélie (<em>Pygoscelis adeliae</em>) sur un iceberg.</label></figcaption></figure>
<p>La Terre Adélie se situe entre 136° E (près de la pointe Pourquoi Pas à 66°12′S 136°11′E) et 142° E (près du point Alden à 66°48′S 142°02′E), avec une longueur de rivage de environ 350 kilomètres et avec sa partie intérieure s&#8217;étendant comme un secteur d&#8217;un cercle d&#8217;environ 2 600 kilomètres vers le pôle Sud. Son climat polaire est caractérisé par de très basses températures et des vents violents souvent chargés de particules de glace, les blizzards. Les températures à Dumont d&#8217;Urville, au niveau de la mer, sont en moyenne de −1 à +7 °C pendant l&#8217;été (janvier, février) et de −15 à −20 °C pendant l&#8217;hiver austral (juillet, août). La Terre Adélie a des frontières avec le Territoire antarctique australien à l&#8217;est et à l&#8217;ouest, à savoir avec la côte de Clarie (partie de la Terre de Wilkes) à l&#8217;ouest et la Terre de George V à l&#8217;est. Sa superficie totale, principalement couverte de glaciers, est estimée à 432 000 kilomètres carrés.</p>

<p>La Terre Adélie, un territoire revendiqué sur le continent de l&#8217;Antarctique. Il s&#8217;étend d&#8217;une partie de la côte de l&#8217;océan Austral jusqu&#8217;au pôle Sud. La France l&#8217;administre comme l&#8217;un des cinq distric</p>
