{"id":10451,"date":"2022-04-14T16:17:05","date_gmt":"2022-04-14T16:17:05","guid":{"rendered":"https:\/\/gifex.com\/fr\/?post_type=ficha&#038;p=10451"},"modified":"2024-09-08T02:16:08","modified_gmt":"2024-09-08T02:16:08","slug":"carte-des-iles-saint-paul-et-amsterdam","status":"publish","type":"ficha","link":"https:\/\/gifex.com\/fr\/fichier\/carte-des-iles-saint-paul-et-amsterdam\/","title":{"rendered":"Carte des \u00eeles Saint-Paul et Amsterdam"},"content":{"rendered":"<p>Carte des \u00eeles Saint-Paul et Amsterdam, anciennement \u00eeles Saint-Paul et Nouvelle-Amsterdam, un district des Terres australes et antarctiques fran\u00e7aises compos\u00e9 des \u00eeles Saint-Paul et Amsterdam distantes l&#8217;une de l&#8217;autre de 91 km. Ce district est situ\u00e9 dans le Sud de l&#8217;<a href=\"https:\/\/gifex.com\/fr\/fichier\/carte-de-l-ocean-indien\/\">oc\u00e9an Indien<\/a> \u00e0 l&#8217;extr\u00e9mit\u00e9 sud-ouest de la plaque australienne, \u00e0 environ 1 325 km au nord-nord-est des \u00eeles Kerguelen. La population est d&#8217;environ vingt-cinq personnes en hiver, et cinquante personnes en \u00e9t\u00e9.<\/p>\n<figure id=\"attachment_10453\" aria-describedby=\"caption-attachment-10453\" style=\"width: 360px\" class=\"wp-caption alignright\"><a href=\"https:\/\/gifex.com\/fr\/wp-content\/uploads\/10451\/Carte-des-iles-Saint-Paul-et-Amsterdam-de-l-Atlas-de-l-ocean-Indien-de-la-CIA-1976.jpg\" target=\"_blank\" rel=\"noopener\"><img fetchpriority=\"high\" decoding=\"async\" class=\"wp-image-10453\" style=\"width: 100%; max-width: 360px; height: auto;\" title=\"Carte des \u00eeles Saint-Paul et Amsterdam de l'Atlas de l'oc\u00e9an Indien de la CIA 1976.\" src=\"https:\/\/gifex.com\/fr\/wp-content\/uploads\/10451\/Carte-des-iles-Saint-Paul-et-Amsterdam-de-l-Atlas-de-l-ocean-Indien-de-la-CIA-1976-300x234.jpg\" alt=\"Carte des \u00eeles Saint-Paul et Amsterdam de l'Atlas de l'oc\u00e9an Indien de la CIA 1976.\" width=\"360\" height=\"281\" srcset=\"https:\/\/gifex.com\/fr\/wp-content\/uploads\/10451\/Carte-des-iles-Saint-Paul-et-Amsterdam-de-l-Atlas-de-l-ocean-Indien-de-la-CIA-1976-300x234.jpg 300w, https:\/\/gifex.com\/fr\/wp-content\/uploads\/10451\/Carte-des-iles-Saint-Paul-et-Amsterdam-de-l-Atlas-de-l-ocean-Indien-de-la-CIA-1976-768x599.jpg 768w, https:\/\/gifex.com\/fr\/wp-content\/uploads\/10451\/Carte-des-iles-Saint-Paul-et-Amsterdam-de-l-Atlas-de-l-ocean-Indien-de-la-CIA-1976.jpg 910w\" sizes=\"(max-width: 360px) 100vw, 360px\" \/><\/a><figcaption id=\"caption-attachment-10453\" class=\"wp-caption-text\"><label style=\"font-size: 15px;\">Carte des \u00eeles Saint-Paul et Amsterdam de l&#8217;Atlas de l&#8217;oc\u00e9an Indien de la CIA 1976.<\/label><\/figcaption><\/figure>\n<p>Les deux \u00eeles sont de tailles tr\u00e8s diff\u00e9rentes, en effet l&#8217;\u00eele Amsterdam a une superficie de 58 km2 contre 8 km2 seulement pour l&#8217;\u00eele Saint-Paul.<\/p>\n<p>Toutes deux sont des volcans actuellement inactifs, partie \u00e9merg\u00e9e d&#8217;un \u00e9troit plateau continental entour\u00e9 de fonds de plus de 3 000 m\u00e8tres. L&#8217;\u00eele Amsterdam forme une ellipse dont la partie occidentale s&#8217;est effondr\u00e9e pour laisser place \u00e0 une falaise de 400 m\u00e8tres de haut. L&#8217;\u00eele Saint-Paul est caract\u00e9ris\u00e9e par un grand crat\u00e8re central o\u00f9 la mer a p\u00e9n\u00e9tr\u00e9. Le crat\u00e8re s&#8217;est ouvert sur la mer lors de la derni\u00e8re \u00e9ruption en 1792.<\/p>\n<p>Le climat est de type oc\u00e9anique temp\u00e9r\u00e9 mais tr\u00e8s venteux. Situ\u00e9es au-dessus de la zone dite de convergence antarctique, s\u00e9paration des eaux chaudes de l&#8217;oc\u00e9an Indien et froides de l&#8217;oc\u00e9an Austral, les \u00eeles ne connaissent pas de neige ou de gel\u00e9e.<\/p>\n<figure id=\"attachment_10455\" aria-describedby=\"caption-attachment-10455\" style=\"width: 360px\" class=\"wp-caption alignright\"><a href=\"https:\/\/gifex.com\/fr\/wp-content\/uploads\/10451\/Carte-de-localisation-des-iles-Saint-Paul-et-Amsterdam.png\" target=\"_blank\" rel=\"noopener\"><img decoding=\"async\" class=\"wp-image-10455\" style=\"max-width: 360px; height: auto;\" title=\"Carte de localisation des \u00eeles Saint-Paul et Amsterdam.\" src=\"https:\/\/gifex.com\/fr\/wp-content\/uploads\/10451\/Carte-de-localisation-des-iles-Saint-Paul-et-Amsterdam-300x148.png\" alt=\"Carte de localisation des \u00eeles Saint-Paul et Amsterdam.\" width=\"360\" height=\"177\" srcset=\"https:\/\/gifex.com\/fr\/wp-content\/uploads\/10451\/Carte-de-localisation-des-iles-Saint-Paul-et-Amsterdam-300x148.png 300w, https:\/\/gifex.com\/fr\/wp-content\/uploads\/10451\/Carte-de-localisation-des-iles-Saint-Paul-et-Amsterdam-768x378.png 768w, https:\/\/gifex.com\/fr\/wp-content\/uploads\/10451\/Carte-de-localisation-des-iles-Saint-Paul-et-Amsterdam.png 782w\" sizes=\"(max-width: 360px) 100vw, 360px\" \/><\/a><figcaption id=\"caption-attachment-10455\" class=\"wp-caption-text\"><label style=\"font-size: 15px;\">Carte de localisation des \u00eeles Saint-Paul et Amsterdam.<\/label><\/figcaption><\/figure>\n<p>Aucune population r\u00e9sidente ne vit sur ces \u00eeles mais une base scientifique permanente, la base Martin-de-Vivi\u00e8s, est install\u00e9e sur Amsterdam et accueille sans discontinuer depuis 1949 des missions successives qui comptent entre 23 et 35 personnes selon la saison. Il n&#8217;y a en revanche pas de pr\u00e9sence humaine permanente sur l&#8217;\u00eele Saint-Paul, qui n&#8217;est visit\u00e9e que lors de br\u00e8ves exp\u00e9ditions scientifiques ou \u00e9cologiques. L&#8217;\u00eele est de fait une r\u00e9serve int\u00e9grale de biodiversit\u00e9.<\/p>\n<p>Les deux \u00eeles sont prot\u00e9g\u00e9es au sein de la R\u00e9serve naturelle nationale des Terres australes fran\u00e7aises. Cette protection couvre tant leurs espaces terrestres que leurs eaux territoriales respectives.<\/p>\n","protected":false},"excerpt":{"rendered":"<p>Les \u00eeles Saint-Paul et Amsterdam, anciennement \u00eeles Saint-Paul et Nouvelle-Amsterdam, un district des Terres australes et antarctiques fran\u00e7aises compos\u00e9 des \u00eeles Saint-Paul et Amsterdam distantes l&#8217;une de l&#8217;autre de 91 km. Ce district est situ\u00e9 dans le Sud de l&#8217;oc\u00e9an Indien \u00e0 l&#8217;e<\/p>\n","protected":false},"author":1,"featured_media":10756,"template":"","categoria_ficha":[1773],"class_list":["post-10451","ficha","type-ficha","status-publish","has-post-thumbnail","hentry","categoria_ficha-cartes-des-terres-australes-et-antarctiques-francaises"],"acf":[],"_links":{"self":[{"href":"https:\/\/gifex.com\/fr\/wp-json\/wp\/v2\/ficha\/10451","targetHints":{"allow":["GET"]}}],"collection":[{"href":"https:\/\/gifex.com\/fr\/wp-json\/wp\/v2\/ficha"}],"about":[{"href":"https:\/\/gifex.com\/fr\/wp-json\/wp\/v2\/types\/ficha"}],"author":[{"embeddable":true,"href":"https:\/\/gifex.com\/fr\/wp-json\/wp\/v2\/users\/1"}],"version-history":[{"count":5,"href":"https:\/\/gifex.com\/fr\/wp-json\/wp\/v2\/ficha\/10451\/revisions"}],"predecessor-version":[{"id":50390,"href":"https:\/\/gifex.com\/fr\/wp-json\/wp\/v2\/ficha\/10451\/revisions\/50390"}],"wp:featuredmedia":[{"embeddable":true,"href":"https:\/\/gifex.com\/fr\/wp-json\/wp\/v2\/media\/10756"}],"wp:attachment":[{"href":"https:\/\/gifex.com\/fr\/wp-json\/wp\/v2\/media?parent=10451"}],"wp:term":[{"taxonomy":"categoria_ficha","embeddable":true,"href":"https:\/\/gifex.com\/fr\/wp-json\/wp\/v2\/categoria_ficha?post=10451"}],"curies":[{"name":"wp","href":"https:\/\/api.w.org\/{rel}","templated":true}]}}

Carte des îles Saint-Paul et Amsterdam

<p>Carte des îles Saint-Paul et Amsterdam, anciennement îles Saint-Paul et Nouvelle-Amsterdam, un district des Terres australes et antarctiques françaises composé des îles Saint-Paul et Amsterdam distantes l&#8217;une de l&#8217;autre de 91 km. Ce district est situé dans le Sud de l&#8217;<a href="https://gifex.com/fr/fichier/carte-de-l-ocean-indien/">océan Indien</a> à l&#8217;extrémité sud-ouest de la plaque australienne, à environ 1 325 km au nord-nord-est des îles Kerguelen. La population est d&#8217;environ vingt-cinq personnes en hiver, et cinquante personnes en été.</p>
<figure id="attachment_10453" aria-describedby="caption-attachment-10453" style="width: 360px" class="wp-caption alignright"><a href="https://gifex.com/fr/wp-content/uploads/10451/Carte-des-iles-Saint-Paul-et-Amsterdam-de-l-Atlas-de-l-ocean-Indien-de-la-CIA-1976.jpg" target="_blank" rel="noopener"><img fetchpriority="high" decoding="async" class="wp-image-10453" style="width: 100%; max-width: 360px; height: auto;" title="Carte des îles Saint-Paul et Amsterdam de l'Atlas de l'océan Indien de la CIA 1976." src="https://gifex.com/fr/wp-content/uploads/10451/Carte-des-iles-Saint-Paul-et-Amsterdam-de-l-Atlas-de-l-ocean-Indien-de-la-CIA-1976-300x234.jpg" alt="Carte des îles Saint-Paul et Amsterdam de l'Atlas de l'océan Indien de la CIA 1976." width="360" height="281" srcset="https://gifex.com/fr/wp-content/uploads/10451/Carte-des-iles-Saint-Paul-et-Amsterdam-de-l-Atlas-de-l-ocean-Indien-de-la-CIA-1976-300x234.jpg 300w, https://gifex.com/fr/wp-content/uploads/10451/Carte-des-iles-Saint-Paul-et-Amsterdam-de-l-Atlas-de-l-ocean-Indien-de-la-CIA-1976-768x599.jpg 768w, https://gifex.com/fr/wp-content/uploads/10451/Carte-des-iles-Saint-Paul-et-Amsterdam-de-l-Atlas-de-l-ocean-Indien-de-la-CIA-1976.jpg 910w" sizes="(max-width: 360px) 100vw, 360px" /></a><figcaption id="caption-attachment-10453" class="wp-caption-text"><label style="font-size: 15px;">Carte des îles Saint-Paul et Amsterdam de l&#8217;Atlas de l&#8217;océan Indien de la CIA 1976.</label></figcaption></figure>
<p>Les deux îles sont de tailles très différentes, en effet l&#8217;île Amsterdam a une superficie de 58 km2 contre 8 km2 seulement pour l&#8217;île Saint-Paul.</p>
<p>Toutes deux sont des volcans actuellement inactifs, partie émergée d&#8217;un étroit plateau continental entouré de fonds de plus de 3 000 mètres. L&#8217;île Amsterdam forme une ellipse dont la partie occidentale s&#8217;est effondrée pour laisser place à une falaise de 400 mètres de haut. L&#8217;île Saint-Paul est caractérisée par un grand cratère central où la mer a pénétré. Le cratère s&#8217;est ouvert sur la mer lors de la dernière éruption en 1792.</p>
<p>Le climat est de type océanique tempéré mais très venteux. Situées au-dessus de la zone dite de convergence antarctique, séparation des eaux chaudes de l&#8217;océan Indien et froides de l&#8217;océan Austral, les îles ne connaissent pas de neige ou de gelée.</p>
<figure id="attachment_10455" aria-describedby="caption-attachment-10455" style="width: 360px" class="wp-caption alignright"><a href="https://gifex.com/fr/wp-content/uploads/10451/Carte-de-localisation-des-iles-Saint-Paul-et-Amsterdam.png" target="_blank" rel="noopener"><img decoding="async" class="wp-image-10455" style="max-width: 360px; height: auto;" title="Carte de localisation des îles Saint-Paul et Amsterdam." src="https://gifex.com/fr/wp-content/uploads/10451/Carte-de-localisation-des-iles-Saint-Paul-et-Amsterdam-300x148.png" alt="Carte de localisation des îles Saint-Paul et Amsterdam." width="360" height="177" srcset="https://gifex.com/fr/wp-content/uploads/10451/Carte-de-localisation-des-iles-Saint-Paul-et-Amsterdam-300x148.png 300w, https://gifex.com/fr/wp-content/uploads/10451/Carte-de-localisation-des-iles-Saint-Paul-et-Amsterdam-768x378.png 768w, https://gifex.com/fr/wp-content/uploads/10451/Carte-de-localisation-des-iles-Saint-Paul-et-Amsterdam.png 782w" sizes="(max-width: 360px) 100vw, 360px" /></a><figcaption id="caption-attachment-10455" class="wp-caption-text"><label style="font-size: 15px;">Carte de localisation des îles Saint-Paul et Amsterdam.</label></figcaption></figure>
<p>Aucune population résidente ne vit sur ces îles mais une base scientifique permanente, la base Martin-de-Viviès, est installée sur Amsterdam et accueille sans discontinuer depuis 1949 des missions successives qui comptent entre 23 et 35 personnes selon la saison. Il n&#8217;y a en revanche pas de présence humaine permanente sur l&#8217;île Saint-Paul, qui n&#8217;est visitée que lors de brèves expéditions scientifiques ou écologiques. L&#8217;île est de fait une réserve intégrale de biodiversité.</p>
<p>Les deux îles sont protégées au sein de la Réserve naturelle nationale des Terres australes françaises. Cette protection couvre tant leurs espaces terrestres que leurs eaux territoriales respectives.</p>

<p>Les îles Saint-Paul et Amsterdam, anciennement îles Saint-Paul et Nouvelle-Amsterdam, un district des Terres australes et antarctiques françaises composé des îles Saint-Paul et Amsterdam distantes l&#8217;une de l&#8217;autre de 91 km. Ce district est situé dans le Sud de l&#8217;océan Indien à l&#8217;e</p>
