{"id":10373,"date":"2022-04-13T20:44:33","date_gmt":"2022-04-13T20:44:33","guid":{"rendered":"https:\/\/gifex.com\/fr\/?post_type=ficha&#038;p=10373"},"modified":"2024-04-17T20:51:44","modified_gmt":"2024-04-17T20:51:44","slug":"carte-de-la-reserve-naturelle-marine-de-la-reunion","status":"publish","type":"ficha","link":"https:\/\/gifex.com\/fr\/fichier\/carte-de-la-reserve-naturelle-marine-de-la-reunion\/","title":{"rendered":"Carte de la r\u00e9serve naturelle marine de La R\u00e9union"},"content":{"rendered":"<figure id=\"attachment_10377\" aria-describedby=\"caption-attachment-10377\" style=\"width: 360px\" class=\"wp-caption alignright\"><a href=\"https:\/\/gifex.com\/fr\/wp-content\/uploads\/10373\/Paysage-sous-marin-typique-du-lagon-de-l-Ermitage-en-2014.jpg\" target=\"_blank\" rel=\"noopener\"><img fetchpriority=\"high\" decoding=\"async\" class=\"wp-image-10377\" style=\"width: 100%; max-width: 360px; height: auto;\" title=\"Paysage sous-marin typique du lagon de l'Ermitage.\" src=\"https:\/\/gifex.com\/fr\/wp-content\/uploads\/10373\/Paysage-sous-marin-typique-du-lagon-de-l-Ermitage-en-2014-300x230.jpg\" alt=\"Paysage sous-marin typique du lagon de l'Ermitage.\" width=\"360\" height=\"275\" srcset=\"https:\/\/gifex.com\/fr\/wp-content\/uploads\/10373\/Paysage-sous-marin-typique-du-lagon-de-l-Ermitage-en-2014-300x230.jpg 300w, https:\/\/gifex.com\/fr\/wp-content\/uploads\/10373\/Paysage-sous-marin-typique-du-lagon-de-l-Ermitage-en-2014-1024x783.jpg 1024w, https:\/\/gifex.com\/fr\/wp-content\/uploads\/10373\/Paysage-sous-marin-typique-du-lagon-de-l-Ermitage-en-2014-768x588.jpg 768w, https:\/\/gifex.com\/fr\/wp-content\/uploads\/10373\/Paysage-sous-marin-typique-du-lagon-de-l-Ermitage-en-2014-1536x1175.jpg 1536w, https:\/\/gifex.com\/fr\/wp-content\/uploads\/10373\/Paysage-sous-marin-typique-du-lagon-de-l-Ermitage-en-2014.jpg 1600w\" sizes=\"(max-width: 360px) 100vw, 360px\" \/><\/a><figcaption id=\"caption-attachment-10377\" class=\"wp-caption-text\"><label style=\"font-size: 15px;\">Paysage sous-marin typique du lagon de l&#8217;Ermitage, \u00e0 la R\u00e9union. On y voit : <em>Dascyllus aruanus<\/em>, <em>Ctenochaetus striatus<\/em>, <em>Chaetodon trifasciatus<\/em>, <em>Chaetodon trifascialis<\/em> et <em>Chaetodon melannotus<\/em>.<\/label><\/figcaption><\/figure>\n<p>Carte de la r\u00e9serve naturelle marine de La R\u00e9union\u00a0(RNN164) est une r\u00e9serve naturelle nationale\u00a0de l&#8217;\u00eele\u00a0de\u00a0La R\u00e9union,\u00a0d\u00e9partement d&#8217;outre-mer\u00a0fran\u00e7ais\u00a0dans le sud-ouest de l&#8217;<a href=\"https:\/\/gifex.com\/fr\/fichier\/carte-de-l-ocean-indien\/\" rel=\"noopener\" target=\"_blank\">oc\u00e9an Indien<\/a>. Class\u00e9e en 2007, elle occupe une surface de\u00a0<span title=\"35\u00a0000\u00a0000 m\u00b2 ou 35 km\u00b2\">3\u00a0500<\/span>\u00a0hectares.<\/p>\n<p>En tant qu&#8217;aire marine prot\u00e9g\u00e9e, elle prot\u00e8ge la totalit\u00e9 des lagons sauf celui de St Pierre, mais aussi les segments de c\u00f4te rocheuse qui les isolent les uns des autres sur les 40 km de lin\u00e9aire c\u00f4tier dont elle a la responsabilit\u00e9 sur la c\u00f4te\u00a0occidentale de l&#8217;\u00eele.<\/p>\n<p>La partie du littoral concern\u00e9e s&#8217;\u00e9tend du\u00a0Cap la Houssaye\u00a0(Saint-Paul), au Nord, jusqu&#8217;\u00e0 la\u00a0Roche des oiseaux\u00a0(L&#8217;\u00c9tang-Sal\u00e9), au Sud, incluant les c\u00f4tes de 5\u00a0communes\u00a0:\u00a0Saint-Paul\u00a0(dont les sites de\u00a0Boucan Canot,\u00a0Saint-Gilles les Bains,\u00a0L&#8217;Ermitage-les-Bains\u00a0et\u00a0La Saline les Bains),\u00a0Trois-Bassins,\u00a0Saint-Leu,\u00a0Les Avirons\u00a0et\u00a0L&#8217;\u00c9tang-Sal\u00e9. Elle englobe les 20\u00a0kilom\u00e8tres de la\u00a0barri\u00e8re corallienne de la c\u00f4te ouest de l&#8217;\u00eele de\u00a0La R\u00e9union.<\/p>\n","protected":false},"excerpt":{"rendered":"<p>La r\u00e9serve naturelle marine de La R\u00e9union\u00a0(RNN164) est une r\u00e9serve naturelle nationale\u00a0de l&#8217;\u00eele\u00a0de\u00a0La R\u00e9union,\u00a0d\u00e9partement d&#8217;outre-mer\u00a0fran\u00e7ais\u00a0dans le sud-ouest de l&#8217;oc\u00e9an Indien. Class\u00e9e en 2007, elle<\/p>\n","protected":false},"author":1,"featured_media":10376,"template":"","categoria_ficha":[249],"class_list":["post-10373","ficha","type-ficha","status-publish","has-post-thumbnail","hentry","categoria_ficha-cartes-de-la-reunion"],"acf":[],"_links":{"self":[{"href":"https:\/\/gifex.com\/fr\/wp-json\/wp\/v2\/ficha\/10373","targetHints":{"allow":["GET"]}}],"collection":[{"href":"https:\/\/gifex.com\/fr\/wp-json\/wp\/v2\/ficha"}],"about":[{"href":"https:\/\/gifex.com\/fr\/wp-json\/wp\/v2\/types\/ficha"}],"author":[{"embeddable":true,"href":"https:\/\/gifex.com\/fr\/wp-json\/wp\/v2\/users\/1"}],"version-history":[{"count":6,"href":"https:\/\/gifex.com\/fr\/wp-json\/wp\/v2\/ficha\/10373\/revisions"}],"predecessor-version":[{"id":10387,"href":"https:\/\/gifex.com\/fr\/wp-json\/wp\/v2\/ficha\/10373\/revisions\/10387"}],"wp:featuredmedia":[{"embeddable":true,"href":"https:\/\/gifex.com\/fr\/wp-json\/wp\/v2\/media\/10376"}],"wp:attachment":[{"href":"https:\/\/gifex.com\/fr\/wp-json\/wp\/v2\/media?parent=10373"}],"wp:term":[{"taxonomy":"categoria_ficha","embeddable":true,"href":"https:\/\/gifex.com\/fr\/wp-json\/wp\/v2\/categoria_ficha?post=10373"}],"curies":[{"name":"wp","href":"https:\/\/api.w.org\/{rel}","templated":true}]}}

Carte de la réserve naturelle marine de La Réunion

<figure id="attachment_10377" aria-describedby="caption-attachment-10377" style="width: 360px" class="wp-caption alignright"><a href="https://gifex.com/fr/wp-content/uploads/10373/Paysage-sous-marin-typique-du-lagon-de-l-Ermitage-en-2014.jpg" target="_blank" rel="noopener"><img fetchpriority="high" decoding="async" class="wp-image-10377" style="width: 100%; max-width: 360px; height: auto;" title="Paysage sous-marin typique du lagon de l'Ermitage." src="https://gifex.com/fr/wp-content/uploads/10373/Paysage-sous-marin-typique-du-lagon-de-l-Ermitage-en-2014-300x230.jpg" alt="Paysage sous-marin typique du lagon de l'Ermitage." width="360" height="275" srcset="https://gifex.com/fr/wp-content/uploads/10373/Paysage-sous-marin-typique-du-lagon-de-l-Ermitage-en-2014-300x230.jpg 300w, https://gifex.com/fr/wp-content/uploads/10373/Paysage-sous-marin-typique-du-lagon-de-l-Ermitage-en-2014-1024x783.jpg 1024w, https://gifex.com/fr/wp-content/uploads/10373/Paysage-sous-marin-typique-du-lagon-de-l-Ermitage-en-2014-768x588.jpg 768w, https://gifex.com/fr/wp-content/uploads/10373/Paysage-sous-marin-typique-du-lagon-de-l-Ermitage-en-2014-1536x1175.jpg 1536w, https://gifex.com/fr/wp-content/uploads/10373/Paysage-sous-marin-typique-du-lagon-de-l-Ermitage-en-2014.jpg 1600w" sizes="(max-width: 360px) 100vw, 360px" /></a><figcaption id="caption-attachment-10377" class="wp-caption-text"><label style="font-size: 15px;">Paysage sous-marin typique du lagon de l&#8217;Ermitage, à la Réunion. On y voit : <em>Dascyllus aruanus</em>, <em>Ctenochaetus striatus</em>, <em>Chaetodon trifasciatus</em>, <em>Chaetodon trifascialis</em> et <em>Chaetodon melannotus</em>.</label></figcaption></figure>
<p>Carte de la réserve naturelle marine de La Réunion (RNN164) est une réserve naturelle nationale de l&#8217;île de La Réunion, département d&#8217;outre-mer français dans le sud-ouest de l&#8217;<a href="https://gifex.com/fr/fichier/carte-de-l-ocean-indien/" rel="noopener" target="_blank">océan Indien</a>. Classée en 2007, elle occupe une surface de <span title="35 000 000 m² ou 35 km²">3 500</span> hectares.</p>
<p>En tant qu&#8217;aire marine protégée, elle protège la totalité des lagons sauf celui de St Pierre, mais aussi les segments de côte rocheuse qui les isolent les uns des autres sur les 40 km de linéaire côtier dont elle a la responsabilité sur la côte occidentale de l&#8217;île.</p>
<p>La partie du littoral concernée s&#8217;étend du Cap la Houssaye (Saint-Paul), au Nord, jusqu&#8217;à la Roche des oiseaux (L&#8217;Étang-Salé), au Sud, incluant les côtes de 5 communes : Saint-Paul (dont les sites de Boucan Canot, Saint-Gilles les Bains, L&#8217;Ermitage-les-Bains et La Saline les Bains), Trois-Bassins, Saint-Leu, Les Avirons et L&#8217;Étang-Salé. Elle englobe les 20 kilomètres de la barrière corallienne de la côte ouest de l&#8217;île de La Réunion.</p>

<p>La réserve naturelle marine de La Réunion (RNN164) est une réserve naturelle nationale de l&#8217;île de La Réunion, département d&#8217;outre-mer français dans le sud-ouest de l&#8217;océan Indien. Classée en 2007, elle</p>
