{"id":10293,"date":"2022-04-12T20:47:19","date_gmt":"2022-04-12T20:47:19","guid":{"rendered":"https:\/\/gifex.com\/fr\/?post_type=ficha&#038;p=10293"},"modified":"2022-08-14T16:20:40","modified_gmt":"2022-08-14T16:20:40","slug":"carte-topographique-de-la-martinique","status":"publish","type":"ficha","link":"https:\/\/gifex.com\/fr\/fichier\/carte-topographique-de-la-martinique\/","title":{"rendered":"Carte topographique de la Martinique"},"content":{"rendered":"<p>La topographie de cette \u00eele pour son origine volcanique est montagneuse. Les zones les plus anciennes de la Martinique correspondent aux zones volcaniques \u00e0 l&#8217;extr\u00e9mit\u00e9 sud de l&#8217;\u00eele et vers la presqu&#8217;\u00eele de la Caravelle \u00e0 l&#8217;est. L&#8217;\u00eele s&#8217;est d\u00e9velopp\u00e9e au cours des 20 derniers millions d&#8217;ann\u00e9es selon une s\u00e9quence de mouvements et d&#8217;\u00e9ruptions d&#8217;activit\u00e9 volcanique vers le nord.<\/p>\n<figure id=\"attachment_10295\" aria-describedby=\"caption-attachment-10295\" style=\"width: 360px\" class=\"wp-caption alignright\"><a href=\"https:\/\/gifex.com\/fr\/wp-content\/uploads\/10293\/Eruption-de-la-montagne-Pelee-en-1902.jpg\" target=\"_blank\" rel=\"noopener\"><img fetchpriority=\"high\" decoding=\"async\" class=\"wp-image-10295\" style=\"width: 100%; max-width: 360px; height: auto;\" title=\"\u00c9ruption de la montagne Pel\u00e9e en 1902.\" src=\"https:\/\/gifex.com\/fr\/wp-content\/uploads\/10293\/Eruption-de-la-montagne-Pelee-en-1902-300x167.jpg\" alt=\"\u00c9ruption de la montagne Pel\u00e9e en 1902.\" width=\"360\" height=\"200\" srcset=\"https:\/\/gifex.com\/fr\/wp-content\/uploads\/10293\/Eruption-de-la-montagne-Pelee-en-1902-300x167.jpg 300w, https:\/\/gifex.com\/fr\/wp-content\/uploads\/10293\/Eruption-de-la-montagne-Pelee-en-1902.jpg 652w\" sizes=\"(max-width: 360px) 100vw, 360px\" \/><\/a><figcaption id=\"caption-attachment-10295\" class=\"wp-caption-text\"><label style=\"font-size: 15px;\">\u00c9ruption de la montagne Pel\u00e9e en 1902.<\/label><\/figcaption><\/figure>\n<p>L&#8217;\u00eele est situ\u00e9e le long de la faille de subduction o\u00f9 la plaque sud-am\u00e9ricaine glisse sous la plaque carib\u00e9enne. La Martinique compte huit centres diff\u00e9rents d&#8217;activit\u00e9 volcanique. Les roches les plus anciennes sont des laves and\u00e9sitiques datant d&#8217;environ 24 millions d&#8217;ann\u00e9es, m\u00e9lang\u00e9es \u00e0 du magma thol\u00e9iitique contenant du fer et du magn\u00e9sium. La montagne Pel\u00e9e (voir la localisation sur la carte ci-dessus), la caract\u00e9ristique la plus spectaculaire de l&#8217;\u00eele, s&#8217;est form\u00e9e il y a environ 400 000 ans. La Pel\u00e9e entre en \u00e9ruption en 1792, 1851, et deux fois en 1902. L&#8217;\u00e9ruption du 8 mai 1902, d\u00e9truit Saint-Pierre et tue 28 000 personnes en 2 minutes ; celle du 30 ao\u00fbt 1902, fit pr\u00e8s de 1 100 morts, principalement au Morne-Rouge et \u00e0 Ajoupa-Bouillon.<\/p>\n<figure id=\"attachment_10192\" aria-describedby=\"caption-attachment-10192\" style=\"width: 360px\" class=\"wp-caption alignright\"><a href=\"https:\/\/gifex.com\/fr\/wp-content\/uploads\/10190\/Carte-de-la-plaque-tectonique-des-caraibes.png\" target=\"_blank\" rel=\"noopener\"><img decoding=\"async\" class=\"wp-image-10192\" style=\"width: 100%; max-width: 360px; height: auto;\" title=\"Carte de la plaque des Cara\u00efbes.\" src=\"https:\/\/gifex.com\/fr\/wp-content\/uploads\/10190\/Carte-de-la-plaque-tectonique-des-caraibes-300x173.png\" alt=\"Carte de la plaque des Cara\u00efbes.\" width=\"360\" height=\"208\" srcset=\"https:\/\/gifex.com\/fr\/wp-content\/uploads\/10190\/Carte-de-la-plaque-tectonique-des-caraibes-300x173.png 300w, https:\/\/gifex.com\/fr\/wp-content\/uploads\/10190\/Carte-de-la-plaque-tectonique-des-caraibes.png 766w\" sizes=\"(max-width: 360px) 100vw, 360px\" \/><\/a><figcaption id=\"caption-attachment-10192\" class=\"wp-caption-text\"><label style=\"font-size: 15px;\">Carte de la plaque des Cara\u00efbes, une plaque tectonique principalement oc\u00e9anique sous-jacente \u00e0 l&#8217;Am\u00e9rique centrale et \u00e0 la mer des Cara\u00efbes au large de la c\u00f4te nord de l&#8217;Am\u00e9rique du Sud.<\/label><\/figcaption><\/figure>\n<p>\u00c0 la suite de ph\u00e9nom\u00e8nes d&#8217;\u00e9rosion souvent violents en Martinique \u00e0 cause de la forte pluviosit\u00e9 due \u00e0 l&#8217;\u00e9vaporation oc\u00e9anique apport\u00e9e par les aliz\u00e9s, les hauts volcans de formation r\u00e9cente situ\u00e9s au nord de l&#8217;\u00eele (montagne Pel\u00e9e et pitons du Carbet (1 196 m\u00e8tres)) font place, dans le sud, \u00e0 des \u00ab mornes \u00bb aux sommets arrondis ou plats et aux fortes pentes d&#8217;une altitude g\u00e9n\u00e9ralement comprise entre 100 et 300 m\u00e8tres.<\/p>\n<p>La montagne du Vauclin, point culminant du sud de l&#8217;\u00eele, atteint 504 m d&#8217;altitude. Les plaines situ\u00e9es au centre et en bordure c\u00f4ti\u00e8re, les \u00ab fonds \u00bb, sont s\u00e9par\u00e9es par des escarpements et sont g\u00e9n\u00e9ralement de petite dimension.<\/p>\n<p>La c\u00f4te est, c\u00f4te-au-vent ou des \u00eeles, a \u00e9t\u00e9 appel\u00e9e dans les Cara\u00efbes capesterre. Le terme capesterre en Martinique d\u00e9signe plus pr\u00e9cis\u00e9ment la r\u00e9gion de La Caravelle. Cette c\u00f4te au vent, bord\u00e9e par l&#8217;oc\u00e9an Atlantique, est directement expos\u00e9e aux aliz\u00e9s et aux fonds marins. La partie nord de la Grand&#8217;Rivi\u00e8re \u00e0 Sainte-Marie est essentiellement entour\u00e9e de falaises avec tr\u00e8s peu de points d&#8217;amarrage et l&#8217;acc\u00e8s \u00e0 la navigation maritime est limit\u00e9 \u00e0 la p\u00eache c\u00f4ti\u00e8re avec de petites embarcations traditionnelles martiniquaises.<\/p>\n","protected":false},"excerpt":{"rendered":"<p>La topographie de cette \u00eele pour son origine volcanique est montagneuse. Les zones les plus anciennes de la Martinique correspondent aux zones volcaniques \u00e0 l&#8217;extr\u00e9mit\u00e9 sud de l&#8217;\u00eele et vers la presqu&#8217;\u00eele de la Caravelle \u00e0 l&#8217;est. L&#8217;\u00eele s&#8217;est d\u00e9velopp\u00e9e au cours des 20 derniers millions d&#8217;ann\u00e9es selon une s\u00e9quence de mouvements et d&#8217;\u00e9ruptions d&#8217;activit\u00e9 [&hellip;]<\/p>\n","protected":false},"author":1,"featured_media":11614,"template":"","categoria_ficha":[68],"class_list":["post-10293","ficha","type-ficha","status-publish","has-post-thumbnail","hentry","categoria_ficha-cartes-de-la-martinique"],"acf":[],"_links":{"self":[{"href":"https:\/\/gifex.com\/fr\/wp-json\/wp\/v2\/ficha\/10293","targetHints":{"allow":["GET"]}}],"collection":[{"href":"https:\/\/gifex.com\/fr\/wp-json\/wp\/v2\/ficha"}],"about":[{"href":"https:\/\/gifex.com\/fr\/wp-json\/wp\/v2\/types\/ficha"}],"author":[{"embeddable":true,"href":"https:\/\/gifex.com\/fr\/wp-json\/wp\/v2\/users\/1"}],"version-history":[{"count":10,"href":"https:\/\/gifex.com\/fr\/wp-json\/wp\/v2\/ficha\/10293\/revisions"}],"predecessor-version":[{"id":20994,"href":"https:\/\/gifex.com\/fr\/wp-json\/wp\/v2\/ficha\/10293\/revisions\/20994"}],"wp:featuredmedia":[{"embeddable":true,"href":"https:\/\/gifex.com\/fr\/wp-json\/wp\/v2\/media\/11614"}],"wp:attachment":[{"href":"https:\/\/gifex.com\/fr\/wp-json\/wp\/v2\/media?parent=10293"}],"wp:term":[{"taxonomy":"categoria_ficha","embeddable":true,"href":"https:\/\/gifex.com\/fr\/wp-json\/wp\/v2\/categoria_ficha?post=10293"}],"curies":[{"name":"wp","href":"https:\/\/api.w.org\/{rel}","templated":true}]}}

<p>La topographie de cette île pour son origine volcanique est montagneuse. Les zones les plus anciennes de la Martinique correspondent aux zones volcaniques à l&#8217;extrémité sud de l&#8217;île et vers la presqu&#8217;île de la Caravelle à l&#8217;est. L&#8217;île s&#8217;est développée au cours des 20 derniers millions d&#8217;années selon une séquence de mouvements et d&#8217;éruptions d&#8217;activité volcanique vers le nord.</p>
<figure id="attachment_10295" aria-describedby="caption-attachment-10295" style="width: 360px" class="wp-caption alignright"><a href="https://gifex.com/fr/wp-content/uploads/10293/Eruption-de-la-montagne-Pelee-en-1902.jpg" target="_blank" rel="noopener"><img fetchpriority="high" decoding="async" class="wp-image-10295" style="width: 100%; max-width: 360px; height: auto;" title="Éruption de la montagne Pelée en 1902." src="https://gifex.com/fr/wp-content/uploads/10293/Eruption-de-la-montagne-Pelee-en-1902-300x167.jpg" alt="Éruption de la montagne Pelée en 1902." width="360" height="200" srcset="https://gifex.com/fr/wp-content/uploads/10293/Eruption-de-la-montagne-Pelee-en-1902-300x167.jpg 300w, https://gifex.com/fr/wp-content/uploads/10293/Eruption-de-la-montagne-Pelee-en-1902.jpg 652w" sizes="(max-width: 360px) 100vw, 360px" /></a><figcaption id="caption-attachment-10295" class="wp-caption-text"><label style="font-size: 15px;">Éruption de la montagne Pelée en 1902.</label></figcaption></figure>
<p>L&#8217;île est située le long de la faille de subduction où la plaque sud-américaine glisse sous la plaque caribéenne. La Martinique compte huit centres différents d&#8217;activité volcanique. Les roches les plus anciennes sont des laves andésitiques datant d&#8217;environ 24 millions d&#8217;années, mélangées à du magma tholéiitique contenant du fer et du magnésium. La montagne Pelée (voir la localisation sur la carte ci-dessus), la caractéristique la plus spectaculaire de l&#8217;île, s&#8217;est formée il y a environ 400 000 ans. La Pelée entre en éruption en 1792, 1851, et deux fois en 1902. L&#8217;éruption du 8 mai 1902, détruit Saint-Pierre et tue 28 000 personnes en 2 minutes ; celle du 30 août 1902, fit près de 1 100 morts, principalement au Morne-Rouge et à Ajoupa-Bouillon.</p>
<figure id="attachment_10192" aria-describedby="caption-attachment-10192" style="width: 360px" class="wp-caption alignright"><a href="https://gifex.com/fr/wp-content/uploads/10190/Carte-de-la-plaque-tectonique-des-caraibes.png" target="_blank" rel="noopener"><img decoding="async" class="wp-image-10192" style="width: 100%; max-width: 360px; height: auto;" title="Carte de la plaque des Caraïbes." src="https://gifex.com/fr/wp-content/uploads/10190/Carte-de-la-plaque-tectonique-des-caraibes-300x173.png" alt="Carte de la plaque des Caraïbes." width="360" height="208" srcset="https://gifex.com/fr/wp-content/uploads/10190/Carte-de-la-plaque-tectonique-des-caraibes-300x173.png 300w, https://gifex.com/fr/wp-content/uploads/10190/Carte-de-la-plaque-tectonique-des-caraibes.png 766w" sizes="(max-width: 360px) 100vw, 360px" /></a><figcaption id="caption-attachment-10192" class="wp-caption-text"><label style="font-size: 15px;">Carte de la plaque des Caraïbes, une plaque tectonique principalement océanique sous-jacente à l&#8217;Amérique centrale et à la mer des Caraïbes au large de la côte nord de l&#8217;Amérique du Sud.</label></figcaption></figure>
<p>À la suite de phénomènes d&#8217;érosion souvent violents en Martinique à cause de la forte pluviosité due à l&#8217;évaporation océanique apportée par les alizés, les hauts volcans de formation récente situés au nord de l&#8217;île (montagne Pelée et pitons du Carbet (1 196 mètres)) font place, dans le sud, à des « mornes » aux sommets arrondis ou plats et aux fortes pentes d&#8217;une altitude généralement comprise entre 100 et 300 mètres.</p>
<p>La montagne du Vauclin, point culminant du sud de l&#8217;île, atteint 504 m d&#8217;altitude. Les plaines situées au centre et en bordure côtière, les « fonds », sont séparées par des escarpements et sont généralement de petite dimension.</p>
<p>La côte est, côte-au-vent ou des îles, a été appelée dans les Caraïbes capesterre. Le terme capesterre en Martinique désigne plus précisément la région de La Caravelle. Cette côte au vent, bordée par l&#8217;océan Atlantique, est directement exposée aux alizés et aux fonds marins. La partie nord de la Grand&#8217;Rivière à Sainte-Marie est essentiellement entourée de falaises avec très peu de points d&#8217;amarrage et l&#8217;accès à la navigation maritime est limité à la pêche côtière avec de petites embarcations traditionnelles martiniquaises.</p>

<p>La topographie de cette île pour son origine volcanique est montagneuse. Les zones les plus anciennes de la Martinique correspondent aux zones volcaniques à l&#8217;extrémité sud de l&#8217;île et vers la presqu&#8217;île de la Caravelle à l&#8217;est. L&#8217;île s&#8217;est développée au cours des 20 derniers millions d&#8217;années selon une séquence de mouvements et d&#8217;éruptions d&#8217;activité [&hellip;]</p>
