{"id":1029,"date":"2022-02-04T00:17:10","date_gmt":"2022-02-04T00:17:10","guid":{"rendered":"https:\/\/gifex.com\/fr\/?post_type=ficha&#038;p=1029"},"modified":"2022-08-08T00:49:37","modified_gmt":"2022-08-08T00:49:37","slug":"image-satellite-du-sud-de-la-suede","status":"publish","type":"ficha","link":"https:\/\/gifex.com\/fr\/fichier\/image-satellite-du-sud-de-la-suede\/","title":{"rendered":"Image satellite du sud de la Su\u00e8de"},"content":{"rendered":"<p>Le <strong>sud de la Su\u00e8de<\/strong>, avec sa pl\u00e9thore de lacs, est visible sur cette photographie en oblique haute orient\u00e9e vers l&#8217;ouest. Les lacs ont \u00e9t\u00e9 cr\u00e9\u00e9s lorsque les glaciers continentaux ont \u00e9rod\u00e9 cette zone puis se sont retir\u00e9s, permettant aux innombrables d\u00e9pressions de se remplir d&#8217;eau. En plus de nombreux lacs plus petits qui sont g\u00e9n\u00e9ralement align\u00e9s dans une orientation nord-sud, deux grands lacs \u2013 les plus grands lacs V\u00e4nern et V\u00e4ttern \u2013 peuvent \u00eatre vus vers le bord nord de la photographie. La zone vert fonc\u00e9 \u00e0 l&#8217;int\u00e9rieur des terres de la c\u00f4te est constitu\u00e9e de terres bois\u00e9es. Image satellite du sud de la Su\u00e8de courtoisie de la NASA.<\/p>\n","protected":false},"excerpt":{"rendered":"<p>Le sud de la Su\u00e8de, avec sa pl\u00e9thore de lacs, est visible sur cette photographie en oblique haute orient\u00e9e vers l&#8217;ouest. Les lacs ont \u00e9t\u00e9 cr\u00e9\u00e9s lorsque les glaciers continentaux ont \u00e9rod\u00e9 cette zone puis se sont retir\u00e9s, permettant aux innombrables d\u00e9pressions de se remplir d&#8217;eau. En plus de nombreu<\/p>\n","protected":false},"author":1,"featured_media":6108,"template":"","categoria_ficha":[138],"class_list":["post-1029","ficha","type-ficha","status-publish","has-post-thumbnail","hentry","categoria_ficha-cartes-de-la-suede"],"acf":[],"_links":{"self":[{"href":"https:\/\/gifex.com\/fr\/wp-json\/wp\/v2\/ficha\/1029","targetHints":{"allow":["GET"]}}],"collection":[{"href":"https:\/\/gifex.com\/fr\/wp-json\/wp\/v2\/ficha"}],"about":[{"href":"https:\/\/gifex.com\/fr\/wp-json\/wp\/v2\/types\/ficha"}],"author":[{"embeddable":true,"href":"https:\/\/gifex.com\/fr\/wp-json\/wp\/v2\/users\/1"}],"version-history":[{"count":4,"href":"https:\/\/gifex.com\/fr\/wp-json\/wp\/v2\/ficha\/1029\/revisions"}],"predecessor-version":[{"id":19514,"href":"https:\/\/gifex.com\/fr\/wp-json\/wp\/v2\/ficha\/1029\/revisions\/19514"}],"wp:featuredmedia":[{"embeddable":true,"href":"https:\/\/gifex.com\/fr\/wp-json\/wp\/v2\/media\/6108"}],"wp:attachment":[{"href":"https:\/\/gifex.com\/fr\/wp-json\/wp\/v2\/media?parent=1029"}],"wp:term":[{"taxonomy":"categoria_ficha","embeddable":true,"href":"https:\/\/gifex.com\/fr\/wp-json\/wp\/v2\/categoria_ficha?post=1029"}],"curies":[{"name":"wp","href":"https:\/\/api.w.org\/{rel}","templated":true}]}}

Image satellite du sud de la Suède

<p>Le <strong>sud de la Suède</strong>, avec sa pléthore de lacs, est visible sur cette photographie en oblique haute orientée vers l&#8217;ouest. Les lacs ont été créés lorsque les glaciers continentaux ont érodé cette zone puis se sont retirés, permettant aux innombrables dépressions de se remplir d&#8217;eau. En plus de nombreux lacs plus petits qui sont généralement alignés dans une orientation nord-sud, deux grands lacs – les plus grands lacs Vänern et Vättern – peuvent être vus vers le bord nord de la photographie. La zone vert foncé à l&#8217;intérieur des terres de la côte est constituée de terres boisées. Image satellite du sud de la Suède courtoisie de la NASA.</p>

<p>Le sud de la Suède, avec sa pléthore de lacs, est visible sur cette photographie en oblique haute orientée vers l&#8217;ouest. Les lacs ont été créés lorsque les glaciers continentaux ont érodé cette zone puis se sont retirés, permettant aux innombrables dépressions de se remplir d&#8217;eau. En plus de nombreu</p>
