{"id":1019,"date":"2022-02-04T00:17:04","date_gmt":"2022-02-04T00:17:04","guid":{"rendered":"https:\/\/gifex.com\/fr\/?post_type=ficha&#038;p=1019"},"modified":"2024-05-01T12:00:07","modified_gmt":"2024-05-01T12:00:07","slug":"ou-se-trouve-la-serbie","status":"publish","type":"ficha","link":"https:\/\/gifex.com\/fr\/fichier\/ou-se-trouve-la-serbie\/","title":{"rendered":"O\u00f9 se trouve la Serbie ?"},"content":{"rendered":"<p style=\"text-align: center;\"><label style=\"font-size: 15px;\">Carte de localisation de la Serbie sur le globe.<\/label><\/p>\n<p>La Serbie (en orange sur les cartes ci-dessus et ci-dessous) se situe au sud-est de l&#8217;Europe, dans les Balkans occidentaux.<\/p>\n<p>La Serbie, pays sans littoral, se trouve au carrefour de la plaine pannonienne et des <a href=\"https:\/\/gifex.com\/fr\/fichier\/carte-des-balkans\/\" target=\"_blank\" rel=\"noopener\">Balkans<\/a>, limitrophe de la Hongrie au nord, de la Roumanie au nord-est, de la Bulgarie au sud-est, de la Mac\u00e9doine du Nord au sud, de la Croatie et de la Bosnie-Herz\u00e9govine \u00e0 l&#8217;ouest, et du Mont\u00e9n\u00e9gro au sud-ouest ; tout en revendiquant une fronti\u00e8re avec l&#8217;Albanie \u00e0 travers le territoire contest\u00e9 du Kosovo.<\/p>\n<p>La Serbie est centr\u00e9e aux coordonn\u00e9es ; 44\u00b0Nord 21\u00b0Est.<\/p>\n<figure id=\"attachment_46738\" aria-describedby=\"caption-attachment-46738\" style=\"width: 400px\" class=\"wp-caption aligncenter\"><a href=\"https:\/\/gifex.com\/fr\/wp-content\/uploads\/1019\/Carte-de-localisation-de-la-Serbie-au-sud-est-de-l-Europe.png\" target=\"_blank\" rel=\"noopener\"><img fetchpriority=\"high\" decoding=\"async\" class=\"wp-image-46738\" title=\"Carte de localisation de la Serbie au sud-est de l'Europe.\" src=\"https:\/\/gifex.com\/fr\/wp-content\/uploads\/1019\/Carte-de-localisation-de-la-Serbie-au-sud-est-de-l-Europe-300x257.png\" alt=\"Carte de localisation de la Serbie au sud-est de l'Europe.\" width=\"400\" height=\"342\" srcset=\"https:\/\/gifex.com\/fr\/wp-content\/uploads\/1019\/Carte-de-localisation-de-la-Serbie-au-sud-est-de-l-Europe-300x257.png 300w, https:\/\/gifex.com\/fr\/wp-content\/uploads\/1019\/Carte-de-localisation-de-la-Serbie-au-sud-est-de-l-Europe-1024x876.png 1024w, https:\/\/gifex.com\/fr\/wp-content\/uploads\/1019\/Carte-de-localisation-de-la-Serbie-au-sud-est-de-l-Europe-768x657.png 768w, https:\/\/gifex.com\/fr\/wp-content\/uploads\/1019\/Carte-de-localisation-de-la-Serbie-au-sud-est-de-l-Europe-1536x1313.png 1536w, https:\/\/gifex.com\/fr\/wp-content\/uploads\/1019\/Carte-de-localisation-de-la-Serbie-au-sud-est-de-l-Europe-2048x1751.png 2048w, https:\/\/gifex.com\/fr\/wp-content\/uploads\/1019\/Carte-de-localisation-de-la-Serbie-au-sud-est-de-l-Europe-1600x1368.png 1600w\" sizes=\"(max-width: 400px) 100vw, 400px\" \/><\/a><figcaption id=\"caption-attachment-46738\" class=\"wp-caption-text\"><label style=\"font-size: 15px;\">Carte de localisation de la Serbie au sud-est de l&#8217;Europe.<\/label><\/figcaption><\/figure>\n","protected":false},"excerpt":{"rendered":"<p>La Serbie (en orange sur les cartes ci-dessus et ci-dessous) se situe au sud-est de l&#8217;Europe, dans les Balkans occidentaux. La Serbie, pays sans littoral<\/p>\n","protected":false},"author":1,"featured_media":46739,"template":"","categoria_ficha":[137],"class_list":["post-1019","ficha","type-ficha","status-publish","has-post-thumbnail","hentry","categoria_ficha-cartes-de-la-serbie"],"acf":[],"_links":{"self":[{"href":"https:\/\/gifex.com\/fr\/wp-json\/wp\/v2\/ficha\/1019","targetHints":{"allow":["GET"]}}],"collection":[{"href":"https:\/\/gifex.com\/fr\/wp-json\/wp\/v2\/ficha"}],"about":[{"href":"https:\/\/gifex.com\/fr\/wp-json\/wp\/v2\/types\/ficha"}],"author":[{"embeddable":true,"href":"https:\/\/gifex.com\/fr\/wp-json\/wp\/v2\/users\/1"}],"version-history":[{"count":6,"href":"https:\/\/gifex.com\/fr\/wp-json\/wp\/v2\/ficha\/1019\/revisions"}],"predecessor-version":[{"id":46740,"href":"https:\/\/gifex.com\/fr\/wp-json\/wp\/v2\/ficha\/1019\/revisions\/46740"}],"wp:featuredmedia":[{"embeddable":true,"href":"https:\/\/gifex.com\/fr\/wp-json\/wp\/v2\/media\/46739"}],"wp:attachment":[{"href":"https:\/\/gifex.com\/fr\/wp-json\/wp\/v2\/media?parent=1019"}],"wp:term":[{"taxonomy":"categoria_ficha","embeddable":true,"href":"https:\/\/gifex.com\/fr\/wp-json\/wp\/v2\/categoria_ficha?post=1019"}],"curies":[{"name":"wp","href":"https:\/\/api.w.org\/{rel}","templated":true}]}}

Où se trouve la Serbie ?

<p style="text-align: center;"><label style="font-size: 15px;">Carte de localisation de la Serbie sur le globe.</label></p>
<p>La Serbie (en orange sur les cartes ci-dessus et ci-dessous) se situe au sud-est de l&#8217;Europe, dans les Balkans occidentaux.</p>
<p>La Serbie, pays sans littoral, se trouve au carrefour de la plaine pannonienne et des <a href="https://gifex.com/fr/fichier/carte-des-balkans/" target="_blank" rel="noopener">Balkans</a>, limitrophe de la Hongrie au nord, de la Roumanie au nord-est, de la Bulgarie au sud-est, de la Macédoine du Nord au sud, de la Croatie et de la Bosnie-Herzégovine à l&#8217;ouest, et du Monténégro au sud-ouest ; tout en revendiquant une frontière avec l&#8217;Albanie à travers le territoire contesté du Kosovo.</p>
<p>La Serbie est centrée aux coordonnées ; 44°Nord 21°Est.</p>
<figure id="attachment_46738" aria-describedby="caption-attachment-46738" style="width: 400px" class="wp-caption aligncenter"><a href="https://gifex.com/fr/wp-content/uploads/1019/Carte-de-localisation-de-la-Serbie-au-sud-est-de-l-Europe.png" target="_blank" rel="noopener"><img fetchpriority="high" decoding="async" class="wp-image-46738" title="Carte de localisation de la Serbie au sud-est de l'Europe." src="https://gifex.com/fr/wp-content/uploads/1019/Carte-de-localisation-de-la-Serbie-au-sud-est-de-l-Europe-300x257.png" alt="Carte de localisation de la Serbie au sud-est de l'Europe." width="400" height="342" srcset="https://gifex.com/fr/wp-content/uploads/1019/Carte-de-localisation-de-la-Serbie-au-sud-est-de-l-Europe-300x257.png 300w, https://gifex.com/fr/wp-content/uploads/1019/Carte-de-localisation-de-la-Serbie-au-sud-est-de-l-Europe-1024x876.png 1024w, https://gifex.com/fr/wp-content/uploads/1019/Carte-de-localisation-de-la-Serbie-au-sud-est-de-l-Europe-768x657.png 768w, https://gifex.com/fr/wp-content/uploads/1019/Carte-de-localisation-de-la-Serbie-au-sud-est-de-l-Europe-1536x1313.png 1536w, https://gifex.com/fr/wp-content/uploads/1019/Carte-de-localisation-de-la-Serbie-au-sud-est-de-l-Europe-2048x1751.png 2048w, https://gifex.com/fr/wp-content/uploads/1019/Carte-de-localisation-de-la-Serbie-au-sud-est-de-l-Europe-1600x1368.png 1600w" sizes="(max-width: 400px) 100vw, 400px" /></a><figcaption id="caption-attachment-46738" class="wp-caption-text"><label style="font-size: 15px;">Carte de localisation de la Serbie au sud-est de l&#8217;Europe.</label></figcaption></figure>
