{"id":1011,"date":"2022-02-04T00:17:00","date_gmt":"2022-02-04T00:17:00","guid":{"rendered":"https:\/\/gifex.com\/fr\/?post_type=ficha&#038;p=1011"},"modified":"2024-04-30T18:24:18","modified_gmt":"2024-04-30T18:24:18","slug":"ou-se-trouve-saint-marin","status":"publish","type":"ficha","link":"https:\/\/gifex.com\/fr\/fichier\/ou-se-trouve-saint-marin\/","title":{"rendered":"O\u00f9 se trouve Saint-Marin ?"},"content":{"rendered":"<p style=\"text-align: center;\"><label style=\"font-size: 15px;\">Carte de localisation de Saint-Marin sur le globe.<\/label><\/p>\n<p>Saint-Marin (en orange sur les cartes ci-dessus et ci-dessous) se situe en Europe m\u00e9ridionale, enclav\u00e9 \u00e0 l&#8217;int\u00e9rieur de l&#8217;Italie, entre l&#8217;\u00c9milie-Romagne et les Marches, sur le versant nord-est des Apennins \u00e0 10 kilom\u00e8tres de la mer Adriatique plus \u00e0 l&#8217;est.<\/p>\n<p>Saint-Marin est centr\u00e9 aux coordonn\u00e9es ; 43\u00b056\u2032Nord 12\u00b026\u2032Est.<\/p>\n<figure id=\"attachment_46701\" aria-describedby=\"caption-attachment-46701\" style=\"width: 400px\" class=\"wp-caption aligncenter\"><a href=\"https:\/\/gifex.com\/fr\/wp-content\/uploads\/1011\/Carte-de-localisation-de-Saint-Marin-en-Europe-meridionale.png\" target=\"_blank\" rel=\"noopener\"><img fetchpriority=\"high\" decoding=\"async\" class=\"wp-image-46701\" title=\"Carte de localisation de Saint-Marin en Europe m\u00e9ridionale.\" src=\"https:\/\/gifex.com\/fr\/wp-content\/uploads\/1011\/Carte-de-localisation-de-Saint-Marin-en-Europe-meridionale-300x257.png\" alt=\"Carte de localisation de Saint-Marin en Europe m\u00e9ridionale.\" width=\"400\" height=\"342\" srcset=\"https:\/\/gifex.com\/fr\/wp-content\/uploads\/1011\/Carte-de-localisation-de-Saint-Marin-en-Europe-meridionale-300x257.png 300w, https:\/\/gifex.com\/fr\/wp-content\/uploads\/1011\/Carte-de-localisation-de-Saint-Marin-en-Europe-meridionale-1024x876.png 1024w, https:\/\/gifex.com\/fr\/wp-content\/uploads\/1011\/Carte-de-localisation-de-Saint-Marin-en-Europe-meridionale-768x657.png 768w, https:\/\/gifex.com\/fr\/wp-content\/uploads\/1011\/Carte-de-localisation-de-Saint-Marin-en-Europe-meridionale-1536x1313.png 1536w, https:\/\/gifex.com\/fr\/wp-content\/uploads\/1011\/Carte-de-localisation-de-Saint-Marin-en-Europe-meridionale-2048x1751.png 2048w, https:\/\/gifex.com\/fr\/wp-content\/uploads\/1011\/Carte-de-localisation-de-Saint-Marin-en-Europe-meridionale-1600x1368.png 1600w\" sizes=\"(max-width: 400px) 100vw, 400px\" \/><\/a><figcaption id=\"caption-attachment-46701\" class=\"wp-caption-text\"><label style=\"font-size: 15px;\">Carte de localisation de Saint-Marin en Europe m\u00e9ridionale.<\/label><\/figcaption><\/figure>\n","protected":false},"excerpt":{"rendered":"<p>Saint-Marin (en orange sur les cartes ci-dessus et ci-dessous) se situe en Europe m\u00e9ridionale, enclav\u00e9 \u00e0 l&#8217;int\u00e9rieur de l&#8217;Italie, entre l&#8217;\u00c9milie-Romagne et les <\/p>\n","protected":false},"author":1,"featured_media":46702,"template":"","categoria_ficha":[136],"class_list":["post-1011","ficha","type-ficha","status-publish","has-post-thumbnail","hentry","categoria_ficha-cartes-de-saint-marin"],"acf":[],"_links":{"self":[{"href":"https:\/\/gifex.com\/fr\/wp-json\/wp\/v2\/ficha\/1011","targetHints":{"allow":["GET"]}}],"collection":[{"href":"https:\/\/gifex.com\/fr\/wp-json\/wp\/v2\/ficha"}],"about":[{"href":"https:\/\/gifex.com\/fr\/wp-json\/wp\/v2\/types\/ficha"}],"author":[{"embeddable":true,"href":"https:\/\/gifex.com\/fr\/wp-json\/wp\/v2\/users\/1"}],"version-history":[{"count":5,"href":"https:\/\/gifex.com\/fr\/wp-json\/wp\/v2\/ficha\/1011\/revisions"}],"predecessor-version":[{"id":46703,"href":"https:\/\/gifex.com\/fr\/wp-json\/wp\/v2\/ficha\/1011\/revisions\/46703"}],"wp:featuredmedia":[{"embeddable":true,"href":"https:\/\/gifex.com\/fr\/wp-json\/wp\/v2\/media\/46702"}],"wp:attachment":[{"href":"https:\/\/gifex.com\/fr\/wp-json\/wp\/v2\/media?parent=1011"}],"wp:term":[{"taxonomy":"categoria_ficha","embeddable":true,"href":"https:\/\/gifex.com\/fr\/wp-json\/wp\/v2\/categoria_ficha?post=1011"}],"curies":[{"name":"wp","href":"https:\/\/api.w.org\/{rel}","templated":true}]}}

Où se trouve Saint-Marin ?

<p style="text-align: center;"><label style="font-size: 15px;">Carte de localisation de Saint-Marin sur le globe.</label></p>
<p>Saint-Marin (en orange sur les cartes ci-dessus et ci-dessous) se situe en Europe méridionale, enclavé à l&#8217;intérieur de l&#8217;Italie, entre l&#8217;Émilie-Romagne et les Marches, sur le versant nord-est des Apennins à 10 kilomètres de la mer Adriatique plus à l&#8217;est.</p>
<p>Saint-Marin est centré aux coordonnées ; 43°56′Nord 12°26′Est.</p>
<figure id="attachment_46701" aria-describedby="caption-attachment-46701" style="width: 400px" class="wp-caption aligncenter"><a href="https://gifex.com/fr/wp-content/uploads/1011/Carte-de-localisation-de-Saint-Marin-en-Europe-meridionale.png" target="_blank" rel="noopener"><img fetchpriority="high" decoding="async" class="wp-image-46701" title="Carte de localisation de Saint-Marin en Europe méridionale." src="https://gifex.com/fr/wp-content/uploads/1011/Carte-de-localisation-de-Saint-Marin-en-Europe-meridionale-300x257.png" alt="Carte de localisation de Saint-Marin en Europe méridionale." width="400" height="342" srcset="https://gifex.com/fr/wp-content/uploads/1011/Carte-de-localisation-de-Saint-Marin-en-Europe-meridionale-300x257.png 300w, https://gifex.com/fr/wp-content/uploads/1011/Carte-de-localisation-de-Saint-Marin-en-Europe-meridionale-1024x876.png 1024w, https://gifex.com/fr/wp-content/uploads/1011/Carte-de-localisation-de-Saint-Marin-en-Europe-meridionale-768x657.png 768w, https://gifex.com/fr/wp-content/uploads/1011/Carte-de-localisation-de-Saint-Marin-en-Europe-meridionale-1536x1313.png 1536w, https://gifex.com/fr/wp-content/uploads/1011/Carte-de-localisation-de-Saint-Marin-en-Europe-meridionale-2048x1751.png 2048w, https://gifex.com/fr/wp-content/uploads/1011/Carte-de-localisation-de-Saint-Marin-en-Europe-meridionale-1600x1368.png 1600w" sizes="(max-width: 400px) 100vw, 400px" /></a><figcaption id="caption-attachment-46701" class="wp-caption-text"><label style="font-size: 15px;">Carte de localisation de Saint-Marin en Europe méridionale.</label></figcaption></figure>

<p>Saint-Marin (en orange sur les cartes ci-dessus et ci-dessous) se situe en Europe méridionale, enclavé à l&#8217;intérieur de l&#8217;Italie, entre l&#8217;Émilie-Romagne et les </p>
