{"id":10032,"date":"2022-04-09T20:44:57","date_gmt":"2022-04-09T20:44:57","guid":{"rendered":"https:\/\/gifex.com\/fr\/?post_type=ficha&#038;p=10032"},"modified":"2023-03-25T21:34:01","modified_gmt":"2023-03-25T21:34:01","slug":"carte-de-la-conquete-romaine-de-la-gaule-58-51-av-j-c","status":"publish","type":"ficha","link":"https:\/\/gifex.com\/fr\/fichier\/carte-de-la-conquete-romaine-de-la-gaule-58-51-av-j-c\/","title":{"rendered":"Carte de la conqu\u00eate romaine de la Gaule 58-51 av. J.-C."},"content":{"rendered":"<p style=\"text-align: center;\"><label style=\"font-size: 15px;\">Suivez la chronologie de la conqu\u00eate romaine de la Gaule sur la carte.<\/label><\/p>\n<figure id=\"attachment_10034\" aria-describedby=\"caption-attachment-10034\" style=\"width: 360px\" class=\"wp-caption alignright\"><a href=\"https:\/\/gifex.com\/fr\/wp-content\/uploads\/10032\/Vercingetorix-se-rend-a-Cesar.jpg\" target=\"_blank\" rel=\"noopener\"><img fetchpriority=\"high\" decoding=\"async\" class=\"wp-image-10034\" style=\"width: 100%; max-width: 360px; height: auto;\" title=\"Vercing\u00e9torix se rend \u00e0 C\u00e9sar.\" src=\"https:\/\/gifex.com\/fr\/wp-content\/uploads\/10032\/Vercingetorix-se-rend-a-Cesar-300x209.jpg\" alt=\"Vercing\u00e9torix se rend \u00e0 C\u00e9sar.\" width=\"360\" height=\"251\" srcset=\"https:\/\/gifex.com\/fr\/wp-content\/uploads\/10032\/Vercingetorix-se-rend-a-Cesar-300x209.jpg 300w, https:\/\/gifex.com\/fr\/wp-content\/uploads\/10032\/Vercingetorix-se-rend-a-Cesar-1024x713.jpg 1024w, https:\/\/gifex.com\/fr\/wp-content\/uploads\/10032\/Vercingetorix-se-rend-a-Cesar-768x535.jpg 768w, https:\/\/gifex.com\/fr\/wp-content\/uploads\/10032\/Vercingetorix-se-rend-a-Cesar-1536x1069.jpg 1536w, https:\/\/gifex.com\/fr\/wp-content\/uploads\/10032\/Vercingetorix-se-rend-a-Cesar-2048x1426.jpg 2048w, https:\/\/gifex.com\/fr\/wp-content\/uploads\/10032\/Vercingetorix-se-rend-a-Cesar-1600x1114.jpg 1600w\" sizes=\"(max-width: 360px) 100vw, 360px\" \/><\/a><figcaption id=\"caption-attachment-10034\" class=\"wp-caption-text\"><label style=\"font-size: 15px;\">Vercing\u00e9torix se rend \u00e0 C\u00e9sar, \u0153uvre de Henri-Paul Motte 1886.<\/label><\/figcaption><\/figure>\n<p>Le proconsul romain et g\u00e9n\u00e9ral Jules C\u00e9sar a pouss\u00e9 son arm\u00e9e en Gaule en 58 avant JC, apparemment pour aider les alli\u00e9s gaulois de Rome contre les Helv\u00e8tes en migration. Avec l&#8217;aide de divers clans gaulois (par exemple les \u00c9duens), il r\u00e9ussit \u00e0 conqu\u00e9rir la quasi-totalit\u00e9 de la Gaule. Alors que leur arm\u00e9e \u00e9tait tout aussi forte que celle des Romains, la division interne entre les tribus gauloises permit une victoire facile \u00e0 C\u00e9sar, et la tentative de Vercing\u00e9torix d&#8217;unir les Gaulois contre l&#8217;invasion romaine arriva trop tard. Jules C\u00e9sar fut arr\u00eat\u00e9 par Vercing\u00e9torix lors du si\u00e8ge de Gergovie, une ville fortifi\u00e9e au centre de la Gaule. Les alliances de C\u00e9sar avec de nombreux clans gaulois se bris\u00e8rent. M\u00eame les \u00c9duens, leurs partisans les plus fid\u00e8les, ont jet\u00e9 leur sort avec les Arvernes, mais les toujours fid\u00e8les R\u00e8mes (plus connus pour leur cavalerie) et les Lingons ont envoy\u00e9 des troupes pour soutenir C\u00e9sar. Les Germains de l&#8217;Ubii envoy\u00e8rent \u00e9galement de la cavalerie, que C\u00e9sar \u00e9quipa de chevaux R\u00e8mes. C\u00e9sar a captur\u00e9 Vercing\u00e9torix lors du si\u00e8ge d&#8217;Al\u00e9sia, ce qui mis fin \u00e0 la majorit\u00e9 de la r\u00e9sistance gauloise envers Rome.<\/p>\n<p>Pas moins d&#8217;un million de personnes (probablement 1 Gaulois sur 5) sont mortes, un autre million a \u00e9t\u00e9 r\u00e9duit en esclavage, 300 clans ont \u00e9t\u00e9 soumis et 800 villes ont \u00e9t\u00e9 d\u00e9truites pendant les guerres des Gaules. Toute la population de la ville d&#8217;Avaricum (Bourges) (40 000 en tout) est massacr\u00e9e. Avant la campagne de Jules C\u00e9sar contre les Helv\u00e8tes (dans la Suisse actuelle), les Helv\u00e8tes \u00e9taient au nombre de 263 000, mais il n&#8217;en resta plus que 100 000, dont la plupart pris comme esclaves par C\u00e9sar.<\/p>\n","protected":false},"excerpt":{"rendered":"<p>Suivez la chronologie de la conqu\u00eate romaine de la Gaule sur la carte. Le proconsul romain et g\u00e9n\u00e9ral Jules C\u00e9sar a pouss\u00e9 son arm\u00e9e en Gaule en 58 avant JC, apparemment pour aider les alli\u00e9s gaulois de Rome contre les Helv\u00e8tes en migration. Avec l&#8217;aide de divers clans gaulois (par exemple les \u00c9duens), il r\u00e9ussit [&hellip;]<\/p>\n","protected":false},"author":1,"featured_media":10033,"template":"","categoria_ficha":[45],"class_list":["post-10032","ficha","type-ficha","status-publish","has-post-thumbnail","hentry","categoria_ficha-cartes-de-la-france"],"acf":[],"_links":{"self":[{"href":"https:\/\/gifex.com\/fr\/wp-json\/wp\/v2\/ficha\/10032","targetHints":{"allow":["GET"]}}],"collection":[{"href":"https:\/\/gifex.com\/fr\/wp-json\/wp\/v2\/ficha"}],"about":[{"href":"https:\/\/gifex.com\/fr\/wp-json\/wp\/v2\/types\/ficha"}],"author":[{"embeddable":true,"href":"https:\/\/gifex.com\/fr\/wp-json\/wp\/v2\/users\/1"}],"version-history":[{"count":6,"href":"https:\/\/gifex.com\/fr\/wp-json\/wp\/v2\/ficha\/10032\/revisions"}],"predecessor-version":[{"id":37281,"href":"https:\/\/gifex.com\/fr\/wp-json\/wp\/v2\/ficha\/10032\/revisions\/37281"}],"wp:featuredmedia":[{"embeddable":true,"href":"https:\/\/gifex.com\/fr\/wp-json\/wp\/v2\/media\/10033"}],"wp:attachment":[{"href":"https:\/\/gifex.com\/fr\/wp-json\/wp\/v2\/media?parent=10032"}],"wp:term":[{"taxonomy":"categoria_ficha","embeddable":true,"href":"https:\/\/gifex.com\/fr\/wp-json\/wp\/v2\/categoria_ficha?post=10032"}],"curies":[{"name":"wp","href":"https:\/\/api.w.org\/{rel}","templated":true}]}}

Carte de la conquête romaine de la Gaule 58-51 av. J.-C.

<p style="text-align: center;"><label style="font-size: 15px;">Suivez la chronologie de la conquête romaine de la Gaule sur la carte.</label></p>
<figure id="attachment_10034" aria-describedby="caption-attachment-10034" style="width: 360px" class="wp-caption alignright"><a href="https://gifex.com/fr/wp-content/uploads/10032/Vercingetorix-se-rend-a-Cesar.jpg" target="_blank" rel="noopener"><img fetchpriority="high" decoding="async" class="wp-image-10034" style="width: 100%; max-width: 360px; height: auto;" title="Vercingétorix se rend à César." src="https://gifex.com/fr/wp-content/uploads/10032/Vercingetorix-se-rend-a-Cesar-300x209.jpg" alt="Vercingétorix se rend à César." width="360" height="251" srcset="https://gifex.com/fr/wp-content/uploads/10032/Vercingetorix-se-rend-a-Cesar-300x209.jpg 300w, https://gifex.com/fr/wp-content/uploads/10032/Vercingetorix-se-rend-a-Cesar-1024x713.jpg 1024w, https://gifex.com/fr/wp-content/uploads/10032/Vercingetorix-se-rend-a-Cesar-768x535.jpg 768w, https://gifex.com/fr/wp-content/uploads/10032/Vercingetorix-se-rend-a-Cesar-1536x1069.jpg 1536w, https://gifex.com/fr/wp-content/uploads/10032/Vercingetorix-se-rend-a-Cesar-2048x1426.jpg 2048w, https://gifex.com/fr/wp-content/uploads/10032/Vercingetorix-se-rend-a-Cesar-1600x1114.jpg 1600w" sizes="(max-width: 360px) 100vw, 360px" /></a><figcaption id="caption-attachment-10034" class="wp-caption-text"><label style="font-size: 15px;">Vercingétorix se rend à César, œuvre de Henri-Paul Motte 1886.</label></figcaption></figure>
<p>Le proconsul romain et général Jules César a poussé son armée en Gaule en 58 avant JC, apparemment pour aider les alliés gaulois de Rome contre les Helvètes en migration. Avec l&#8217;aide de divers clans gaulois (par exemple les Éduens), il réussit à conquérir la quasi-totalité de la Gaule. Alors que leur armée était tout aussi forte que celle des Romains, la division interne entre les tribus gauloises permit une victoire facile à César, et la tentative de Vercingétorix d&#8217;unir les Gaulois contre l&#8217;invasion romaine arriva trop tard. Jules César fut arrêté par Vercingétorix lors du siège de Gergovie, une ville fortifiée au centre de la Gaule. Les alliances de César avec de nombreux clans gaulois se brisèrent. Même les Éduens, leurs partisans les plus fidèles, ont jeté leur sort avec les Arvernes, mais les toujours fidèles Rèmes (plus connus pour leur cavalerie) et les Lingons ont envoyé des troupes pour soutenir César. Les Germains de l&#8217;Ubii envoyèrent également de la cavalerie, que César équipa de chevaux Rèmes. César a capturé Vercingétorix lors du siège d&#8217;Alésia, ce qui mis fin à la majorité de la résistance gauloise envers Rome.</p>
<p>Pas moins d&#8217;un million de personnes (probablement 1 Gaulois sur 5) sont mortes, un autre million a été réduit en esclavage, 300 clans ont été soumis et 800 villes ont été détruites pendant les guerres des Gaules. Toute la population de la ville d&#8217;Avaricum (Bourges) (40 000 en tout) est massacrée. Avant la campagne de Jules César contre les Helvètes (dans la Suisse actuelle), les Helvètes étaient au nombre de 263 000, mais il n&#8217;en resta plus que 100 000, dont la plupart pris comme esclaves par César.</p>

<p>Suivez la chronologie de la conquête romaine de la Gaule sur la carte. Le proconsul romain et général Jules César a poussé son armée en Gaule en 58 avant JC, apparemment pour aider les alliés gaulois de Rome contre les Helvètes en migration. Avec l&#8217;aide de divers clans gaulois (par exemple les Éduens), il réussit [&hellip;]</p>
